CRAN Package Check Results for Package tidyplate

Last updated on 2024-06-14 03:57:39 CEST.

Flavor Version Tinstall Tcheck Ttotal Status Flags
r-devel-linux-x86_64-debian-clang 1.1.0 4.00 154.70 158.70 OK
r-devel-linux-x86_64-debian-gcc 1.1.0 0.54 1.66 2.20 ERROR
r-devel-linux-x86_64-fedora-clang 1.1.0 192.02 OK
r-devel-linux-x86_64-fedora-gcc 1.1.0 200.59 OK
r-devel-windows-x86_64 1.1.0 4.00 122.00 126.00 OK
r-patched-linux-x86_64 1.1.0 3.20 146.11 149.31 OK
r-release-linux-x86_64 1.1.0 2.68 148.32 151.00 OK
r-release-macos-arm64 1.1.0 59.00 OK
r-release-macos-x86_64 1.1.0 99.00 OK
r-release-windows-x86_64 1.1.0 5.00 124.00 129.00 OK
r-oldrel-macos-arm64 1.1.0 66.00 OK
r-oldrel-macos-x86_64 1.1.0 148.00 OK
r-oldrel-windows-x86_64 1.1.0 6.00 146.00 152.00 OK

Check Details

Version: 1.1.0
Check: package dependencies
Result: ERROR Packages required but not available: 'janitor', 'readr', 'readxl', 'tibble', 'tidyr', 'dplyr', 'purrr' Package suggested but not available for checking: ‘testthat’ See section ‘The DESCRIPTION file’ in the ‘Writing R Extensions’ manual. Flavor: r-devel-linux-x86_64-debian-gcc