CRAN Package Check Results for Package tidypredict

Last updated on 2019-08-18 00:46:24 CEST.

Flavor Version Tinstall Tcheck Ttotal Status Flags
r-devel-linux-x86_64-debian-clang 0.4.2 5.58 106.52 112.10 ERROR
r-devel-linux-x86_64-debian-gcc 0.4.2 3.91 87.40 91.31 ERROR
r-devel-linux-x86_64-fedora-gcc 0.4.2 121.20 ERROR
r-devel-windows-ix86+x86_64 0.4.2 23.00 160.00 183.00 ERROR
r-patched-linux-x86_64 0.4.2 4.48 101.18 105.66 ERROR
r-patched-solaris-x86 0.4.2 175.10 ERROR
r-release-linux-x86_64 0.4.2 5.57 102.94 108.51 ERROR
r-release-windows-ix86+x86_64 0.4.2 10.00 119.00 129.00 ERROR
r-release-osx-x86_64 0.4.2 OK
r-oldrel-windows-ix86+x86_64 0.4.2 7.00 71.00 78.00 ERROR
r-oldrel-osx-x86_64 0.4.2 OK

Check Details

Version: 0.4.2
Check: tests
Result: ERROR
     Running 'testthat.R' [19s/21s]
    Running the tests in 'tests/testthat.R' failed.
    Complete output:
     > library(testthat)
     > library(tidypredict)
     >
     > test_check("tidypredict")
     -- 1. Error: Tests with parsnip returns no alert (@test-earth.R#119) ----------
     Please set the mode in the model specification.
     1: expect_false(tidypredict_test(parsnip::fit(parsnip::set_engine(parsnip::mars(), "earth"),
     survived ~ age + sibsp, data = etitanic), df = etitanic)$alert) at testthat/test-earth.R:119
     2: quasi_label(enquo(object), label, arg = "object")
     3: eval_bare(get_expr(quo), get_env(quo))
     4: tidypredict_test(parsnip::fit(parsnip::set_engine(parsnip::mars(), "earth"), survived ~
     age + sibsp, data = etitanic), df = etitanic)
     5: parsnip::fit(parsnip::set_engine(parsnip::mars(), "earth"), survived ~ age + sibsp,
     data = etitanic)
     6: fit.model_spec(parsnip::set_engine(parsnip::mars(), "earth"), survived ~ age + sibsp,
     data = etitanic)
     7: stop("Please set the mode in the model specification.", call. = FALSE)
    
     -- 2. Error: (unknown) (@test-ranger.R#35) ------------------------------------
     Please set the mode in the model specification.
     1: run_test(parsnip::fit(parsnip::set_engine(parsnip::rand_forest(trees = num_trees),
     "ranger", seed = 100, num.threads = 2), Species ~ ., data = iris)) at testthat/test-ranger.R:35
     2: tidypredict_fit(model) at testthat/test-ranger.R:4
     3: parsnip::fit(parsnip::set_engine(parsnip::rand_forest(trees = num_trees), "ranger",
     seed = 100, num.threads = 2), Species ~ ., data = iris)
     4: fit.model_spec(parsnip::set_engine(parsnip::rand_forest(trees = num_trees), "ranger",
     seed = 100, num.threads = 2), Species ~ ., data = iris)
     5: stop("Please set the mode in the model specification.", call. = FALSE)
    
     -- 3. Error: Predictions are correct for different objectives (@test_xgboost.R#4
     Please set the mode in the model specification.
     1: parsnip::fit(parsnip::set_engine(parsnip::boost_tree(), "xgboost"), am ~ ., data = mtcars) at testthat/test_xgboost.R:47
     2: fit.model_spec(parsnip::set_engine(parsnip::boost_tree(), "xgboost"), am ~ ., data = mtcars)
     3: stop("Please set the mode in the model specification.", call. = FALSE)
    
     == testthat results ===========================================================
     [ OK: 94 | SKIPPED: 0 | WARNINGS: 0 | FAILED: 3 ]
     1. Error: Tests with parsnip returns no alert (@test-earth.R#119)
     2. Error: (unknown) (@test-ranger.R#35)
     3. Error: Predictions are correct for different objectives (@test_xgboost.R#47)
    
     Error: testthat unit tests failed
     Execution halted
Flavor: r-devel-linux-x86_64-debian-clang

Version: 0.4.2
Check: re-building of vignette outputs
Result: WARN
    Error(s) in re-building vignettes:
     ...
    --- re-building 'cubist.Rmd' using rmarkdown
    --- finished re-building 'cubist.Rmd'
    
    --- re-building 'glm.Rmd' using rmarkdown
    --- finished re-building 'glm.Rmd'
    
    --- re-building 'lm.Rmd' using rmarkdown
    --- finished re-building 'lm.Rmd'
    
    --- re-building 'mars.Rmd' using rmarkdown
    Quitting from lines 82-89 (mars.Rmd)
    Error: processing vignette 'mars.Rmd' failed with diagnostics:
    Please set the mode in the model specification.
    --- failed re-building 'mars.Rmd'
    
    --- re-building 'non-r.Rmd' using rmarkdown
    --- finished re-building 'non-r.Rmd'
    
    --- re-building 'ranger.Rmd' using rmarkdown
    Quitting from lines 68-75 (ranger.Rmd)
    Error: processing vignette 'ranger.Rmd' failed with diagnostics:
    Please set the mode in the model specification.
    --- failed re-building 'ranger.Rmd'
    
    --- re-building 'regression.Rmd' using rmarkdown
    --- finished re-building 'regression.Rmd'
    
    --- re-building 'rf.Rmd' using rmarkdown
    Quitting from lines 68-75 (rf.Rmd)
    Error: processing vignette 'rf.Rmd' failed with diagnostics:
    Please set the mode in the model specification.
    --- failed re-building 'rf.Rmd'
    
    --- re-building 'save.Rmd' using rmarkdown
    --- finished re-building 'save.Rmd'
    
    --- re-building 'sql.Rmd' using rmarkdown
    --- finished re-building 'sql.Rmd'
    
    --- re-building 'tree.Rmd' using rmarkdown
    --- finished re-building 'tree.Rmd'
    
    --- re-building 'xgboost.Rmd' using rmarkdown
    Quitting from lines 79-84 (xgboost.Rmd)
    Error: processing vignette 'xgboost.Rmd' failed with diagnostics:
    Please set the mode in the model specification.
    --- failed re-building 'xgboost.Rmd'
    
    SUMMARY: processing the following files failed:
     'mars.Rmd' 'ranger.Rmd' 'rf.Rmd' 'xgboost.Rmd'
    
    Error: Vignette re-building failed.
    Execution halted
Flavors: r-devel-linux-x86_64-debian-clang, r-devel-linux-x86_64-debian-gcc, r-patched-linux-x86_64, r-release-linux-x86_64

Version: 0.4.2
Check: tests
Result: ERROR
     Running ‘testthat.R’ [18s/24s]
    Running the tests in ‘tests/testthat.R’ failed.
    Complete output:
     > library(testthat)
     > library(tidypredict)
     >
     > test_check("tidypredict")
     ── 1. Error: Tests with parsnip returns no alert (@test-earth.R#119) ──────────
     Please set the mode in the model specification.
     1: expect_false(tidypredict_test(parsnip::fit(parsnip::set_engine(parsnip::mars(), "earth"),
     survived ~ age + sibsp, data = etitanic), df = etitanic)$alert) at testthat/test-earth.R:119
     2: quasi_label(enquo(object), label, arg = "object")
     3: eval_bare(get_expr(quo), get_env(quo))
     4: tidypredict_test(parsnip::fit(parsnip::set_engine(parsnip::mars(), "earth"), survived ~
     age + sibsp, data = etitanic), df = etitanic)
     5: parsnip::fit(parsnip::set_engine(parsnip::mars(), "earth"), survived ~ age + sibsp,
     data = etitanic)
     6: fit.model_spec(parsnip::set_engine(parsnip::mars(), "earth"), survived ~ age + sibsp,
     data = etitanic)
     7: stop("Please set the mode in the model specification.", call. = FALSE)
    
     ── 2. Error: (unknown) (@test-ranger.R#35) ────────────────────────────────────
     Please set the mode in the model specification.
     1: run_test(parsnip::fit(parsnip::set_engine(parsnip::rand_forest(trees = num_trees),
     "ranger", seed = 100, num.threads = 2), Species ~ ., data = iris)) at testthat/test-ranger.R:35
     2: tidypredict_fit(model) at testthat/test-ranger.R:4
     3: parsnip::fit(parsnip::set_engine(parsnip::rand_forest(trees = num_trees), "ranger",
     seed = 100, num.threads = 2), Species ~ ., data = iris)
     4: fit.model_spec(parsnip::set_engine(parsnip::rand_forest(trees = num_trees), "ranger",
     seed = 100, num.threads = 2), Species ~ ., data = iris)
     5: stop("Please set the mode in the model specification.", call. = FALSE)
    
     ── 3. Error: Predictions are correct for different objectives (@test_xgboost.R#4
     Please set the mode in the model specification.
     1: parsnip::fit(parsnip::set_engine(parsnip::boost_tree(), "xgboost"), am ~ ., data = mtcars) at testthat/test_xgboost.R:47
     2: fit.model_spec(parsnip::set_engine(parsnip::boost_tree(), "xgboost"), am ~ ., data = mtcars)
     3: stop("Please set the mode in the model specification.", call. = FALSE)
    
     ══ testthat results ═══════════════════════════════════════════════════════════
     [ OK: 94 | SKIPPED: 0 | WARNINGS: 0 | FAILED: 3 ]
     1. Error: Tests with parsnip returns no alert (@test-earth.R#119)
     2. Error: (unknown) (@test-ranger.R#35)
     3. Error: Predictions are correct for different objectives (@test_xgboost.R#47)
    
     Error: testthat unit tests failed
     Execution halted
Flavor: r-devel-linux-x86_64-debian-gcc

Version: 0.4.2
Check: tests
Result: ERROR
     Running ‘testthat.R’ [20s/21s]
    Running the tests in ‘tests/testthat.R’ failed.
    Complete output:
     > library(testthat)
     > library(tidypredict)
     >
     > test_check("tidypredict")
     ── 1. Error: Tests with parsnip returns no alert (@test-earth.R#119) ──────────
     Please set the mode in the model specification.
     1: expect_false(tidypredict_test(parsnip::fit(parsnip::set_engine(parsnip::mars(), "earth"),
     survived ~ age + sibsp, data = etitanic), df = etitanic)$alert) at testthat/test-earth.R:119
     2: quasi_label(enquo(object), label, arg = "object")
     3: eval_bare(get_expr(quo), get_env(quo))
     4: tidypredict_test(parsnip::fit(parsnip::set_engine(parsnip::mars(), "earth"), survived ~
     age + sibsp, data = etitanic), df = etitanic)
     5: parsnip::fit(parsnip::set_engine(parsnip::mars(), "earth"), survived ~ age + sibsp,
     data = etitanic)
     6: fit.model_spec(parsnip::set_engine(parsnip::mars(), "earth"), survived ~ age + sibsp,
     data = etitanic)
     7: stop("Please set the mode in the model specification.", call. = FALSE)
    
     ── 2. Error: (unknown) (@test-ranger.R#35) ────────────────────────────────────
     Please set the mode in the model specification.
     1: run_test(parsnip::fit(parsnip::set_engine(parsnip::rand_forest(trees = num_trees),
     "ranger", seed = 100, num.threads = 2), Species ~ ., data = iris)) at testthat/test-ranger.R:35
     2: tidypredict_fit(model) at testthat/test-ranger.R:4
     3: parsnip::fit(parsnip::set_engine(parsnip::rand_forest(trees = num_trees), "ranger",
     seed = 100, num.threads = 2), Species ~ ., data = iris)
     4: fit.model_spec(parsnip::set_engine(parsnip::rand_forest(trees = num_trees), "ranger",
     seed = 100, num.threads = 2), Species ~ ., data = iris)
     5: stop("Please set the mode in the model specification.", call. = FALSE)
    
     ── 3. Error: Predictions are correct for different objectives (@test_xgboost.R#4
     Please set the mode in the model specification.
     1: parsnip::fit(parsnip::set_engine(parsnip::boost_tree(), "xgboost"), am ~ ., data = mtcars) at testthat/test_xgboost.R:47
     2: fit.model_spec(parsnip::set_engine(parsnip::boost_tree(), "xgboost"), am ~ ., data = mtcars)
     3: stop("Please set the mode in the model specification.", call. = FALSE)
    
     ══ testthat results ═══════════════════════════════════════════════════════════
     [ OK: 94 | SKIPPED: 0 | WARNINGS: 0 | FAILED: 3 ]
     1. Error: Tests with parsnip returns no alert (@test-earth.R#119)
     2. Error: (unknown) (@test-ranger.R#35)
     3. Error: Predictions are correct for different objectives (@test_xgboost.R#47)
    
     Error: testthat unit tests failed
     Execution halted
Flavor: r-devel-linux-x86_64-fedora-gcc

Version: 0.4.2
Check: re-building of vignette outputs
Result: WARN
    Error(s) in re-building vignettes:
    --- re-building ‘cubist.Rmd’ using rmarkdown
    --- finished re-building ‘cubist.Rmd’
    
    --- re-building ‘glm.Rmd’ using rmarkdown
    --- finished re-building ‘glm.Rmd’
    
    --- re-building ‘lm.Rmd’ using rmarkdown
    --- finished re-building ‘lm.Rmd’
    
    --- re-building ‘mars.Rmd’ using rmarkdown
    Quitting from lines 82-89 (mars.Rmd)
    Error: processing vignette 'mars.Rmd' failed with diagnostics:
    Please set the mode in the model specification.
    --- failed re-building ‘mars.Rmd’
    
    --- re-building ‘non-r.Rmd’ using rmarkdown
    --- finished re-building ‘non-r.Rmd’
    
    --- re-building ‘ranger.Rmd’ using rmarkdown
    Quitting from lines 68-75 (ranger.Rmd)
    Error: processing vignette 'ranger.Rmd' failed with diagnostics:
    Please set the mode in the model specification.
    --- failed re-building ‘ranger.Rmd’
    
    --- re-building ‘regression.Rmd’ using rmarkdown
    --- finished re-building ‘regression.Rmd’
    
    --- re-building ‘rf.Rmd’ using rmarkdown
    Quitting from lines 68-75 (rf.Rmd)
    Error: processing vignette 'rf.Rmd' failed with diagnostics:
    Please set the mode in the model specification.
    --- failed re-building ‘rf.Rmd’
    
    --- re-building ‘save.Rmd’ using rmarkdown
    --- finished re-building ‘save.Rmd’
    
    --- re-building ‘sql.Rmd’ using rmarkdown
    --- finished re-building ‘sql.Rmd’
    
    --- re-building ‘tree.Rmd’ using rmarkdown
    --- finished re-building ‘tree.Rmd’
    
    --- re-building ‘xgboost.Rmd’ using rmarkdown
    Quitting from lines 79-84 (xgboost.Rmd)
    Error: processing vignette 'xgboost.Rmd' failed with diagnostics:
    Please set the mode in the model specification.
    --- failed re-building ‘xgboost.Rmd’
    
    SUMMARY: processing the following files failed:
     ‘mars.Rmd’ ‘ranger.Rmd’ ‘rf.Rmd’ ‘xgboost.Rmd’
    
    Error: Vignette re-building failed.
    Execution halted
Flavors: r-devel-linux-x86_64-fedora-gcc, r-devel-windows-ix86+x86_64, r-release-windows-ix86+x86_64

Version: 0.4.2
Check: tests
Result: ERROR
     Running 'testthat.R' [21s]
    Running the tests in 'tests/testthat.R' failed.
    Complete output:
     > library(testthat)
     > library(tidypredict)
     >
     > test_check("tidypredict")
     -- 1. Error: Tests with parsnip returns no alert (@test-earth.R#119) ----------
     Please set the mode in the model specification.
     1: expect_false(tidypredict_test(parsnip::fit(parsnip::set_engine(parsnip::mars(), "earth"),
     survived ~ age + sibsp, data = etitanic), df = etitanic)$alert) at testthat/test-earth.R:119
     2: quasi_label(enquo(object), label, arg = "object")
     3: eval_bare(get_expr(quo), get_env(quo))
     4: tidypredict_test(parsnip::fit(parsnip::set_engine(parsnip::mars(), "earth"), survived ~
     age + sibsp, data = etitanic), df = etitanic)
     5: parsnip::fit(parsnip::set_engine(parsnip::mars(), "earth"), survived ~ age + sibsp,
     data = etitanic)
     6: fit.model_spec(parsnip::set_engine(parsnip::mars(), "earth"), survived ~ age + sibsp,
     data = etitanic)
     7: stop("Please set the mode in the model specification.", call. = FALSE)
    
     -- 2. Error: (unknown) (@test-ranger.R#35) ------------------------------------
     Please set the mode in the model specification.
     1: run_test(parsnip::fit(parsnip::set_engine(parsnip::rand_forest(trees = num_trees),
     "ranger", seed = 100, num.threads = 2), Species ~ ., data = iris)) at testthat/test-ranger.R:35
     2: tidypredict_fit(model) at testthat/test-ranger.R:4
     3: parsnip::fit(parsnip::set_engine(parsnip::rand_forest(trees = num_trees), "ranger",
     seed = 100, num.threads = 2), Species ~ ., data = iris)
     4: fit.model_spec(parsnip::set_engine(parsnip::rand_forest(trees = num_trees), "ranger",
     seed = 100, num.threads = 2), Species ~ ., data = iris)
     5: stop("Please set the mode in the model specification.", call. = FALSE)
    
     -- 3. Error: Predictions are correct for different objectives (@test_xgboost.R#4
     Please set the mode in the model specification.
     1: parsnip::fit(parsnip::set_engine(parsnip::boost_tree(), "xgboost"), am ~ ., data = mtcars) at testthat/test_xgboost.R:47
     2: fit.model_spec(parsnip::set_engine(parsnip::boost_tree(), "xgboost"), am ~ ., data = mtcars)
     3: stop("Please set the mode in the model specification.", call. = FALSE)
    
     == testthat results ===========================================================
     [ OK: 94 | SKIPPED: 0 | WARNINGS: 0 | FAILED: 3 ]
     1. Error: Tests with parsnip returns no alert (@test-earth.R#119)
     2. Error: (unknown) (@test-ranger.R#35)
     3. Error: Predictions are correct for different objectives (@test_xgboost.R#47)
    
     Error: testthat unit tests failed
     Execution halted
Flavor: r-devel-windows-ix86+x86_64

Version: 0.4.2
Check: tests
Result: ERROR
     Running ‘testthat.R’ [18s/20s]
    Running the tests in ‘tests/testthat.R’ failed.
    Complete output:
     > library(testthat)
     > library(tidypredict)
     >
     > test_check("tidypredict")
     ── 1. Error: Tests with parsnip returns no alert (@test-earth.R#119) ──────────
     Please set the mode in the model specification.
     1: expect_false(tidypredict_test(parsnip::fit(parsnip::set_engine(parsnip::mars(), "earth"),
     survived ~ age + sibsp, data = etitanic), df = etitanic)$alert) at testthat/test-earth.R:119
     2: quasi_label(enquo(object), label, arg = "object")
     3: eval_bare(get_expr(quo), get_env(quo))
     4: tidypredict_test(parsnip::fit(parsnip::set_engine(parsnip::mars(), "earth"), survived ~
     age + sibsp, data = etitanic), df = etitanic)
     5: parsnip::fit(parsnip::set_engine(parsnip::mars(), "earth"), survived ~ age + sibsp,
     data = etitanic)
     6: fit.model_spec(parsnip::set_engine(parsnip::mars(), "earth"), survived ~ age + sibsp,
     data = etitanic)
     7: stop("Please set the mode in the model specification.", call. = FALSE)
    
     ── 2. Error: (unknown) (@test-ranger.R#35) ────────────────────────────────────
     Please set the mode in the model specification.
     1: run_test(parsnip::fit(parsnip::set_engine(parsnip::rand_forest(trees = num_trees),
     "ranger", seed = 100, num.threads = 2), Species ~ ., data = iris)) at testthat/test-ranger.R:35
     2: tidypredict_fit(model) at testthat/test-ranger.R:4
     3: parsnip::fit(parsnip::set_engine(parsnip::rand_forest(trees = num_trees), "ranger",
     seed = 100, num.threads = 2), Species ~ ., data = iris)
     4: fit.model_spec(parsnip::set_engine(parsnip::rand_forest(trees = num_trees), "ranger",
     seed = 100, num.threads = 2), Species ~ ., data = iris)
     5: stop("Please set the mode in the model specification.", call. = FALSE)
    
     ── 3. Error: Predictions are correct for different objectives (@test_xgboost.R#4
     Please set the mode in the model specification.
     1: parsnip::fit(parsnip::set_engine(parsnip::boost_tree(), "xgboost"), am ~ ., data = mtcars) at testthat/test_xgboost.R:47
     2: fit.model_spec(parsnip::set_engine(parsnip::boost_tree(), "xgboost"), am ~ ., data = mtcars)
     3: stop("Please set the mode in the model specification.", call. = FALSE)
    
     ══ testthat results ═══════════════════════════════════════════════════════════
     [ OK: 94 | SKIPPED: 0 | WARNINGS: 0 | FAILED: 3 ]
     1. Error: Tests with parsnip returns no alert (@test-earth.R#119)
     2. Error: (unknown) (@test-ranger.R#35)
     3. Error: Predictions are correct for different objectives (@test_xgboost.R#47)
    
     Error: testthat unit tests failed
     Execution halted
Flavor: r-patched-linux-x86_64

Version: 0.4.2
Check: tests
Result: ERROR
     Running ‘testthat.R’ [25s/28s]
    Running the tests in ‘tests/testthat.R’ failed.
    Complete output:
     > library(testthat)
     > library(tidypredict)
     >
     > test_check("tidypredict")
     ── 1. Error: Tests with parsnip returns no alert (@test-earth.R#119) ──────────
     Please set the mode in the model specification.
     1: expect_false(tidypredict_test(parsnip::fit(parsnip::set_engine(parsnip::mars(), "earth"),
     survived ~ age + sibsp, data = etitanic), df = etitanic)$alert) at testthat/test-earth.R:119
     2: quasi_label(enquo(object), label, arg = "object")
     3: eval_bare(get_expr(quo), get_env(quo))
     4: tidypredict_test(parsnip::fit(parsnip::set_engine(parsnip::mars(), "earth"), survived ~
     age + sibsp, data = etitanic), df = etitanic)
     5: parsnip::fit(parsnip::set_engine(parsnip::mars(), "earth"), survived ~ age + sibsp,
     data = etitanic)
     6: fit.model_spec(parsnip::set_engine(parsnip::mars(), "earth"), survived ~ age + sibsp,
     data = etitanic)
     7: stop("Please set the mode in the model specification.", call. = FALSE)
    
     ── 2. Error: (unknown) (@test-ranger.R#35) ────────────────────────────────────
     Please set the mode in the model specification.
     1: run_test(parsnip::fit(parsnip::set_engine(parsnip::rand_forest(trees = num_trees),
     "ranger", seed = 100, num.threads = 2), Species ~ ., data = iris)) at testthat/test-ranger.R:35
     2: tidypredict_fit(model) at testthat/test-ranger.R:4
     3: parsnip::fit(parsnip::set_engine(parsnip::rand_forest(trees = num_trees), "ranger",
     seed = 100, num.threads = 2), Species ~ ., data = iris)
     4: fit.model_spec(parsnip::set_engine(parsnip::rand_forest(trees = num_trees), "ranger",
     seed = 100, num.threads = 2), Species ~ ., data = iris)
     5: stop("Please set the mode in the model specification.", call. = FALSE)
    
     ── 3. Error: Predictions are correct for different objectives (@test_xgboost.R#4
     Please set the mode in the model specification.
     1: parsnip::fit(parsnip::set_engine(parsnip::boost_tree(), "xgboost"), am ~ ., data = mtcars) at testthat/test_xgboost.R:47
     2: fit.model_spec(parsnip::set_engine(parsnip::boost_tree(), "xgboost"), am ~ ., data = mtcars)
     3: stop("Please set the mode in the model specification.", call. = FALSE)
    
     ══ testthat results ═══════════════════════════════════════════════════════════
     [ OK: 94 | SKIPPED: 0 | WARNINGS: 0 | FAILED: 3 ]
     1. Error: Tests with parsnip returns no alert (@test-earth.R#119)
     2. Error: (unknown) (@test-ranger.R#35)
     3. Error: Predictions are correct for different objectives (@test_xgboost.R#47)
    
     Error: testthat unit tests failed
     Execution halted
Flavor: r-patched-solaris-x86

Version: 0.4.2
Check: re-building of vignette outputs
Result: WARN
    Error(s) in re-building vignettes:
     ...
    --- re-building ‘cubist.Rmd’ using rmarkdown
    Warning in engine$weave(file, quiet = quiet, encoding = enc) :
     Pandoc (>= 1.12.3) and/or pandoc-citeproc not available. Falling back to R Markdown v1.
    --- finished re-building ‘cubist.Rmd’
    
    --- re-building ‘glm.Rmd’ using rmarkdown
    Warning in engine$weave(file, quiet = quiet, encoding = enc) :
     Pandoc (>= 1.12.3) and/or pandoc-citeproc not available. Falling back to R Markdown v1.
    --- finished re-building ‘glm.Rmd’
    
    --- re-building ‘lm.Rmd’ using rmarkdown
    Warning in engine$weave(file, quiet = quiet, encoding = enc) :
     Pandoc (>= 1.12.3) and/or pandoc-citeproc not available. Falling back to R Markdown v1.
    --- finished re-building ‘lm.Rmd’
    
    --- re-building ‘mars.Rmd’ using rmarkdown
    Warning in engine$weave(file, quiet = quiet, encoding = enc) :
     Pandoc (>= 1.12.3) and/or pandoc-citeproc not available. Falling back to R Markdown v1.
    Quitting from lines 82-89 (mars.Rmd)
    Error: processing vignette 'mars.Rmd' failed with diagnostics:
    Please set the mode in the model specification.
    --- failed re-building ‘mars.Rmd’
    
    --- re-building ‘non-r.Rmd’ using rmarkdown
    Warning in engine$weave(file, quiet = quiet, encoding = enc) :
     Pandoc (>= 1.12.3) and/or pandoc-citeproc not available. Falling back to R Markdown v1.
    --- finished re-building ‘non-r.Rmd’
    
    --- re-building ‘ranger.Rmd’ using rmarkdown
    Warning in engine$weave(file, quiet = quiet, encoding = enc) :
     Pandoc (>= 1.12.3) and/or pandoc-citeproc not available. Falling back to R Markdown v1.
    Quitting from lines 68-75 (ranger.Rmd)
    Error: processing vignette 'ranger.Rmd' failed with diagnostics:
    Please set the mode in the model specification.
    --- failed re-building ‘ranger.Rmd’
    
    --- re-building ‘regression.Rmd’ using rmarkdown
    Warning in engine$weave(file, quiet = quiet, encoding = enc) :
     Pandoc (>= 1.12.3) and/or pandoc-citeproc not available. Falling back to R Markdown v1.
    --- finished re-building ‘regression.Rmd’
    
    --- re-building ‘rf.Rmd’ using rmarkdown
    Warning in engine$weave(file, quiet = quiet, encoding = enc) :
     Pandoc (>= 1.12.3) and/or pandoc-citeproc not available. Falling back to R Markdown v1.
    Quitting from lines 68-75 (rf.Rmd)
    Error: processing vignette 'rf.Rmd' failed with diagnostics:
    Please set the mode in the model specification.
    --- failed re-building ‘rf.Rmd’
    
    --- re-building ‘save.Rmd’ using rmarkdown
    Warning in engine$weave(file, quiet = quiet, encoding = enc) :
     Pandoc (>= 1.12.3) and/or pandoc-citeproc not available. Falling back to R Markdown v1.
    --- finished re-building ‘save.Rmd’
    
    --- re-building ‘sql.Rmd’ using rmarkdown
    Warning in engine$weave(file, quiet = quiet, encoding = enc) :
     Pandoc (>= 1.12.3) and/or pandoc-citeproc not available. Falling back to R Markdown v1.
    --- finished re-building ‘sql.Rmd’
    
    --- re-building ‘tree.Rmd’ using rmarkdown
    Warning in engine$weave(file, quiet = quiet, encoding = enc) :
     Pandoc (>= 1.12.3) and/or pandoc-citeproc not available. Falling back to R Markdown v1.
    --- finished re-building ‘tree.Rmd’
    
    --- re-building ‘xgboost.Rmd’ using rmarkdown
    Warning in engine$weave(file, quiet = quiet, encoding = enc) :
     Pandoc (>= 1.12.3) and/or pandoc-citeproc not available. Falling back to R Markdown v1.
    Quitting from lines 79-84 (xgboost.Rmd)
    Error: processing vignette 'xgboost.Rmd' failed with diagnostics:
    Please set the mode in the model specification.
    --- failed re-building ‘xgboost.Rmd’
    
    SUMMARY: processing the following files failed:
     ‘mars.Rmd’ ‘ranger.Rmd’ ‘rf.Rmd’ ‘xgboost.Rmd’
    
    Error: Vignette re-building failed.
    Execution halted
Flavor: r-patched-solaris-x86

Version: 0.4.2
Check: tests
Result: ERROR
     Running ‘testthat.R’ [20s/22s]
    Running the tests in ‘tests/testthat.R’ failed.
    Complete output:
     > library(testthat)
     > library(tidypredict)
     >
     > test_check("tidypredict")
     ── 1. Error: Tests with parsnip returns no alert (@test-earth.R#119) ──────────
     Please set the mode in the model specification.
     1: expect_false(tidypredict_test(parsnip::fit(parsnip::set_engine(parsnip::mars(), "earth"),
     survived ~ age + sibsp, data = etitanic), df = etitanic)$alert) at testthat/test-earth.R:119
     2: quasi_label(enquo(object), label, arg = "object")
     3: eval_bare(get_expr(quo), get_env(quo))
     4: tidypredict_test(parsnip::fit(parsnip::set_engine(parsnip::mars(), "earth"), survived ~
     age + sibsp, data = etitanic), df = etitanic)
     5: parsnip::fit(parsnip::set_engine(parsnip::mars(), "earth"), survived ~ age + sibsp,
     data = etitanic)
     6: fit.model_spec(parsnip::set_engine(parsnip::mars(), "earth"), survived ~ age + sibsp,
     data = etitanic)
     7: stop("Please set the mode in the model specification.", call. = FALSE)
    
     ── 2. Error: (unknown) (@test-ranger.R#35) ────────────────────────────────────
     Please set the mode in the model specification.
     1: run_test(parsnip::fit(parsnip::set_engine(parsnip::rand_forest(trees = num_trees),
     "ranger", seed = 100, num.threads = 2), Species ~ ., data = iris)) at testthat/test-ranger.R:35
     2: tidypredict_fit(model) at testthat/test-ranger.R:4
     3: parsnip::fit(parsnip::set_engine(parsnip::rand_forest(trees = num_trees), "ranger",
     seed = 100, num.threads = 2), Species ~ ., data = iris)
     4: fit.model_spec(parsnip::set_engine(parsnip::rand_forest(trees = num_trees), "ranger",
     seed = 100, num.threads = 2), Species ~ ., data = iris)
     5: stop("Please set the mode in the model specification.", call. = FALSE)
    
     ── 3. Error: Predictions are correct for different objectives (@test_xgboost.R#4
     Please set the mode in the model specification.
     1: parsnip::fit(parsnip::set_engine(parsnip::boost_tree(), "xgboost"), am ~ ., data = mtcars) at testthat/test_xgboost.R:47
     2: fit.model_spec(parsnip::set_engine(parsnip::boost_tree(), "xgboost"), am ~ ., data = mtcars)
     3: stop("Please set the mode in the model specification.", call. = FALSE)
    
     ══ testthat results ═══════════════════════════════════════════════════════════
     [ OK: 94 | SKIPPED: 0 | WARNINGS: 0 | FAILED: 3 ]
     1. Error: Tests with parsnip returns no alert (@test-earth.R#119)
     2. Error: (unknown) (@test-ranger.R#35)
     3. Error: Predictions are correct for different objectives (@test_xgboost.R#47)
    
     Error: testthat unit tests failed
     Execution halted
Flavor: r-release-linux-x86_64

Version: 0.4.2
Check: tests
Result: ERROR
     Running 'testthat.R' [16s]
    Running the tests in 'tests/testthat.R' failed.
    Complete output:
     > library(testthat)
     > library(tidypredict)
     >
     > test_check("tidypredict")
     -- 1. Error: Tests with parsnip returns no alert (@test-earth.R#119) ----------
     Please set the mode in the model specification.
     1: expect_false(tidypredict_test(parsnip::fit(parsnip::set_engine(parsnip::mars(), "earth"),
     survived ~ age + sibsp, data = etitanic), df = etitanic)$alert) at testthat/test-earth.R:119
     2: quasi_label(enquo(object), label, arg = "object")
     3: eval_bare(get_expr(quo), get_env(quo))
     4: tidypredict_test(parsnip::fit(parsnip::set_engine(parsnip::mars(), "earth"), survived ~
     age + sibsp, data = etitanic), df = etitanic)
     5: parsnip::fit(parsnip::set_engine(parsnip::mars(), "earth"), survived ~ age + sibsp,
     data = etitanic)
     6: fit.model_spec(parsnip::set_engine(parsnip::mars(), "earth"), survived ~ age + sibsp,
     data = etitanic)
     7: stop("Please set the mode in the model specification.", call. = FALSE)
    
     -- 2. Error: (unknown) (@test-ranger.R#35) ------------------------------------
     Please set the mode in the model specification.
     1: run_test(parsnip::fit(parsnip::set_engine(parsnip::rand_forest(trees = num_trees),
     "ranger", seed = 100, num.threads = 2), Species ~ ., data = iris)) at testthat/test-ranger.R:35
     2: tidypredict_fit(model) at testthat/test-ranger.R:4
     3: parsnip::fit(parsnip::set_engine(parsnip::rand_forest(trees = num_trees), "ranger",
     seed = 100, num.threads = 2), Species ~ ., data = iris)
     4: fit.model_spec(parsnip::set_engine(parsnip::rand_forest(trees = num_trees), "ranger",
     seed = 100, num.threads = 2), Species ~ ., data = iris)
     5: stop("Please set the mode in the model specification.", call. = FALSE)
    
     -- 3. Error: Predictions are correct for different objectives (@test_xgboost.R#4
     Please set the mode in the model specification.
     1: parsnip::fit(parsnip::set_engine(parsnip::boost_tree(), "xgboost"), am ~ ., data = mtcars) at testthat/test_xgboost.R:47
     2: fit.model_spec(parsnip::set_engine(parsnip::boost_tree(), "xgboost"), am ~ ., data = mtcars)
     3: stop("Please set the mode in the model specification.", call. = FALSE)
    
     == testthat results ===========================================================
     [ OK: 94 | SKIPPED: 0 | WARNINGS: 0 | FAILED: 3 ]
     1. Error: Tests with parsnip returns no alert (@test-earth.R#119)
     2. Error: (unknown) (@test-ranger.R#35)
     3. Error: Predictions are correct for different objectives (@test_xgboost.R#47)
    
     Error: testthat unit tests failed
     Execution halted
Flavor: r-release-windows-ix86+x86_64

Version: 0.4.2
Check: tests
Result: ERROR
     Running 'testthat.R' [14s]
    Running the tests in 'tests/testthat.R' failed.
    Complete output:
     > library(testthat)
     > library(tidypredict)
     >
     > test_check("tidypredict")
     -- 1. Error: Tests with parsnip returns no alert (@test-earth.R#119) ----------
     Please set the mode in the model specification.
     1: expect_false(tidypredict_test(parsnip::fit(parsnip::set_engine(parsnip::mars(), "earth"),
     survived ~ age + sibsp, data = etitanic), df = etitanic)$alert) at testthat/test-earth.R:119
     2: quasi_label(enquo(object), label, arg = "object")
     3: eval_bare(get_expr(quo), get_env(quo))
     4: tidypredict_test(parsnip::fit(parsnip::set_engine(parsnip::mars(), "earth"), survived ~
     age + sibsp, data = etitanic), df = etitanic)
     5: parsnip::fit(parsnip::set_engine(parsnip::mars(), "earth"), survived ~ age + sibsp,
     data = etitanic)
     6: fit.model_spec(parsnip::set_engine(parsnip::mars(), "earth"), survived ~ age + sibsp,
     data = etitanic)
     7: stop("Please set the mode in the model specification.", call. = FALSE)
    
     -- 2. Error: (unknown) (@test-ranger.R#35) ------------------------------------
     Please set the mode in the model specification.
     1: run_test(parsnip::fit(parsnip::set_engine(parsnip::rand_forest(trees = num_trees),
     "ranger", seed = 100, num.threads = 2), Species ~ ., data = iris)) at testthat/test-ranger.R:35
     2: tidypredict_fit(model) at testthat/test-ranger.R:4
     3: parsnip::fit(parsnip::set_engine(parsnip::rand_forest(trees = num_trees), "ranger",
     seed = 100, num.threads = 2), Species ~ ., data = iris)
     4: fit.model_spec(parsnip::set_engine(parsnip::rand_forest(trees = num_trees), "ranger",
     seed = 100, num.threads = 2), Species ~ ., data = iris)
     5: stop("Please set the mode in the model specification.", call. = FALSE)
    
     -- 3. Error: Predictions are correct for different objectives (@test_xgboost.R#4
     Please set the mode in the model specification.
     1: parsnip::fit(parsnip::set_engine(parsnip::boost_tree(), "xgboost"), am ~ ., data = mtcars) at testthat/test_xgboost.R:47
     2: fit.model_spec(parsnip::set_engine(parsnip::boost_tree(), "xgboost"), am ~ ., data = mtcars)
     3: stop("Please set the mode in the model specification.", call. = FALSE)
    
     == testthat results ===========================================================
     [ OK: 94 | SKIPPED: 0 | WARNINGS: 0 | FAILED: 3 ]
     1. Error: Tests with parsnip returns no alert (@test-earth.R#119)
     2. Error: (unknown) (@test-ranger.R#35)
     3. Error: Predictions are correct for different objectives (@test_xgboost.R#47)
    
     Error: testthat unit tests failed
     Execution halted
Flavor: r-oldrel-windows-ix86+x86_64

Version: 0.4.2
Check: re-building of vignette outputs
Result: WARN
    Error in re-building vignettes:
     ...
    Quitting from lines 82-89 (mars.Rmd)
    Error: processing vignette 'mars.Rmd' failed with diagnostics:
    Please set the mode in the model specification.
    Execution halted
Flavor: r-oldrel-windows-ix86+x86_64