CRAN Package Check Results for Package tidyr

Last updated on 2021-12-01 18:51:26 CET.

Flavor Version Tinstall Tcheck Ttotal Status Flags
r-devel-linux-x86_64-debian-clang 1.1.4 14.74 96.10 110.84 OK
r-devel-linux-x86_64-debian-gcc 1.1.4 11.80 72.39 84.19 OK
r-devel-linux-x86_64-fedora-clang 1.1.4 145.49 NOTE
r-devel-linux-x86_64-fedora-gcc 1.1.4 133.35 NOTE
r-devel-windows-x86_64-new-UL 1.1.4 37.00 164.00 201.00 OK
r-devel-windows-x86_64-new-TK 1.1.4 NOTE
r-devel-windows-x86_64-old 1.1.4 26.00 96.00 122.00 OK
r-patched-linux-x86_64 1.1.4 16.34 95.63 111.97 OK
r-patched-solaris-x86 1.1.4 148.30 NOTE
r-release-linux-x86_64 1.1.4 16.94 95.99 112.93 OK
r-release-macos-arm64 1.1.4 NOTE
r-release-macos-x86_64 1.1.4 NOTE
r-release-windows-ix86+x86_64 1.1.4 43.00 121.00 164.00 OK
r-oldrel-macos-x86_64 1.1.4 NOTE
r-oldrel-windows-ix86+x86_64 1.1.4 32.00 122.00 154.00 OK

Check Details

Version: 1.1.4
Check: data for non-ASCII characters
Result: NOTE
     Note: found 24 marked UTF-8 strings
Flavors: r-devel-linux-x86_64-fedora-clang, r-devel-linux-x86_64-fedora-gcc, r-devel-windows-x86_64-new-TK, r-patched-solaris-x86, r-release-macos-arm64, r-release-macos-x86_64, r-oldrel-macos-x86_64