CRAN Package Check Results for Package tidyr

Last updated on 2018-07-23 01:52:03 CEST.

Flavor Version Tinstall Tcheck Ttotal Status Flags
r-devel-linux-x86_64-debian-clang 0.8.1 30.24 40.93 71.17 OK
r-devel-linux-x86_64-debian-gcc 0.8.1 21.83 36.21 58.04 OK
r-devel-linux-x86_64-fedora-clang 0.8.1 98.56 NOTE
r-devel-linux-x86_64-fedora-gcc 0.8.1 95.65 NOTE
r-devel-windows-ix86+x86_64 0.8.1 75.00 77.00 152.00 OK
r-patched-linux-x86_64 0.8.1 OK
r-patched-solaris-x86 0.8.1 106.70 NOTE
r-release-linux-x86_64 0.8.1 29.67 42.30 71.97 OK
r-release-windows-ix86+x86_64 0.8.1 58.00 114.00 172.00 OK
r-release-osx-x86_64 0.8.1 NOTE
r-oldrel-windows-ix86+x86_64 0.8.1 57.00 124.00 181.00 OK
r-oldrel-osx-x86_64 0.8.1 NOTE

Additional issues

rchk

Check Details

Version: 0.8.1
Check: data for non-ASCII characters
Result: NOTE
     Note: found 23 marked UTF-8 strings
Flavors: r-devel-linux-x86_64-fedora-clang, r-devel-linux-x86_64-fedora-gcc, r-patched-solaris-x86, r-release-osx-x86_64, r-oldrel-osx-x86_64