CRAN Package Check Results for Package tidyr

Last updated on 2018-01-16 19:49:30 CET.

Flavor Version Tinstall Tcheck Ttotal Status Flags
r-devel-linux-x86_64-debian-clang 0.7.2 23.61 57.36 80.97 OK
r-devel-linux-x86_64-debian-gcc 0.7.2 19.28 44.13 63.41 OK
r-devel-linux-x86_64-fedora-clang 0.7.2 102.89 NOTE
r-devel-linux-x86_64-fedora-gcc 0.7.2 98.74 NOTE
r-devel-windows-ix86+x86_64 0.7.2 70.00 96.00 166.00 OK
r-patched-linux-x86_64 0.7.2 23.81 53.22 77.03 OK
r-patched-solaris-x86 0.7.2 120.50 NOTE
r-release-linux-x86_64 0.7.2 23.65 52.63 76.28 OK
r-release-windows-ix86+x86_64 0.7.2 76.00 127.00 203.00 OK
r-release-osx-x86_64 0.7.2 NOTE
r-oldrel-windows-ix86+x86_64 0.7.2 73.00 79.00 152.00 OK
r-oldrel-osx-x86_64 0.7.2 NOTE

Check Details

Version: 0.7.2
Check: data for non-ASCII characters
Result: NOTE
     Note: found 23 marked UTF-8 strings
Flavors: r-devel-linux-x86_64-fedora-clang, r-devel-linux-x86_64-fedora-gcc, r-patched-solaris-x86, r-release-osx-x86_64, r-oldrel-osx-x86_64