CRAN Package Check Results for Package tidyr

Last updated on 2017-10-23 20:48:11.

Flavor Version Tinstall Tcheck Ttotal Status Flags
r-devel-linux-x86_64-debian-clang 0.7.2 16.70 30.45 47.15 OK
r-devel-linux-x86_64-debian-gcc 0.7.2 21.20 34.10 55.30 OK
r-devel-linux-x86_64-fedora-clang 0.7.2 94.26 NOTE
r-devel-linux-x86_64-fedora-gcc 0.7.2 54.19 NOTE
r-devel-windows-ix86+x86_64 0.7.2 71.00 87.00 158.00 OK
r-patched-linux-x86_64 0.7.2 18.49 29.53 48.02 OK
r-patched-solaris-x86 0.7.2 90.90 NOTE
r-release-linux-x86_64 0.7.2 18.70 29.51 48.20 OK
r-release-windows-ix86+x86_64 0.7.2 70.00 97.00 167.00 OK
r-release-osx-x86_64 0.7.2 NOTE
r-oldrel-windows-ix86+x86_64 0.7.2 55.00 63.00 118.00 OK
r-oldrel-osx-x86_64 0.7.2 NOTE

Additional issues

rchk

Check Details

Version: 0.7.2
Check: data for non-ASCII characters
Result: NOTE
     Note: found 23 marked UTF-8 strings
Flavors: r-devel-linux-x86_64-fedora-clang, r-devel-linux-x86_64-fedora-gcc, r-patched-solaris-x86, r-release-osx-x86_64, r-oldrel-osx-x86_64