CRAN Package Check Results for Package tiff

Last updated on 2014-08-21 11:15:17.

Flavor Version Tinstall Tcheck Ttotal Status Flags
r-devel-linux-x86_64-debian-clang 0.1-5 1.06 9.58 10.64 OK
r-devel-linux-x86_64-debian-gcc 0.1-5 1.46 8.18 9.64 OK
r-devel-linux-x86_64-fedora-clang 0.1-5 17.70 OK
r-devel-linux-x86_64-fedora-gcc 0.1-5 16.87 OK
r-devel-osx-x86_64-clang 0.1-5 20.43 OK
r-devel-windows-ix86+x86_64 0.1-5 12.00 21.00 33.00 OK
r-patched-linux-x86_64 0.1-5 1.37 8.01 9.38 OK
r-patched-solaris-sparc 0.1-5 111.70 OK
r-patched-solaris-x86 0.1-5 28.00 OK
r-release-linux-ix86 0.1-5 1.94 13.73 15.67 OK
r-release-linux-x86_64 0.1-5 1.38 8.41 9.79 OK
r-release-osx-x86_64-mavericks 0.1-5 ERROR
r-release-windows-ix86+x86_64 0.1-5 15.00 26.00 41.00 OK
r-oldrel-windows-ix86+x86_64 0.1-5 14.00 23.00 37.00 OK

Check Details

Version: 0.1-5
Check: whether package can be installed
Result: ERROR
    Installation failed.
Flavor: r-release-osx-x86_64-mavericks