CRAN Package Check Results for Package tiff

Last updated on 2017-06-25 10:47:40.

Flavor Version Tinstall Tcheck Ttotal Status Flags
r-devel-linux-x86_64-debian-clang 0.1-5 1.50 10.30 11.81 NOTE
r-devel-linux-x86_64-debian-gcc 0.1-5 1.68 10.13 11.81 NOTE
r-devel-linux-x86_64-fedora-clang 0.1-5 20.03 NOTE
r-devel-linux-x86_64-fedora-gcc 0.1-5 18.00 NOTE
r-devel-windows-ix86+x86_64 0.1-5 11.00 38.00 49.00 OK
r-patched-linux-x86_64 0.1-5 1.64 9.76 11.40 NOTE
r-patched-solaris-sparc 0.1-5 115.10 OK
r-patched-solaris-x86 0.1-5 26.50 OK
r-release-linux-x86_64 0.1-5 1.72 9.93 11.65 NOTE
r-release-windows-ix86+x86_64 0.1-5 16.00 32.00 48.00 OK
r-release-osx-x86_64 0.1-5 OK
r-oldrel-windows-ix86+x86_64 0.1-5 31.00 24.00 55.00 OK
r-oldrel-osx-x86_64 0.1-5 OK

Additional issues

rchk

Check Details

Version: 0.1-5
Check: compiled code
Result: NOTE
    File ‘tiff/libs/tiff.so’:
     Found no calls to: ‘R_registerRoutines’, ‘R_useDynamicSymbols’
    
    It is good practice to register native routines and to disable symbol
    search.
    
    See ‘Writing portable packages’ in the ‘Writing R Extensions’ manual.
Flavors: r-devel-linux-x86_64-debian-clang, r-devel-linux-x86_64-debian-gcc, r-devel-linux-x86_64-fedora-clang, r-devel-linux-x86_64-fedora-gcc, r-patched-linux-x86_64, r-release-linux-x86_64