CRAN Package Check Results for Package tiff

Last updated on 2017-10-18 08:48:36.

Flavor Version Tinstall Tcheck Ttotal Status Flags
r-devel-linux-x86_64-debian-clang 0.1-5 1.63 10.62 12.25 NOTE
r-devel-linux-x86_64-debian-gcc 0.1-5 1.79 10.70 12.50 NOTE
r-devel-linux-x86_64-fedora-clang 0.1-5 20.34 NOTE
r-devel-linux-x86_64-fedora-gcc 0.1-5 18.33 NOTE
r-devel-windows-ix86+x86_64 0.1-5 25.00 57.00 82.00 OK
r-patched-linux-x86_64 0.1-5 1.60 10.05 11.65 NOTE
r-patched-solaris-x86 0.1-5 28.40 OK
r-release-linux-x86_64 0.1-5 1.72 10.02 11.74 NOTE
r-release-windows-ix86+x86_64 0.1-5 15.00 37.00 52.00 OK
r-release-osx-x86_64 0.1-5 OK
r-oldrel-windows-ix86+x86_64 0.1-5 31.00 24.00 55.00 OK
r-oldrel-osx-x86_64 0.1-5 OK

Additional issues

rchk

Check Details

Version: 0.1-5
Check: compiled code
Result: NOTE
    File ‘tiff/libs/tiff.so’:
     Found no calls to: ‘R_registerRoutines’, ‘R_useDynamicSymbols’
    
    It is good practice to register native routines and to disable symbol
    search.
    
    See ‘Writing portable packages’ in the ‘Writing R Extensions’ manual.
Flavors: r-devel-linux-x86_64-debian-clang, r-devel-linux-x86_64-debian-gcc, r-devel-linux-x86_64-fedora-clang, r-devel-linux-x86_64-fedora-gcc, r-patched-linux-x86_64, r-release-linux-x86_64