CRAN Package Check Results for Package tiff

Last updated on 2017-12-13 01:55:06 CET.

Flavor Version Tinstall Tcheck Ttotal Status Flags
r-devel-linux-x86_64-debian-clang 0.1-5 1.72 12.71 14.43 NOTE
r-devel-linux-x86_64-debian-gcc 0.1-5 1.73 11.18 12.91 NOTE
r-devel-linux-x86_64-fedora-clang 0.1-5 17.81 NOTE
r-devel-windows-ix86+x86_64 0.1-5 24.00 30.00 54.00 OK
r-patched-linux-x86_64 0.1-5 2.02 13.13 15.15 NOTE
r-patched-solaris-x86 0.1-5 28.70 OK
r-release-linux-x86_64 0.1-5 2.09 13.23 15.32 NOTE
r-release-windows-ix86+x86_64 0.1-5 15.00 37.00 52.00 OK
r-release-osx-x86_64 0.1-5 OK
r-oldrel-windows-ix86+x86_64 0.1-5 31.00 24.00 55.00 OK
r-oldrel-osx-x86_64 0.1-5 OK

Additional issues

rchk

Check Details

Version: 0.1-5
Check: compiled code
Result: NOTE
    File ‘tiff/libs/tiff.so’:
     Found no calls to: ‘R_registerRoutines’, ‘R_useDynamicSymbols’
    
    It is good practice to register native routines and to disable symbol
    search.
    
    See ‘Writing portable packages’ in the ‘Writing R Extensions’ manual.
Flavors: r-devel-linux-x86_64-debian-clang, r-devel-linux-x86_64-debian-gcc, r-devel-linux-x86_64-fedora-clang, r-patched-linux-x86_64, r-release-linux-x86_64