CRAN Package Check Results for Package tiff

Last updated on 2018-06-22 18:47:04 CEST.

Flavor Version Tinstall Tcheck Ttotal Status Flags
r-devel-linux-x86_64-debian-clang 0.1-5 2.00 16.37 18.37 NOTE
r-devel-linux-x86_64-debian-gcc 0.1-5 2.02 12.99 15.01 NOTE
r-devel-linux-x86_64-fedora-clang 0.1-5 21.57 NOTE
r-devel-linux-x86_64-fedora-gcc 0.1-5 20.28 NOTE
r-devel-windows-ix86+x86_64 0.1-5 21.00 34.00 55.00 OK
r-patched-linux-x86_64 0.1-5 2.22 15.21 17.43 NOTE
r-patched-solaris-x86 0.1-5 33.50 OK
r-release-linux-x86_64 0.1-5 2.33 15.08 17.41 NOTE
r-release-windows-ix86+x86_64 0.1-5 20.00 32.00 52.00 OK
r-release-osx-x86_64 0.1-5 OK
r-oldrel-windows-ix86+x86_64 0.1-5 15.00 37.00 52.00 OK
r-oldrel-osx-x86_64 0.1-5 OK

Additional issues

rchk

Check Details

Version: 0.1-5
Check: compiled code
Result: NOTE
    File ‘tiff/libs/tiff.so’:
     Found no calls to: ‘R_registerRoutines’, ‘R_useDynamicSymbols’
    
    It is good practice to register native routines and to disable symbol
    search.
    
    See ‘Writing portable packages’ in the ‘Writing R Extensions’ manual.
Flavors: r-devel-linux-x86_64-debian-clang, r-devel-linux-x86_64-debian-gcc, r-devel-linux-x86_64-fedora-clang, r-devel-linux-x86_64-fedora-gcc, r-patched-linux-x86_64, r-release-linux-x86_64