CRAN Package Check Results for Package tiff

Last updated on 2014-09-30 23:47:55.

Flavor Version Tinstall Tcheck Ttotal Status Flags
r-devel-linux-x86_64-debian-clang 0.1-5 1.23 9.23 10.46 OK
r-devel-linux-x86_64-debian-gcc 0.1-5 1.40 8.69 10.09 OK
r-devel-linux-x86_64-fedora-clang 0.1-5 18.92 OK
r-devel-linux-x86_64-fedora-gcc 0.1-5 18.55 OK
r-devel-osx-x86_64-clang 0.1-5 23.47 OK
r-devel-windows-ix86+x86_64 0.1-5 12.00 21.00 33.00 OK
r-patched-linux-x86_64 0.1-5 1.45 9.04 10.49 OK
r-patched-solaris-sparc 0.1-5 111.70 OK
r-patched-solaris-x86 0.1-5 30.20 OK
r-release-linux-ix86 0.1-5 1.95 13.76 15.71 OK
r-release-linux-x86_64 0.1-5 1.41 8.54 9.94 OK
r-release-osx-x86_64-mavericks 0.1-5 ERROR
r-release-windows-ix86+x86_64 0.1-5 15.00 26.00 41.00 OK
r-oldrel-windows-ix86+x86_64 0.1-5 14.00 23.00 37.00 OK

Check Details

Version: 0.1-5
Check: whether package can be installed
Result: ERROR
    Installation failed.
Flavor: r-release-osx-x86_64-mavericks