CRAN Package Check Results for Package tiff

Last updated on 2014-11-28 12:47:01.

Flavor Version Tinstall Tcheck Ttotal Status Flags
r-devel-linux-x86_64-debian-clang 0.1-5 1.18 9.40 10.58 OK
r-devel-linux-x86_64-debian-gcc 0.1-5 1.42 8.58 10.00 OK
r-devel-linux-x86_64-fedora-clang 0.1-5 20.65 OK
r-devel-linux-x86_64-fedora-gcc 0.1-5 19.52 OK
r-devel-osx-x86_64-clang 0.1-5 22.29 OK
r-devel-windows-ix86+x86_64 0.1-5 11.00 21.00 32.00 OK
r-patched-linux-x86_64 0.1-5 1.44 8.76 10.20 OK
r-patched-solaris-sparc 0.1-5 111.70 OK
r-patched-solaris-x86 0.1-5 30.70 OK
r-release-linux-ix86 0.1-5 1.93 13.63 15.56 OK
r-release-linux-x86_64 0.1-5 1.42 9.07 10.50 OK
r-release-osx-x86_64-mavericks 0.1-5 ERROR
r-release-windows-ix86+x86_64 0.1-5 13.00 28.00 41.00 OK
r-oldrel-windows-ix86+x86_64 0.1-5 14.00 23.00 37.00 OK

Check Details

Version: 0.1-5
Check: whether package can be installed
Result: ERROR
    Installation failed.
Flavor: r-release-osx-x86_64-mavericks