CRAN Package Check Results for Package tiff

Last updated on 2017-03-27 06:48:42.

Flavor Version Tinstall Tcheck Ttotal Status Flags
r-devel-linux-x86_64-debian-clang 0.1-5 1.50 10.11 11.61 NOTE
r-devel-linux-x86_64-debian-gcc 0.1-5 1.67 9.88 11.55 NOTE
r-devel-linux-x86_64-fedora-clang 0.1-5 18.41 NOTE --no-stop-on-test-error
r-devel-linux-x86_64-fedora-gcc 0.1-5 17.49 NOTE --no-stop-on-test-error
r-devel-macos-x86_64-clang 0.1-5 16.36 NOTE --no-stop-on-test-error
r-devel-windows-ix86+x86_64 0.1-5 16.00 31.00 47.00 OK
r-patched-linux-x86_64 0.1-5 1.54 9.83 11.36 NOTE
r-patched-solaris-sparc 0.1-5 115.10 OK
r-patched-solaris-x86 0.1-5 28.80 OK
r-release-linux-x86_64 0.1-5 1.38 8.53 9.92 OK
r-release-osx-x86_64-mavericks 0.1-5 OK
r-release-windows-ix86+x86_64 0.1-5 31.00 24.00 55.00 OK
r-oldrel-windows-ix86+x86_64 0.1-5 34.00 47.00 81.00 OK

Check Details

Version: 0.1-5
Check: compiled code
Result: NOTE
    File ‘tiff/libs/tiff.so’:
     Found no calls to: ‘R_registerRoutines’, ‘R_useDynamicSymbols’
    
    It is good practice to register native routines and to disable symbol
    search.
    
    See ‘Writing portable packages’ in the ‘Writing R Extensions’ manual.
Flavors: r-devel-linux-x86_64-debian-clang, r-devel-linux-x86_64-debian-gcc, r-patched-linux-x86_64

Version: 0.1-5
Flags: --no-stop-on-test-error
Check: compiled code
Result: NOTE
    File ‘tiff/libs/tiff.so’:
     Found no calls to: ‘R_registerRoutines’, ‘R_useDynamicSymbols’
    
    It is good practice to register native routines and to disable symbol
    search.
    
    See ‘Writing portable packages’ in the ‘Writing R Extensions’ manual.
Flavors: r-devel-linux-x86_64-fedora-clang, r-devel-linux-x86_64-fedora-gcc, r-devel-macos-x86_64-clang