CRAN Package Check Results for Package tiff

Last updated on 2017-08-18 17:48:14.

Flavor Version Tinstall Tcheck Ttotal Status Flags
r-devel-linux-x86_64-debian-clang 0.1-5 1.55 10.10 11.65 NOTE
r-devel-linux-x86_64-debian-gcc 0.1-5 1.62 10.13 11.75 NOTE
r-devel-linux-x86_64-fedora-clang 0.1-5 18.72 NOTE
r-devel-linux-x86_64-fedora-gcc 0.1-5 17.60 NOTE
r-devel-windows-ix86+x86_64 0.1-5 18.00 29.00 47.00 OK
r-patched-linux-x86_64 0.1-5 1.69 10.19 11.87 NOTE
r-patched-solaris-x86 0.1-5 27.40 OK
r-release-linux-x86_64 0.1-5 1.65 10.40 12.05 NOTE
r-release-windows-ix86+x86_64 0.1-5 15.00 37.00 52.00 OK
r-release-osx-x86_64 0.1-5 OK
r-oldrel-windows-ix86+x86_64 0.1-5 31.00 24.00 55.00 OK
r-oldrel-osx-x86_64 0.1-5 OK

Additional issues

rchk

Check Details

Version: 0.1-5
Check: compiled code
Result: NOTE
    File ‘tiff/libs/tiff.so’:
     Found no calls to: ‘R_registerRoutines’, ‘R_useDynamicSymbols’
    
    It is good practice to register native routines and to disable symbol
    search.
    
    See ‘Writing portable packages’ in the ‘Writing R Extensions’ manual.
Flavors: r-devel-linux-x86_64-debian-clang, r-devel-linux-x86_64-debian-gcc, r-devel-linux-x86_64-fedora-clang, r-devel-linux-x86_64-fedora-gcc, r-patched-linux-x86_64, r-release-linux-x86_64