CRAN Package Check Results for Package tiff

Last updated on 2014-07-22 11:51:26.

Flavor Version Tinstall Tcheck Ttotal Status Flags
r-devel-linux-x86_64-debian-clang 0.1-5 1.02 8.60 9.62 OK
r-devel-linux-x86_64-debian-gcc 0.1-5 1.34 7.90 9.24 OK
r-devel-linux-x86_64-fedora-clang 0.1-5 18.92 OK
r-devel-linux-x86_64-fedora-gcc 0.1-5 17.74 OK
r-devel-osx-x86_64-clang 0.1-5 21.81 OK
r-devel-windows-ix86+x86_64 0.1-5 12.00 21.00 33.00 OK
r-patched-linux-x86_64 0.1-5 1.36 7.98 9.34 OK
r-patched-solaris-sparc 0.1-5 105.20 OK
r-patched-solaris-x86 0.1-5 28.50 OK
r-release-linux-ix86 0.1-5 1.92 13.96 15.88 OK
r-release-linux-x86_64 0.1-5 1.36 8.11 9.47 OK
r-release-osx-x86_64-mavericks 0.1-5 ERROR
r-release-windows-ix86+x86_64 0.1-5 15.00 26.00 41.00 OK
r-oldrel-windows-ix86+x86_64 0.1-5 14.00 23.00 37.00 OK

Check Details

Version: 0.1-5
Check: whether package can be installed
Result: ERROR
    Installation failed.
    See ‘/Builds/CRAN-QA-Simon/packages/mavericks-x86_64/results/3.1/tiff.Rcheck/00install.out’ for details.
Flavor: r-release-osx-x86_64-mavericks