CRAN Package Check Results for Package tiff

Last updated on 2017-04-29 08:49:20.

Flavor Version Tinstall Tcheck Ttotal Status Flags
r-devel-linux-x86_64-debian-clang 0.1-5 1.57 10.21 11.77 NOTE
r-devel-linux-x86_64-debian-gcc 0.1-5 1.76 10.13 11.89 NOTE
r-devel-linux-x86_64-fedora-clang 0.1-5 19.02 NOTE --no-stop-on-test-error
r-devel-linux-x86_64-fedora-gcc 0.1-5 17.97 NOTE --no-stop-on-test-error
r-devel-windows-ix86+x86_64 0.1-5 20.00 30.00 50.00 OK
r-patched-linux-x86_64 0.1-5 1.49 9.85 11.34 NOTE
r-patched-solaris-sparc 0.1-5 115.10 OK
r-patched-solaris-x86 0.1-5 29.00 OK
r-release-linux-x86_64 0.1-5 1.46 10.03 11.49 NOTE
r-release-windows-ix86+x86_64 0.1-5 16.00 32.00 48.00 OK
r-release-osx-x86_64 0.1-5 OK
r-oldrel-windows-ix86+x86_64 0.1-5 31.00 24.00 55.00 OK
r-oldrel-osx-x86_64 0.1-5 OK

Check Details

Version: 0.1-5
Check: compiled code
Result: NOTE
    File ‘tiff/libs/tiff.so’:
     Found no calls to: ‘R_registerRoutines’, ‘R_useDynamicSymbols’
    
    It is good practice to register native routines and to disable symbol
    search.
    
    See ‘Writing portable packages’ in the ‘Writing R Extensions’ manual.
Flavors: r-devel-linux-x86_64-debian-clang, r-devel-linux-x86_64-debian-gcc, r-patched-linux-x86_64, r-release-linux-x86_64

Version: 0.1-5
Flags: --no-stop-on-test-error
Check: compiled code
Result: NOTE
    File ‘tiff/libs/tiff.so’:
     Found no calls to: ‘R_registerRoutines’, ‘R_useDynamicSymbols’
    
    It is good practice to register native routines and to disable symbol
    search.
    
    See ‘Writing portable packages’ in the ‘Writing R Extensions’ manual.
Flavors: r-devel-linux-x86_64-fedora-clang, r-devel-linux-x86_64-fedora-gcc