CRAN Package Check Results for Package tiger

Last updated on 2014-04-18 11:47:27.

Flavor Version Tinstall Tcheck Ttotal Status Flags
r-devel-linux-x86_64-debian-clang 0.2.3 1.64 31.54 33.18 NOTE
r-devel-linux-x86_64-debian-gcc NOTE
r-devel-linux-x86_64-fedora-clang 0.2.3 63.72 NOTE
r-devel-linux-x86_64-fedora-gcc 0.2.3 61.41 NOTE
r-devel-macosx-x86_64-clang 0.2.3 60.54 NOTE
r-devel-macosx-x86_64-gcc 0.2.3 ERROR
r-devel-windows-ix86+x86_64 0.2.3 7.00 48.00 55.00 NOTE
r-patched-linux-x86_64 0.2.3 1.87 31.06 32.93 NOTE
r-patched-solaris-sparc 0.2.3 346.90 NOTE
r-patched-solaris-x86 0.2.3 81.90 NOTE
r-release-linux-ix86 0.2.3 4.00 55.00 59.00 NOTE
r-release-linux-x86_64 0.2.3 1.63 31.23 32.86 NOTE
r-release-macosx-x86_64 0.2.3 NOTE
r-release-windows-ix86+x86_64 0.2.3 7.00 49.00 56.00 NOTE
r-oldrel-windows-ix86+x86_64 0.2.3 6.00 51.00 57.00 NOTE

Check Details

Version: 0.2.3
Check: dependencies in R code
Result: NOTE
    'library' or 'require' calls to packages already attached by Depends:
     ‘e1071’ ‘hexbin’ ‘klaR’ ‘qualV’ ‘som’
     Please remove these calls from your code.
    Packages in Depends field not imported from:
     ‘e1071’ ‘hexbin’ ‘klaR’ ‘qualV’ ‘som’
     These packages need to be imported from (in the NAMESPACE file)
     for when this namespace is loaded but not attached.
    See the information on DESCRIPTION files in the chapter ‘Creating R
    packages’ of the ‘Writing R Extensions’ manual.
Flavors: r-devel-linux-x86_64-debian-clang, r-devel-linux-x86_64-debian-gcc, r-devel-linux-x86_64-fedora-clang, r-devel-linux-x86_64-fedora-gcc, r-devel-macosx-x86_64-clang, r-devel-windows-ix86+x86_64, r-patched-linux-x86_64, r-patched-solaris-sparc, r-patched-solaris-x86, r-release-linux-ix86, r-release-linux-x86_64, r-release-windows-ix86+x86_64, r-oldrel-windows-ix86+x86_64

Version: 0.2.3
Check: package dependencies
Result: ERROR
    Package required but not available: ‘klaR’
    
    See the information on DESCRIPTION files in the chapter ‘Creating R
    packages’ of the ‘Writing R Extensions’ manual.
Flavor: r-devel-macosx-x86_64-gcc

Version: 0.2.3
Check: dependencies in R code
Result: NOTE
    'library' or 'require' calls to packages already attached by Depends:
     'e1071' 'hexbin' 'klaR' 'qualV' 'som'
     Please remove these calls from your code.
    See the information on DESCRIPTION files in the chapter 'Creating R
    packages' of the 'Writing R Extensions' manual.
Flavor: r-release-macosx-x86_64