CRAN Package Check Results for Package tiger

Last updated on 2015-04-21 12:49:00.

Flavor Version Tinstall Tcheck Ttotal Status Flags
r-devel-linux-x86_64-debian-clang 0.2.3.1 1.34 26.36 27.70 NOTE
r-devel-linux-x86_64-debian-gcc 0.2.3.1 1.24 25.05 26.28 NOTE
r-devel-linux-x86_64-fedora-clang 0.2.3.1 52.26 NOTE
r-devel-linux-x86_64-fedora-gcc 0.2.3.1 48.47 NOTE
r-devel-osx-x86_64-clang 0.2.3.1 47.44 NOTE
r-devel-windows-ix86+x86_64 0.2.3.1 7.00 39.00 46.00 NOTE
r-patched-linux-x86_64 0.2.3.1 1.28 25.06 26.34 NOTE
r-patched-solaris-sparc 0.2.3.1 317.30 NOTE
r-patched-solaris-x86 0.2.3.1 69.80 NOTE
r-release-linux-x86_64 0.2.3.1 1.35 25.55 26.90 NOTE
r-release-osx-x86_64-mavericks 0.2.3.1 NOTE
r-release-osx-x86_64-snowleopard 0.2.3.1 NOTE
r-release-windows-ix86+x86_64 0.2.3.1 4.00 34.00 38.00 NOTE
r-oldrel-windows-ix86+x86_64 0.2.3.1 7.00 65.00 72.00 OK

Check Details

Version: 0.2.3.1
Check: DESCRIPTION meta-information
Result: NOTE
    Malformed Description field: should contain one or more complete sentences.
Flavors: r-devel-linux-x86_64-debian-clang, r-devel-linux-x86_64-debian-gcc, r-devel-linux-x86_64-fedora-clang, r-devel-linux-x86_64-fedora-gcc, r-devel-osx-x86_64-clang, r-devel-windows-ix86+x86_64, r-patched-linux-x86_64, r-patched-solaris-sparc, r-patched-solaris-x86, r-release-linux-x86_64, r-release-osx-x86_64-mavericks, r-release-osx-x86_64-snowleopard, r-release-windows-ix86+x86_64