CRAN Package Check Results for Package tiger

Last updated on 2015-05-29 21:47:13.

Flavor Version Tinstall Tcheck Ttotal Status Flags
r-devel-linux-x86_64-debian-clang 0.2.3.1 1.26 25.31 26.57 NOTE
r-devel-linux-x86_64-debian-gcc 0.2.3.1 1.22 25.30 26.52 NOTE
r-devel-linux-x86_64-fedora-clang 0.2.3.1 50.10 NOTE
r-devel-linux-x86_64-fedora-gcc 0.2.3.1 47.94 NOTE
r-devel-osx-x86_64-clang 0.2.3.1 47.39 NOTE
r-devel-windows-ix86+x86_64 0.2.3.1 5.00 39.00 44.00 NOTE
r-patched-linux-x86_64 0.2.3.1 1.24 24.83 26.07 NOTE
r-patched-solaris-sparc 0.2.3.1 309.60 NOTE
r-patched-solaris-x86 0.2.3.1 69.70 NOTE
r-release-linux-x86_64 0.2.3.1 1.25 24.95 26.20 NOTE
r-release-osx-x86_64-mavericks 0.2.3.1 NOTE
r-release-osx-x86_64-snowleopard 0.2.3.1 NOTE
r-release-windows-ix86+x86_64 0.2.3.1 6.00 39.00 45.00 NOTE
r-oldrel-windows-ix86+x86_64 0.2.3.1 8.00 77.00 85.00 OK

Check Details

Version: 0.2.3.1
Check: DESCRIPTION meta-information
Result: NOTE
    Malformed Description field: should contain one or more complete sentences.
Flavors: r-devel-linux-x86_64-debian-clang, r-devel-linux-x86_64-debian-gcc, r-devel-linux-x86_64-fedora-clang, r-devel-linux-x86_64-fedora-gcc, r-devel-osx-x86_64-clang, r-devel-windows-ix86+x86_64, r-patched-linux-x86_64, r-patched-solaris-sparc, r-patched-solaris-x86, r-release-linux-x86_64, r-release-osx-x86_64-mavericks, r-release-osx-x86_64-snowleopard, r-release-windows-ix86+x86_64