CRAN Package Check Results for Package tiger

Last updated on 2014-07-25 19:50:21.

Flavor Version Tinstall Tcheck Ttotal Status Flags
r-devel-linux-x86_64-debian-clang 0.2.3 1.48 29.76 31.23 NOTE
r-devel-linux-x86_64-debian-gcc 0.2.3 1.51 29.34 30.85 NOTE
r-devel-linux-x86_64-fedora-clang 0.2.3 62.28 NOTE
r-devel-linux-x86_64-fedora-gcc 0.2.3 59.54 NOTE
r-devel-osx-x86_64-clang 0.2.3 55.30 NOTE
r-devel-windows-ix86+x86_64 0.2.3 7.00 48.00 55.00 NOTE
r-patched-linux-x86_64 0.2.3 1.56 29.61 31.17 NOTE
r-patched-solaris-sparc 0.2.3 346.90 NOTE
r-patched-solaris-x86 0.2.3 81.50 NOTE
r-release-linux-ix86 0.2.3 2.40 40.19 42.59 NOTE
r-release-linux-x86_64 0.2.3 1.60 30.53 32.13 NOTE
r-release-osx-x86_64-mavericks 0.2.3 NOTE
r-release-osx-x86_64-snowleopard 0.2.3 NOTE
r-release-windows-ix86+x86_64 0.2.3 6.00 48.00 54.00 NOTE
r-oldrel-windows-ix86+x86_64 0.2.3 7.00 49.00 56.00 NOTE

Check Details

Version: 0.2.3
Check: dependencies in R code
Result: NOTE
    'library' or 'require' calls to packages already attached by Depends:
     ‘e1071’ ‘hexbin’ ‘klaR’ ‘qualV’ ‘som’
     Please remove these calls from your code.
    Packages in Depends field not imported from:
     ‘e1071’ ‘hexbin’ ‘klaR’ ‘qualV’ ‘som’
     These packages need to be imported from (in the NAMESPACE file)
     for when this namespace is loaded but not attached.
    See the information on DESCRIPTION files in the chapter ‘Creating R
    packages’ of the ‘Writing R Extensions’ manual.
Flavors: r-devel-linux-x86_64-debian-clang, r-devel-linux-x86_64-debian-gcc, r-devel-linux-x86_64-fedora-clang, r-devel-linux-x86_64-fedora-gcc, r-devel-osx-x86_64-clang, r-devel-windows-ix86+x86_64, r-patched-linux-x86_64, r-patched-solaris-sparc, r-patched-solaris-x86, r-release-linux-ix86, r-release-linux-x86_64, r-release-osx-x86_64-mavericks, r-release-windows-ix86+x86_64, r-oldrel-windows-ix86+x86_64

Version: 0.2.3
Check: dependencies in R code
Result: NOTE
    'library' or 'require' calls to packages already attached by Depends:
     'e1071' 'hexbin' 'klaR' 'qualV' 'som'
     Please remove these calls from your code.
    See the information on DESCRIPTION files in the chapter 'Creating R
    packages' of the 'Writing R Extensions' manual.
Flavor: r-release-osx-x86_64-snowleopard