Last updated on 2022-07-04 01:50:24 CEST.
Flavor | Version | Tinstall | Tcheck | Ttotal | Status | Flags |
---|---|---|---|---|---|---|
r-devel-linux-x86_64-debian-clang | 1.0.0 | 48.42 | 480.59 | 529.01 | OK | |
r-devel-linux-x86_64-debian-gcc | 1.0.0 | 44.24 | 379.60 | 423.84 | OK | |
r-devel-linux-x86_64-fedora-clang | 1.0.0 | 526.99 | WARN | |||
r-devel-linux-x86_64-fedora-gcc | 1.0.0 | 666.77 | WARN | |||
r-devel-windows-x86_64 | 1.0.0 | 58.00 | 525.00 | 583.00 | OK | |
r-patched-linux-x86_64 | 1.0.0 | 46.52 | 474.62 | 521.14 | OK | |
r-release-linux-x86_64 | 1.0.0 | 43.24 | 483.56 | 526.80 | OK | |
r-release-macos-arm64 | 1.0.0 | 176.00 | OK | |||
r-release-macos-x86_64 | 1.0.0 | 362.00 | OK | |||
r-release-windows-x86_64 | 1.0.0 | 48.00 | 520.00 | 568.00 | OK | |
r-oldrel-macos-arm64 | 1.0.0 | 239.00 | OK | |||
r-oldrel-macos-x86_64 | 1.0.0 | 370.00 | OK | |||
r-oldrel-windows-ix86+x86_64 | 1.0.0 | 100.00 | 528.00 | 628.00 | OK |
Version: 1.0.0
Check: package dependencies
Result: WARN
Requires orphaned package: ‘gtools’
Flavors: r-devel-linux-x86_64-fedora-clang, r-devel-linux-x86_64-fedora-gcc