CRAN Package Check Results for Package tikzDevice

Last updated on 2018-06-24 16:49:12 CEST.

Flavor Version Tinstall Tcheck Ttotal Status Flags
r-devel-linux-x86_64-debian-clang 0.11 3.23 103.81 107.04 WARN
r-devel-linux-x86_64-debian-gcc 0.11 2.94 83.18 86.12 WARN
r-devel-linux-x86_64-fedora-clang 0.11 136.13 WARN
r-devel-linux-x86_64-fedora-gcc 0.11 133.28 WARN
r-devel-windows-ix86+x86_64 0.11 14.00 165.00 179.00 OK
r-patched-linux-x86_64 0.11 2.87 100.22 103.09 OK
r-patched-solaris-x86 0.11 165.00 OK
r-release-linux-x86_64 0.11 2.91 98.84 101.75 OK
r-release-windows-ix86+x86_64 0.11 12.00 230.00 242.00 OK
r-release-osx-x86_64 0.11 OK
r-oldrel-windows-ix86+x86_64 0.11 13.00 238.00 251.00 OK
r-oldrel-osx-x86_64 0.11 OK

Additional issues

rchk

Check Details

Version: 0.11
Check: for unstated dependencies in ‘tests’
Result: WARN
    '::' or ':::' import not declared from: ‘scales’
    'library' or 'require' call not declared from: ‘lattice’
Flavors: r-devel-linux-x86_64-debian-clang, r-devel-linux-x86_64-debian-gcc, r-devel-linux-x86_64-fedora-clang, r-devel-linux-x86_64-fedora-gcc