CRAN Package Check Results for Package tikzDevice

Last updated on 2015-05-05 11:48:20.

Flavor Version Tinstall Tcheck Ttotal Status Flags
r-devel-linux-x86_64-debian-clang 0.8.1 1.50 51.44 52.94 OK
r-devel-linux-x86_64-debian-gcc 0.8.1 1.75 52.07 53.82 OK
r-devel-linux-x86_64-fedora-clang 0.8.1 105.57 OK
r-devel-linux-x86_64-fedora-gcc 0.8.1 101.35 OK
r-devel-osx-x86_64-clang 0.8.1 175.19 OK
r-devel-windows-ix86+x86_64 0.8.1 8.00 135.00 143.00 OK
r-patched-linux-x86_64 0.8.1 1.71 50.80 52.51 OK
r-patched-solaris-sparc 0.8.1 1020.60 OK
r-patched-solaris-x86 0.8.1 154.90 OK
r-release-linux-x86_64 0.8.1 1.76 51.78 53.54 OK
r-release-osx-x86_64-mavericks 0.8.1 OK
r-release-osx-x86_64-snowleopard 0.8.1 ERROR
r-release-windows-ix86+x86_64 0.8.1 7.00 138.00 145.00 OK
r-oldrel-windows-ix86+x86_64 0.8.1 9.00 141.00 150.00 OK

Check Details

Version: 0.8.1
Check: package dependencies
Result: ERROR
    Packages suggested but not available for checking: ‘ggplot2’ ‘knitr’
    
    VignetteBuilder package required for checking but not installed: ‘knitr’
    
    Files named as vignettes but with no recognized vignette engine:
     ‘inst/doc/tikzDevice.Rnw’
    (Is a VignetteBuilder field missing?)
    
    See section ‘The DESCRIPTION file’ in the ‘Writing R Extensions’
    manual.
Flavor: r-release-osx-x86_64-snowleopard