CRAN Package Check Results for Package tikzDevice

Last updated on 2014-07-30 09:47:59.

Flavor Version Tinstall Tcheck Ttotal Status Flags
r-devel-linux-x86_64-debian-clang 0.7.0 1.57 58.70 60.27 NOTE
r-devel-linux-x86_64-debian-gcc 0.7.0 1.73 53.20 54.92 NOTE
r-devel-linux-x86_64-fedora-clang 0.7.0 111.68 NOTE
r-devel-linux-x86_64-fedora-gcc 0.7.0 110.28 NOTE
r-devel-osx-x86_64-clang 0.7.0 232.31 NOTE
r-devel-windows-ix86+x86_64 0.7.0 7.00 103.00 110.00 NOTE
r-patched-linux-x86_64 0.7.0 1.97 53.74 55.71 NOTE
r-patched-solaris-sparc 0.7.0 695.00 NOTE
r-patched-solaris-x86 0.7.0 183.50 NOTE
r-release-linux-ix86 0.7.0 2.52 76.39 78.91 NOTE
r-release-linux-x86_64 0.7.0 1.96 54.68 56.64 NOTE
r-release-osx-x86_64-mavericks 0.7.0 ERROR
r-release-osx-x86_64-snowleopard 0.7.0 OK
r-release-windows-ix86+x86_64 0.7.0 6.00 101.00 107.00 NOTE
r-oldrel-windows-ix86+x86_64 0.7.0 7.00 104.00 111.00 NOTE

Check Details

Version: 0.7.0
Check: re-building of vignette outputs
Result: NOTE
    Error in re-building vignettes:
     ...
    Error in texi2dvi(file = file, pdf = TRUE, clean = clean, quiet = quiet, :
     Running 'texi2dvi' on 'tikzDevice.tex' failed.
    LaTeX errors:
    ! Package pgfkeys Error: I do not know the key '/tikz/ draw' and I am going to
    ignore it. Perhaps you misspelled it.
    
    See the pgfkeys package documentation for explanation.
    Type H <return> for immediate help.
    ! Package pgfkeys Error: I do not know the key '/tikz/ draw' and I am going to
    ignore it. Perhaps you misspelled it.
    
    See the pgfkeys package documentation for explanation.
    Type H <return> for immediate help.
    ! Package pgfkeys Error: I do not know the key '/tikz/ draw' and I am going to
    ignore it. Perhaps you misspelled it.
    
    See the pgfkeys package documentation for explanation.
    Type H <return> for immediate help.
    ! Package pgfkeys Error: I do not know the key '/tikz/ draw' and I am going to
    ignore it. Perhaps you misspelled it.
    
    See the pgfkeys package documentation for explanation.
    Type H <return> for immediate help.
    Calls: buildVignettes -> texi2pdf -> texi2dvi
    Execution halted
Flavors: r-devel-linux-x86_64-debian-clang, r-devel-linux-x86_64-debian-gcc, r-devel-linux-x86_64-fedora-clang, r-devel-linux-x86_64-fedora-gcc, r-patched-linux-x86_64, r-patched-solaris-sparc, r-patched-solaris-x86, r-release-linux-ix86, r-release-linux-x86_64

Version: 0.7.0
Check: re-building of vignette outputs
Result: NOTE
    Error in re-building vignettes:
     ...
    Error in texi2dvi(file = file, pdf = TRUE, clean = clean, quiet = quiet, :
     Running 'texi2dvi' on 'tikzDevice.tex' failed.
    LaTeX errors:
    nettes/tikzDevice.tex:970: Package pgfkeys Error: I do not know the key '/tikz/
     draw' and I am going to ignore it. Perhaps you misspelled it.
    
    See the pgfkeys package documentation for explanation.
    Type H <return> for immediate help.
    nettes/tikzDevice.tex:970: Package pgfkeys Error: I do not know the key '/tikz/
     draw' and I am going to ignore it. Perhaps you misspelled it.
    
    See the pgfkeys package documentation for explanation.
    Type H <return> for immediate help.
    nettes/tikzDevice.tex:970: Package pgfkeys Error: I do not know the key '/tikz/
     draw' and I am going to ignore it. Perhaps you misspelled it.
    
    See the pgfkeys package documentation for explanation.
    Type H <return> for immediate help.
    nettes/tikzDevice.tex:970: Package pgfkeys Error: I do not know the key '/tikz/
     draw' and I am going to ignore it. Perhaps you misspelled it.
    
    See the pgfkeys package documentation for explanation.
    Type H <return> f
    Calls: buildVignettes -> texi2pdf -> texi2dvi
    Execution halted
Flavor: r-devel-osx-x86_64-clang

Version: 0.7.0
Check: re-building of vignette outputs
Result: NOTE
    Error in re-building vignettes:
     ...
    Loading required package: tikzDevice
    Loading required package: filehash
    filehash: Simple key-value database (2.2-2 2013-12-16)
    Creating new TikZ metrics dictionary in:
     .tikzMetrics
    Loading required package: maps
    Warning in getLatexCharMetrics("y") :
     getLatexCharMetrics only accepts integers!
    Warning in getLatexCharMetrics(20) :
     pdftex can only generate metrics for character codes between 32 and 126! See the Unicode section of ?tikzDevice for more information.
    Warning: running command '"D:\compiler\texmf\miktex\bin\texi2dvi.exe" --quiet --pdf "tikzDevice.tex" --max-iterations=20 -I "D:/RCompile/recent/R/share/texmf/tex/latex" -I "D:/RCompile/recent/R/share/texmf/bibtex/bst"' had status 1
    Error: running 'texi2dvi' on 'tikzDevice.tex' failed
    
    LaTeX errors:
    ! LaTeX Error: File `inconsolata.sty' not found.
    
    Type X to quit or <RETURN> to proceed,
    or enter new name. (Default extension: sty)
    
    Execution halted
Flavor: r-devel-windows-ix86+x86_64

Version: 0.7.0
Check: examples
Result: ERROR
    Running examples in tikzDevice-Ex.R failed
    The error most likely occurred in:
    
    > ### Name: getLatexStrWidth
    > ### Title: Obtain Font Metrics from LaTeX
    > ### Aliases: getLatexCharMetrics getLatexStrWidth
    > ### Keywords: character metrics string
    >
    > ### ** Examples
    >
    > getLatexStrWidth('{\\\\tiny Hello \\\\LaTeX!}')
    Creating temporary TikZ metrics dictionary at:
     /var/folders/8q/c881c7rn7_x34vj58f4ywhvm0000h3/T//RtmpTrzfOr/tikzMetricsDictionary
    \documentclass[10pt]{article}
    
    \usepackage{tikz}
    
    \usepackage[active,tightpage,psfixbb]{preview}
    
    \PreviewEnvironment{pgfpicture}
    
    \setlength\PreviewBorder{0pt}
    
    \usepackage[T1]{fontenc}
    
    \usetikzlibrary{calc}
    
    \batchmode
    \begin{document}
    \begin{tikzpicture}
    \node[inner sep=0pt, outer sep=0pt, scale=1] (TeX) { {\\tiny Hello \\LaTeX!}};
    \path let \p1 = ($(TeX.east) - (TeX.west)$),
     \n1 = {veclen(\x1,\y1)} in (TeX.east) -- (TeX.west)
     node{ \typeout{tikzTeXWidth=\n1} };
    \makeatletter
    \@@end
    This is pdfTeX, Version 3.1415926-2.5-1.40.14 (TeX Live 2013) (format=pdflatex 2014.3.25) 24 APR 2014 15:03
    entering extended mode
     restricted \write18 enabled.
     %&-line parsing enabled.
    **/var/folders/8q/c881c7rn7_x34vj58f4ywhvm0000h3/T//RtmpTrzfOr/tikzStringWidthC
    alc.tex
    
    (/var/folders/8q/c881c7rn7_x34vj58f4ywhvm0000h3/T//RtmpTrzfOr/tikzStringWidthCa
    lc.tex
    LaTeX2e <2011/06/27>
    Babel <3.9f> and hyphenation patterns for 21 languages loaded.
    (/usr/local/texlive/2013basic/texmf-dist/tex/latex/base/article.cls
    Document Class: article 2007/10/19 v1.4h Standard LaTeX document class
    (/usr/local/texlive/2013basic/texmf-dist/tex/latex/base/size10.clo
    File: size10.clo 2007/10/19 v1.4h Standard LaTeX file (size option)
    )
    \c@part=\count79
    \c@section=\count80
    \c@subsection=\count81
    \c@subsubsection=\count82
    \c@paragraph=\count83
    \c@subparagraph=\count84
    \c@figure=\count85
    \c@table=\count86
    \abovecaptionskip=\skip41
    \belowcaptionskip=\skip42
    \bibindent=\dimen102
    ) (/usr/local/texlive/2013basic/texmf-dist/tex/latex/pgf/frontendlayer/tikz.sty
    (/usr/local/texlive/2013basic/texmf-dist/tex/latex/pgf/basiclayer/pgf.sty (/usr
    /local/texlive/2013basic/texmf-dist/tex/latex/pgf/utilities/pgfrcs.sty
    (/usr/local/texlive/2013basic/texmf-dist/tex/generic/pgf/utilities/pgfutil-comm
    on.tex
    \pgfutil@everybye=\toks14
    \pgfutil@tempdima=\dimen103
    \pgfutil@tempdimb=\dimen104
    
    (/usr/local/texlive/2013basic/texmf-dist/tex/generic/pgf/utilities/pgfutil-comm
    on-lists.tex))
    (/usr/local/texlive/2013basic/texmf-dist/tex/generic/pgf/utilities/pgfutil-late
    x.def
    \pgfutil@abb=\box26
    (/usr/local/texlive/2013basic/texmf-dist/tex/latex/ms/everyshi.sty
    Package: everyshi 2001/05/15 v3.00 EveryShipout Package (MS)
    ))
    (/usr/local/texlive/2013basic/texmf-dist/tex/generic/pgf/utilities/pgfrcs.code.
    tex
    Package: pgfrcs 2013/12/20 v3.0.0 (rcs-revision 1.28)
    ))
    Package: pgf 2013/12/18 v3.0.0 (rcs-revision 1.14)
    (/usr/local/texlive/2013basic/texmf-dist/tex/latex/pgf/basiclayer/pgfcore.sty (
    /usr/local/texlive/2013basic/texmf-dist/tex/latex/graphics/graphicx.sty
    Package: graphicx 1999/02/16 v1.0f Enhanced LaTeX Graphics (DPC,SPQR)
    (/usr/local/texlive/2013basic/texmf-dist/tex/latex/graphics/keyval.sty
    Package: keyval 1999/03/16 v1.13 key=value parser (DPC)
    \KV@toks@=\toks15
    ) (/usr/local/texlive/2013basic/texmf-dist/tex/latex/graphics/graphics.sty
    Package: graphics 2009/02/05 v1.0o Standard LaTeX Graphics (DPC,SPQR)
    (/usr/local/texlive/2013basic/texmf-dist/tex/latex/graphics/trig.sty
    Package: trig 1999/03/16 v1.09 sin cos tan (DPC)
    ) (/usr/local/texlive/2013basic/texmf-dist/tex/latex/latexconfig/graphics.cfg
    File: graphics.cfg 2010/04/23 v1.9 graphics configuration of TeX Live
    )
    Package graphics Info: Driver file: pdftex.def on input line 91.
    (/usr/local/texlive/2013basic/texmf-dist/tex/latex/pdftex-def/pdftex.def
    File: pdftex.def 2011/05/27 v0.06d Graphics/color for pdfTeX
    (/usr/local/texlive/2013basic/texmf-dist/tex/generic/oberdiek/infwarerr.sty
    Package: infwarerr 2010/04/08 v1.3 Providing info/warning/error messages (HO)
    ) (/usr/local/texlive/2013basic/texmf-dist/tex/generic/oberdiek/ltxcmds.sty
    Package: ltxcmds 2011/11/09 v1.22 LaTeX kernel commands for general use (HO)
    )
    \Gread@gobject=\count87
    ))
    \Gin@req@height=\dimen105
    \Gin@req@width=\dimen106
    ) (/usr/local/texlive/2013basic/texmf-dist/tex/latex/pgf/systemlayer/pgfsys.sty
    
    (/usr/local/texlive/2013basic/texmf-dist/tex/generic/pgf/systemlayer/pgfsys.cod
    e.tex
    Package: pgfsys 2013/11/30 v3.0.0 (rcs-revision 1.47)
    
    (/usr/local/texlive/2013basic/texmf-dist/tex/generic/pgf/utilities/pgfkeys.code
    .tex
    \pgfkeys@pathtoks=\toks16
    \pgfkeys@temptoks=\toks17
    
    (/usr/local/texlive/2013basic/texmf-dist/tex/generic/pgf/utilities/pgfkeysfilte
    red.code.tex
    \pgfkeys@tmptoks=\toks18
    ))
    \pgf@x=\dimen107
    \pgf@y=\dimen108
    \pgf@xa=\dimen109
    \pgf@ya=\dimen110
    \pgf@xb=\dimen111
    \pgf@yb=\dimen112
    \pgf@xc=\dimen113
    \pgf@yc=\dimen114
    \w@pgf@writea=\write3
    \r@pgf@reada=\read1
    \c@pgf@counta=\count88
    \c@pgf@countb=\count89
    \c@pgf@countc=\count90
    \c@pgf@countd=\count91
    \t@pgf@toka=\toks19
    \t@pgf@tokb=\toks20
    \t@pgf@tokc=\toks21
    (/usr/local/texlive/2013basic/texmf-dist/tex/generic/pgf/systemlayer/pgf.cfg
    File: pgf.cfg 2008/05/14 (rcs-revision 1.7)
    )
    Driver file for pgf: pgfsys-pdftex.def
    
    (/usr/local/texlive/2013basic/texmf-dist/tex/generic/pgf/systemlayer/pgfsys-pdf
    tex.def
    File: pgfsys-pdftex.def 2013/07/18 (rcs-revision 1.33)
    
    (/usr/local/texlive/2013basic/texmf-dist/tex/generic/pgf/systemlayer/pgfsys-com
    mon-pdf.def
    File: pgfsys-common-pdf.def 2013/10/10 (rcs-revision 1.13)
    )))
    (/usr/local/texlive/2013basic/texmf-dist/tex/generic/pgf/systemlayer/pgfsyssoft
    path.code.tex
    File: pgfsyssoftpath.code.tex 2013/09/09 (rcs-revision 1.9)
    \pgfsyssoftpath@smallbuffer@items=\count92
    \pgfsyssoftpath@bigbuffer@items=\count93
    )
    (/usr/local/texlive/2013basic/texmf-dist/tex/generic/pgf/systemlayer/pgfsysprot
    ocol.code.tex
    File: pgfsysprotocol.code.tex 2006/10/16 (rcs-revision 1.4)
    )) (/usr/local/texlive/2013basic/texmf-dist/tex/latex/xcolor/xcolor.sty
    Package: xcolor 2007/01/21 v2.11 LaTeX color extensions (UK)
    (/usr/local/texlive/2013basic/texmf-dist/tex/latex/latexconfig/color.cfg
    File: color.cfg 2007/01/18 v1.5 color configuration of teTeX/TeXLive
    )
    Package xcolor Info: Driver file: pdftex.def on input line 225.
    Package xcolor Info: Model `cmy' substituted by `cmy0' on input line 1337.
    Package xcolor Info: Model `hsb' substituted by `rgb' on input line 1341.
    Package xcolor Info: Model `RGB' extended on input line 1353.
    Package xcolor Info: Model `HTML' substituted by `rgb' on input line 1355.
    Package xcolor Info: Model `Hsb' substituted by `hsb' on input line 1356.
    Package xcolor Info: Model `tHsb' substituted by `hsb' on input line 1357.
    Package xcolor Info: Model `HSB' substituted by `hsb' on input line 1358.
    Package xcolor Info: Model `Gray' substituted by `gray' on input line 1359.
    Package xcolor Info: Model `wave' substituted by `hsb' on input line 1360.
    )
    (/usr/local/texlive/2013basic/texmf-dist/tex/generic/pgf/basiclayer/pgfcore.cod
    e.tex
    Package: pgfcore 2010/04/11 v3.0.0 (rcs-revision 1.7)
    (/usr/local/texlive/2013basic/texmf-dist/tex/generic/pgf/math/pgfmath.code.tex
    (/usr/local/texlive/2013basic/texmf-dist/tex/generic/pgf/math/pgfmathcalc.code.
    tex
    (/usr/local/texlive/2013basic/texmf-dist/tex/generic/pgf/math/pgfmathutil.code.
    tex)
    (/usr/local/texlive/2013basic/texmf-dist/tex/generic/pgf/math/pgfmathparser.cod
    e.tex
    \pgfmath@dimen=\dimen115
    \pgfmath@count=\count94
    \pgfmath@box=\box27
    \pgfmath@toks=\toks22
    \pgfmath@stack@operand=\toks23
    \pgfmath@stack@operation=\toks24
    )
    (/usr/local/texlive/2013basic/texmf-dist/tex/generic/pgf/math/pgfmathfunctions.
    code.tex
    (/usr/local/texlive/2013basic/texmf-dist/tex/generic/pgf/math/pgfmathfunctions.
    basic.code.tex)
    (/usr/local/texlive/2013basic/texmf-dist/tex/generic/pgf/math/pgfmathfunctions.
    trigonometric.code.tex)
    (/usr/local/texlive/2013basic/texmf-dist/tex/generic/pgf/math/pgfmathfunctions.
    random.code.tex)
    (/usr/local/texlive/2013basic/texmf-dist/tex/generic/pgf/math/pgfmathfunctions.
    comparison.code.tex)
    (/usr/local/texlive/2013basic/texmf-dist/tex/generic/pgf/math/pgfmathfunctions.
    base.code.tex)
    (/usr/local/texlive/2013basic/texmf-dist/tex/generic/pgf/math/pgfmathfunctions.
    round.code.tex)
    (/usr/local/texlive/2013basic/texmf-dist/tex/generic/pgf/math/pgfmathfunctions.
    misc.code.tex)
    (/usr/local/texlive/2013basic/texmf-dist/tex/generic/pgf/math/pgfmathfunctions.
    integerarithmetics.code.tex)))
    (/usr/local/texlive/2013basic/texmf-dist/tex/generic/pgf/math/pgfmathfloat.code
    .tex
    \c@pgfmathroundto@lastzeros=\count95
    ))
    (/usr/local/texlive/2013basic/texmf-dist/tex/generic/pgf/basiclayer/pgfcorepoin
    ts.code.tex
    File: pgfcorepoints.code.tex 2013/10/07 (rcs-revision 1.27)
    \pgf@picminx=\dimen116
    \pgf@picmaxx=\dimen117
    \pgf@picminy=\dimen118
    \pgf@picmaxy=\dimen119
    \pgf@pathminx=\dimen120
    \pgf@pathmaxx=\dimen121
    \pgf@pathminy=\dimen122
    \pgf@pathmaxy=\dimen123
    \pgf@xx=\dimen124
    \pgf@xy=\dimen125
    \pgf@yx=\dimen126
    \pgf@yy=\dimen127
    \pgf@zx=\dimen128
    \pgf@zy=\dimen129
    )
    (/usr/local/texlive/2013basic/texmf-dist/tex/generic/pgf/basiclayer/pgfcorepath
    construct.code.tex
    File: pgfcorepathconstruct.code.tex 2013/10/07 (rcs-revision 1.29)
    \pgf@path@lastx=\dimen130
    \pgf@path@lasty=\dimen131
    )
    (/usr/local/texlive/2013basic/texmf-dist/tex/generic/pgf/basiclayer/pgfcorepath
    usage.code.tex
    File: pgfcorepathusage.code.tex 2013/12/13 (rcs-revision 1.23)
    \pgf@shorten@end@additional=\dimen132
    \pgf@shorten@start@additional=\dimen133
    )
    (/usr/local/texlive/2013basic/texmf-dist/tex/generic/pgf/basiclayer/pgfcorescop
    es.code.tex
    File: pgfcorescopes.code.tex 2013/10/09 (rcs-revision 1.44)
    \pgfpic=\box28
    \pgf@hbox=\box29
    \pgf@layerbox@main=\box30
    \pgf@picture@serial@count=\count96
    )
    (/usr/local/texlive/2013basic/texmf-dist/tex/generic/pgf/basiclayer/pgfcoregrap
    hicstate.code.tex
    File: pgfcoregraphicstate.code.tex 2013/09/19 (rcs-revision 1.11)
    \pgflinewidth=\dimen134
    )
    (/usr/local/texlive/2013basic/texmf-dist/tex/generic/pgf/basiclayer/pgfcoretran
    sformations.code.tex
    File: pgfcoretransformations.code.tex 2013/10/10 (rcs-revision 1.17)
    \pgf@pt@x=\dimen135
    \pgf@pt@y=\dimen136
    \pgf@pt@temp=\dimen137
    )
    (/usr/local/texlive/2013basic/texmf-dist/tex/generic/pgf/basiclayer/pgfcorequic
    k.code.tex
    File: pgfcorequick.code.tex 2008/10/09 (rcs-revision 1.3)
    )
    (/usr/local/texlive/2013basic/texmf-dist/tex/generic/pgf/basiclayer/pgfcoreobje
    cts.code.tex
    File: pgfcoreobjects.code.tex 2006/10/11 (rcs-revision 1.2)
    )
    (/usr/local/texlive/2013basic/texmf-dist/tex/generic/pgf/basiclayer/pgfcorepath
    processing.code.tex
    File: pgfcorepathprocessing.code.tex 2013/09/09 (rcs-revision 1.9)
    )
    (/usr/local/texlive/2013basic/texmf-dist/tex/generic/pgf/basiclayer/pgfcorearro
    ws.code.tex
    File: pgfcorearrows.code.tex 2013/11/07 (rcs-revision 1.40)
    \pgfarrowsep=\dimen138
    )
    (/usr/local/texlive/2013basic/texmf-dist/tex/generic/pgf/basiclayer/pgfcoreshad
    e.code.tex
    File: pgfcoreshade.code.tex 2013/07/15 (rcs-revision 1.15)
    \pgf@max=\dimen139
    \pgf@sys@shading@range@num=\count97
    )
    (/usr/local/texlive/2013basic/texmf-dist/tex/generic/pgf/basiclayer/pgfcoreimag
    e.code.tex
    File: pgfcoreimage.code.tex 2013/07/15 (rcs-revision 1.18)
    
    (/usr/local/texlive/2013basic/texmf-dist/tex/generic/pgf/basiclayer/pgfcoreexte
    rnal.code.tex
    File: pgfcoreexternal.code.tex 2013/07/15 (rcs-revision 1.20)
    \pgfexternal@startupbox=\box31
    ))
    (/usr/local/texlive/2013basic/texmf-dist/tex/generic/pgf/basiclayer/pgfcorelaye
    rs.code.tex
    File: pgfcorelayers.code.tex 2013/07/18 (rcs-revision 1.7)
    )
    (/usr/local/texlive/2013basic/texmf-dist/tex/generic/pgf/basiclayer/pgfcoretran
    sparency.code.tex
    File: pgfcoretransparency.code.tex 2013/09/30 (rcs-revision 1.5)
    )
    (/usr/local/texlive/2013basic/texmf-dist/tex/generic/pgf/basiclayer/pgfcorepatt
    erns.code.tex
    File: pgfcorepatterns.code.tex 2013/11/07 (rcs-revision 1.5)
    )))
    (/usr/local/texlive/2013basic/texmf-dist/tex/generic/pgf/modules/pgfmoduleshape
    s.code.tex
    File: pgfmoduleshapes.code.tex 2013/10/31 (rcs-revision 1.34)
    \pgfnodeparttextbox=\box32
    )
    (/usr/local/texlive/2013basic/texmf-dist/tex/generic/pgf/modules/pgfmoduleplot.
    code.tex
    File: pgfmoduleplot.code.tex 2013/07/31 (rcs-revision 1.12)
    )
    (/usr/local/texlive/2013basic/texmf-dist/tex/latex/pgf/compatibility/pgfcomp-ve
    rsion-0-65.sty
    Package: pgfcomp-version-0-65 2007/07/03 v3.0.0 (rcs-revision 1.7)
    \pgf@nodesepstart=\dimen140
    \pgf@nodesepend=\dimen141
    )
    (/usr/local/texlive/2013basic/texmf-dist/tex/latex/pgf/compatibility/pgfcomp-ve
    rsion-1-18.sty
    Package: pgfcomp-version-1-18 2007/07/23 v3.0.0 (rcs-revision 1.1)
    )) (/usr/local/texlive/2013basic/texmf-dist/tex/latex/pgf/utilities/pgffor.sty
    (/usr/local/texlive/2013basic/texmf-dist/tex/latex/pgf/utilities/pgfkeys.sty
    (/usr/local/texlive/2013basic/texmf-dist/tex/generic/pgf/utilities/pgfkeys.code
    .tex)) (/usr/local/texlive/2013basic/texmf-dist/tex/latex/pgf/math/pgfmath.sty
    (/usr/local/texlive/2013basic/texmf-dist/tex/generic/pgf/math/pgfmath.code.tex)
    )
    (/usr/local/texlive/2013basic/texmf-dist/tex/generic/pgf/utilities/pgffor.code.
    tex
    Package: pgffor 2013/12/13 v3.0.0 (rcs-revision 1.25)
    (/usr/local/texlive/2013basic/texmf-dist/tex/generic/pgf/math/pgfmath.code.tex)
    \pgffor@iter=\dimen142
    \pgffor@skip=\dimen143
    \pgffor@stack=\toks25
    \pgffor@toks=\toks26
    ))
    (/usr/local/texlive/2013basic/texmf-dist/tex/generic/pgf/frontendlayer/tikz/tik
    z.code.tex
    Package: tikz 2013/12/13 v3.0.0 (rcs-revision 1.142)
    
    (/usr/local/texlive/2013basic/texmf-dist/tex/generic/pgf/libraries/pgflibrarypl
    othandlers.code.tex
    File: pgflibraryplothandlers.code.tex 2013/08/31 v3.0.0 (rcs-revision 1.20)
    \pgf@plot@mark@count=\count98
    \pgfplotmarksize=\dimen144
    )
    \tikz@lastx=\dimen145
    \tikz@lasty=\dimen146
    \tikz@lastxsaved=\dimen147
    \tikz@lastysaved=\dimen148
    \tikzleveldistance=\dimen149
    \tikzsiblingdistance=\dimen150
    \tikz@figbox=\box33
    \tikz@figbox@bg=\box34
    \tikz@tempbox=\box35
    \tikz@tempbox@bg=\box36
    \tikztreelevel=\count99
    \tikznumberofchildren=\count100
    \tikznumberofcurrentchild=\count101
    \tikz@fig@count=\count102
    
    (/usr/local/texlive/2013basic/texmf-dist/tex/generic/pgf/modules/pgfmodulematri
    x.code.tex
    File: pgfmodulematrix.code.tex 2013/09/17 (rcs-revision 1.8)
    \pgfmatrixcurrentrow=\count103
    \pgfmatrixcurrentcolumn=\count104
    \pgf@matrix@numberofcolumns=\count105
    )
    \tikz@expandcount=\count106
    
    (/usr/local/texlive/2013basic/texmf-dist/tex/generic/pgf/frontendlayer/tikz/lib
    raries/tikzlibrarytopaths.code.tex
    File: tikzlibrarytopaths.code.tex 2008/06/17 v3.0.0 (rcs-revision 1.2)
    )))
    
    ! LaTeX Error: File `preview.sty' not found.
    
    Type X to quit or <RETURN> to proceed,
    or enter new name. (Default extension: sty)
    
    Enter file name:
    ! Emergency stop.
    <read *>
    
    l.6 ^^M
    
    Here is how much of TeX's memory you used:
     10559 strings out of 494536
     220283 string characters out of 6167446
     244091 words of memory out of 5000000
     13663 multiletter control sequences out of 15000+600000
     3640 words of font info for 14 fonts, out of 8000000 for 9000
     319 hyphenation exceptions out of 8191
     55i,0n,54p,461b,86s stack positions out of 5000i,500n,10000p,200000b,80000s
    
    ! ==> Fatal error occurred, no output PDF file produced!
    Error in getMetricsFromLatex(TeXMetrics) :
    TeX was unable to calculate metrics for the following string
    or character:
    
     {\\tiny Hello \\LaTeX!}
    
    Common reasons for failure include:
     * The string contains a character which is special to LaTeX unless
     escaped properly, such as % or $.
     * The string makes use of LaTeX commands provided by a package and
     the tikzDevice was not told to load the package.
    
    The contents of the LaTeX log of the aborted run have been printed above,
    it may contain additional details as to why the metric calculation failed.
    Calls: getLatexStrWidth -> getMetricsFromLatex
    Execution halted
Flavor: r-release-osx-x86_64-mavericks

Version: 0.7.0
Check: re-building of vignette outputs
Result: NOTE
    Error in re-building vignettes:
     ...
    Loading required package: tikzDevice
    Loading required package: filehash
    filehash: Simple key-value database (2.2-2 2013-12-16)
    Creating new TikZ metrics dictionary in:
     .tikzMetrics
    Loading required package: maps
    Warning in getLatexCharMetrics("y") :
     getLatexCharMetrics only accepts integers!
    Warning in getLatexCharMetrics(20) :
     pdftex can only generate metrics for character codes between 32 and 126! See the Unicode section of ?tikzDevice for more information.
    Warning: running command '"D:\compiler\texmf\miktex\bin\texi2dvi.exe" --quiet --pdf "tikzDevice.tex" --max-iterations=20 -I "D:/RCompile/recent/R-3.1.1/share/texmf/tex/latex" -I "D:/RCompile/recent/R-3.1.1/share/texmf/bibtex/bst"' had status 1
    Error: running 'texi2dvi' on 'tikzDevice.tex' failed
    
    LaTeX errors:
    ! LaTeX Error: File `inconsolata.sty' not found.
    
    Type X to quit or <RETURN> to proceed,
    or enter new name. (Default extension: sty)
    
    Execution halted
Flavor: r-release-windows-ix86+x86_64

Version: 0.7.0
Check: re-building of vignette outputs
Result: NOTE
    Error in re-building vignettes:
     ...
    Loading required package: tikzDevice
    Loading required package: filehash
    filehash: Simple key-value database (2.2-2 2013-12-16)
    Creating new TikZ metrics dictionary in:
     .tikzMetrics
    Loading required package: maps
    Warning in getLatexCharMetrics("y") :
     getLatexCharMetrics only accepts integers!
    Warning in getLatexCharMetrics(20) :
     pdftex can only generate metrics for character codes between 32 and 126! See the Unicode section of ?tikzDevice for more information.
    Warning: running command '"D:\compiler\texmf\miktex\bin\texi2dvi.exe" --quiet --pdf "tikzDevice.tex" -I "D:/Rcompile/recent/R-3.0.3/share/texmf/tex/latex" -I "D:/Rcompile/recent/R-3.0.3/share/texmf/bibtex/bst"' had status 1
    Error: running 'texi2dvi' on 'tikzDevice.tex' failed
    
    LaTeX errors:
    ! LaTeX Error: File `inconsolata.sty' not found.
    
    Type X to quit or <RETURN> to proceed,
    or enter new name. (Default extension: sty)
    
    Execution halted
Flavor: r-oldrel-windows-ix86+x86_64