CRAN Package Check Results for Package tikzDevice

Last updated on 2015-07-07 03:48:02.

Flavor Version Tinstall Tcheck Ttotal Status Flags
r-devel-linux-x86_64-debian-clang 0.8.1 1.54 50.07 51.61 NOTE
r-devel-linux-x86_64-debian-gcc 0.8.1 1.62 52.67 54.29 NOTE
r-devel-linux-x86_64-fedora-clang 0.8.1 102.11 NOTE
r-devel-linux-x86_64-fedora-gcc 0.8.1 99.39 NOTE
r-devel-osx-x86_64-clang 0.8.1 104.69 OK
r-devel-windows-ix86+x86_64 0.8.1 11.00 96.00 107.00 NOTE
r-patched-linux-x86_64 0.8.1 1.77 53.44 55.21 OK
r-patched-solaris-sparc 0.8.1 728.30 OK
r-patched-solaris-x86 0.8.1 160.80 OK
r-release-linux-x86_64 0.8.1 1.69 50.93 52.62 OK
r-release-osx-x86_64-mavericks 0.8.1 OK
r-release-windows-ix86+x86_64 0.8.1 12.00 107.00 119.00 OK
r-oldrel-windows-ix86+x86_64 0.8.1 13.00 108.00 121.00 OK

Check Details

Version: 0.8.1
Check: R code for possible problems
Result: NOTE
    getDeviceInfo: no visible global function definition for ‘dev.cur’
    getMetricsFromLatex: no visible global function definition for
     ‘complete.cases’
    getTikzDeviceVersion: no visible global function definition for
     ‘packageVersion’
    gridToDevice: no visible global function definition for ‘grconvertX’
    gridToDevice: no visible global function definition for ‘grconvertY’
    isTikzDevice: no visible global function definition for ‘dev.cur’
    isTikzDevice: no visible global function definition for ‘dev.list’
    tikzNode: no visible global function definition for ‘grconvertX’
    tikzNode: no visible global function definition for ‘grconvertY’
    tikz_writeRaster: no visible global function definition for ‘as.raster’
    tikz_writeRaster: no visible global function definition for ‘png’
    tikz_writeRaster: no visible global function definition for ‘par’
    tikz_writeRaster: no visible global function definition for ‘plot.new’
    tikz_writeRaster: no visible global function definition for
     ‘rasterImage’
    tikz_writeRaster: no visible global function definition for ‘dev.off’
    Undefined global functions or variables:
     as.raster complete.cases dev.cur dev.list dev.off grconvertX
     grconvertY packageVersion par plot.new png rasterImage
Flavors: r-devel-linux-x86_64-debian-clang, r-devel-linux-x86_64-debian-gcc, r-devel-linux-x86_64-fedora-clang, r-devel-linux-x86_64-fedora-gcc, r-devel-windows-ix86+x86_64