CRAN Package Check Results for Package tikzDevice

Last updated on 2014-04-17 10:47:58.

Flavor Version Tinstall Tcheck Ttotal Status Flags
r-devel-linux-x86_64-debian-clang 0.7.0 1.67 61.87 63.54 NOTE
r-devel-linux-x86_64-debian-gcc 0.7.0 1.94 56.46 58.40 NOTE
r-devel-linux-x86_64-fedora-clang 0.7.0 120.33 NOTE
r-devel-linux-x86_64-fedora-gcc 0.7.0 118.38 NOTE
r-devel-macosx-x86_64-clang 0.7.0 230.54 NOTE
r-devel-macosx-x86_64-gcc 0.7.0 NOTE
r-devel-windows-ix86+x86_64 0.7.0 7.00 115.00 122.00 NOTE
r-patched-linux-x86_64 0.7.0 1.80 56.05 57.86 NOTE
r-patched-solaris-sparc 0.7.0 695.00 NOTE
r-patched-solaris-x86 0.7.0 180.90 NOTE
r-release-linux-ix86 0.7.0 5.00 104.00 109.00 NOTE
r-release-linux-x86_64 0.7.0 1.78 55.82 57.60 NOTE
r-release-macosx-x86_64 0.7.0 OK
r-release-windows-ix86+x86_64 0.7.0 7.00 108.00 115.00 NOTE
r-oldrel-windows-ix86+x86_64 0.7.0 7.00 107.00 114.00 NOTE

Check Details

Version: 0.7.0
Check: re-building of vignette outputs
Result: NOTE
    Error in re-building vignettes:
     ...
    Error in texi2dvi(file = file, pdf = TRUE, clean = clean, quiet = quiet, :
     Running 'texi2dvi' on 'tikzDevice.tex' failed.
    LaTeX errors:
    ! Package pgfkeys Error: I do not know the key '/tikz/ draw' and I am going to
    ignore it. Perhaps you misspelled it.
    
    See the pgfkeys package documentation for explanation.
    Type H <return> for immediate help.
    ! Package pgfkeys Error: I do not know the key '/tikz/ draw' and I am going to
    ignore it. Perhaps you misspelled it.
    
    See the pgfkeys package documentation for explanation.
    Type H <return> for immediate help.
    ! Package pgfkeys Error: I do not know the key '/tikz/ draw' and I am going to
    ignore it. Perhaps you misspelled it.
    
    See the pgfkeys package documentation for explanation.
    Type H <return> for immediate help.
    ! Package pgfkeys Error: I do not know the key '/tikz/ draw' and I am going to
    ignore it. Perhaps you misspelled it.
    
    See the pgfkeys package documentation for explanation.
    Type H <return> for immediate help.
    Calls: buildVignettes -> texi2pdf -> texi2dvi
    Execution halted
Flavors: r-devel-linux-x86_64-debian-clang, r-devel-linux-x86_64-debian-gcc, r-devel-linux-x86_64-fedora-clang, r-devel-linux-x86_64-fedora-gcc, r-patched-linux-x86_64, r-patched-solaris-sparc, r-patched-solaris-x86, r-release-linux-ix86, r-release-linux-x86_64

Version: 0.7.0
Check: re-building of vignette outputs
Result: NOTE
    Error in re-building vignettes:
     ...
    Error in texi2dvi(file = file, pdf = TRUE, clean = clean, quiet = quiet, :
     Running 'texi2dvi' on 'tikzDevice.tex' failed.
    LaTeX errors:
    nettes/tikzDevice.tex:970: Package pgfkeys Error: I do not know the key '/tikz/
     draw' and I am going to ignore it. Perhaps you misspelled it.
    
    See the pgfkeys package documentation for explanation.
    Type H <return> for immediate help.
    nettes/tikzDevice.tex:970: Package pgfkeys Error: I do not know the key '/tikz/
     draw' and I am going to ignore it. Perhaps you misspelled it.
    
    See the pgfkeys package documentation for explanation.
    Type H <return> for immediate help.
    nettes/tikzDevice.tex:970: Package pgfkeys Error: I do not know the key '/tikz/
     draw' and I am going to ignore it. Perhaps you misspelled it.
    
    See the pgfkeys package documentation for explanation.
    Type H <return> for immediate help.
    nettes/tikzDevice.tex:970: Package pgfkeys Error: I do not know the key '/tikz/
     draw' and I am going to ignore it. Perhaps you misspelled it.
    
    See the pgfkeys package documentation for explanation.
    Type H <return> f
    Calls: buildVignettes -> texi2pdf -> texi2dvi
    Execution halted
Flavor: r-devel-macosx-x86_64-clang

Version: 0.7.0
Check: package dependencies
Result: NOTE
    Packages suggested but not available for checking: ‘evaluate’ ‘ggplot2’
Flavor: r-devel-macosx-x86_64-gcc

Version: 0.7.0
Check: re-building of vignette outputs
Result: NOTE
    Error in re-building vignettes:
     ...
    Loading required package: tikzDevice
    Loading required package: filehash
    filehash: Simple key-value database (2.2-2 2013-12-16)
    Creating new TikZ metrics dictionary in:
     .tikzMetrics
    Loading required package: maps
    Warning in getLatexCharMetrics("y") :
     getLatexCharMetrics only accepts integers!
    Warning in getLatexCharMetrics(20) :
     pdftex can only generate metrics for character codes between 32 and 126! See the Unicode section of ?tikzDevice for more information.
    Warning: running command '"D:\compiler\texmf\miktex\bin\texi2dvi.exe" --quiet --pdf "tikzDevice.tex" --max-iterations=20 -I "D:/RCompile/recent/R/share/texmf/tex/latex" -I "D:/RCompile/recent/R/share/texmf/bibtex/bst"' had status 1
    Error: running 'texi2dvi' on 'tikzDevice.tex' failed
    
    LaTeX errors:
    ! LaTeX Error: File `inconsolata.sty' not found.
    
    Type X to quit or <RETURN> to proceed,
    or enter new name. (Default extension: sty)
    
    Execution halted
Flavor: r-devel-windows-ix86+x86_64

Version: 0.7.0
Check: re-building of vignette outputs
Result: NOTE
    Error in re-building vignettes:
     ...
    Loading required package: tikzDevice
    Loading required package: filehash
    filehash: Simple key-value database (2.2-2 2013-12-16)
    Creating new TikZ metrics dictionary in:
     .tikzMetrics
    Loading required package: maps
    Warning in getLatexCharMetrics("y") :
     getLatexCharMetrics only accepts integers!
    Warning in getLatexCharMetrics(20) :
     pdftex can only generate metrics for character codes between 32 and 126! See the Unicode section of ?tikzDevice for more information.
    Warning: running command '"D:\compiler\texmf\miktex\bin\texi2dvi.exe" --quiet --pdf "tikzDevice.tex" --max-iterations=20 -I "D:/RCompile/recent/R-3.1.0/share/texmf/tex/latex" -I "D:/RCompile/recent/R-3.1.0/share/texmf/bibtex/bst"' had status 1
    Error: running 'texi2dvi' on 'tikzDevice.tex' failed
    
    LaTeX errors:
    ! LaTeX Error: File `inconsolata.sty' not found.
    
    Type X to quit or <RETURN> to proceed,
    or enter new name. (Default extension: sty)
    
    Execution halted
Flavor: r-release-windows-ix86+x86_64

Version: 0.7.0
Check: re-building of vignette outputs
Result: NOTE
    Error in re-building vignettes:
     ...
    Loading required package: tikzDevice
    Loading required package: filehash
    filehash: Simple key-value database (2.2-2 2013-12-16)
    Creating new TikZ metrics dictionary in:
     .tikzMetrics
    Loading required package: maps
    Warning in getLatexCharMetrics("y") :
     getLatexCharMetrics only accepts integers!
    Warning in getLatexCharMetrics(20) :
     pdftex can only generate metrics for character codes between 32 and 126! See the Unicode section of ?tikzDevice for more information.
    Warning: running command '"D:\compiler\texmf\miktex\bin\texi2dvi.exe" --quiet --pdf "tikzDevice.tex" -I "D:/Rcompile/recent/R-3.0.3/share/texmf/tex/latex" -I "D:/Rcompile/recent/R-3.0.3/share/texmf/bibtex/bst"' had status 1
    Error: running 'texi2dvi' on 'tikzDevice.tex' failed
    
    LaTeX errors:
    ! LaTeX Error: File `inconsolata.sty' not found.
    
    Type X to quit or <RETURN> to proceed,
    or enter new name. (Default extension: sty)
    
    Execution halted
Flavor: r-oldrel-windows-ix86+x86_64