CRAN Package Check Results for Package tikzDevice

Last updated on 2017-03-27 06:48:42.

Flavor Version Tinstall Tcheck Ttotal Status Flags
r-devel-linux-x86_64-debian-clang 0.10-1 1.86 62.91 64.77 NOTE
r-devel-linux-x86_64-debian-gcc 0.10-1 1.98 62.40 64.37 NOTE
r-devel-linux-x86_64-fedora-clang 0.10-1 123.61 NOTE --no-stop-on-test-error
r-devel-linux-x86_64-fedora-gcc 0.10-1 123.24 NOTE --no-stop-on-test-error
r-devel-macos-x86_64-clang 0.10-1 102.17 NOTE --no-stop-on-test-error
r-patched-linux-x86_64 0.10-1 1.79 63.59 65.39 NOTE
r-patched-solaris-sparc 0.10-1 800.80 OK
r-patched-solaris-x86 0.10-1 148.40 OK
r-release-linux-x86_64 0.10-1 1.76 59.40 61.16 OK
r-release-osx-x86_64-mavericks 0.10-1 OK
r-release-windows-ix86+x86_64 0.10-1 10.00 149.00 159.00 OK
r-oldrel-windows-ix86+x86_64 0.10-1 10.00 144.00 154.00 OK

Check Details

Version: 0.10-1
Check: compiled code
Result: NOTE
    File ‘tikzDevice/libs/tikzDevice.so’:
     Found no calls to: ‘R_registerRoutines’, ‘R_useDynamicSymbols’
    
    It is good practice to register native routines and to disable symbol
    search.
    
    See ‘Writing portable packages’ in the ‘Writing R Extensions’ manual.
Flavors: r-devel-linux-x86_64-debian-clang, r-devel-linux-x86_64-debian-gcc, r-patched-linux-x86_64

Version: 0.10-1
Flags: --no-stop-on-test-error
Check: compiled code
Result: NOTE
    File ‘tikzDevice/libs/tikzDevice.so’:
     Found no calls to: ‘R_registerRoutines’, ‘R_useDynamicSymbols’
    
    It is good practice to register native routines and to disable symbol
    search.
    
    See ‘Writing portable packages’ in the ‘Writing R Extensions’ manual.
Flavors: r-devel-linux-x86_64-fedora-clang, r-devel-linux-x86_64-fedora-gcc, r-devel-macos-x86_64-clang