CRAN Package Check Results for Package tikzDevice

Last updated on 2017-04-28 15:47:50.

Flavor Version Tinstall Tcheck Ttotal Status Flags
r-devel-linux-x86_64-debian-clang 0.10-1 1.69 63.49 65.19 NOTE
r-devel-linux-x86_64-debian-gcc 0.10-1 1.86 63.26 65.13 NOTE
r-devel-linux-x86_64-fedora-clang 0.10-1 128.63 NOTE --no-stop-on-test-error
r-devel-linux-x86_64-fedora-gcc 0.10-1 123.43 NOTE --no-stop-on-test-error
r-devel-windows-ix86+x86_64 0.10-1 8.00 207.00 215.00 OK
r-patched-linux-x86_64 0.10-1 1.75 63.44 65.19 NOTE
r-patched-solaris-sparc 0.10-1 800.80 OK
r-patched-solaris-x86 0.10-1 145.40 OK
r-release-linux-x86_64 0.10-1 1.71 63.11 64.82 NOTE
r-release-windows-ix86+x86_64 0.10-1 13.00 161.00 174.00 OK
r-release-osx-x86_64 0.10-1 ERROR
r-oldrel-windows-ix86+x86_64 0.10-1 12.00 149.00 161.00 OK
r-oldrel-osx-x86_64 0.10-1 OK

Check Details

Version: 0.10-1
Check: compiled code
Result: NOTE
    File ‘tikzDevice/libs/tikzDevice.so’:
     Found no calls to: ‘R_registerRoutines’, ‘R_useDynamicSymbols’
    
    It is good practice to register native routines and to disable symbol
    search.
    
    See ‘Writing portable packages’ in the ‘Writing R Extensions’ manual.
Flavors: r-devel-linux-x86_64-debian-clang, r-devel-linux-x86_64-debian-gcc, r-patched-linux-x86_64, r-release-linux-x86_64

Version: 0.10-1
Flags: --no-stop-on-test-error
Check: compiled code
Result: NOTE
    File ‘tikzDevice/libs/tikzDevice.so’:
     Found no calls to: ‘R_registerRoutines’, ‘R_useDynamicSymbols’
    
    It is good practice to register native routines and to disable symbol
    search.
    
    See ‘Writing portable packages’ in the ‘Writing R Extensions’ manual.
Flavors: r-devel-linux-x86_64-fedora-clang, r-devel-linux-x86_64-fedora-gcc

Version: 0.10-1
Check: examples
Result: ERROR
    Running examples in ‘tikzDevice-Ex.R’ failed
    The error most likely occurred in:
    
    > ### Name: getLatexStrWidth
    > ### Title: Obtain Font Metrics from LaTeX
    > ### Aliases: getLatexCharMetrics getLatexStrWidth
    > ### Keywords: character metrics string
    >
    > ### ** Examples
    >
    >
    > getLatexStrWidth('{\\\\tiny Hello \\\\LaTeX!}')
    Error in getMetricsFromLatex(TeXMetrics, verbose = verbose) :
    TeX was unable to calculate metrics for the following string
    or character:
    
     {\\tiny Hello \\LaTeX!}
    
    Common reasons for failure include:
     * The string contains a character which is special to LaTeX unless
     escaped properly, such as % or $.
     * The string makes use of LaTeX commands provided by a package and
     the tikzDevice was not told to load the package.
    
    The contents of the LaTeX log of the aborted run have been printed above,
    it may contain additional details as to why the metric calculation failed.
    Calls: getLatexStrWidth -> getMetricsFromLatex
    Execution halted
Flavor: r-release-osx-x86_64

Version: 0.10-1
Check: re-building of vignette outputs
Result: WARN
    Error in re-building vignettes:
     ...
    Warning: running command 'kpsewhich framed.sty' had status 1
    Warning in test_latex_pkg("framed", system.file("misc", "framed.sty", package = "knitr")) :
     unable to find LaTeX package 'framed'; will use a copy from knitr
    Quitting from lines 73-92 (tikzDevice.Rnw)
    Error: processing vignette 'tikzDevice.Rnw' failed with diagnostics:
    
    TeX was unable to calculate metrics for the following string
    or character:
    
     m
    
    Common reasons for failure include:
     * The string contains a character which is special to LaTeX unless
     escaped properly, such as % or $.
     * The string makes use of LaTeX commands provided by a package and
     the tikzDevice was not told to load the package.
    
    The contents of the LaTeX log of the aborted run have been printed above,
    it may contain additional details as to why the metric calculation failed.
    Execution halted
Flavor: r-release-osx-x86_64