CRAN Package Check Results for Package tilegramsR

Last updated on 2019-03-22 07:47:30 CET.

Flavor Version Tinstall Tcheck Ttotal Status Flags
r-devel-linux-x86_64-debian-clang 0.2.0 4.44 37.49 41.93 OK
r-devel-linux-x86_64-debian-gcc 0.2.0 4.13 33.27 37.40 OK
r-devel-linux-x86_64-fedora-clang 0.2.0 54.51 NOTE
r-devel-linux-x86_64-fedora-gcc 0.2.0 57.57 NOTE
r-devel-windows-ix86+x86_64 0.2.0 14.00 64.00 78.00 OK
r-patched-linux-x86_64 0.2.0 3.43 35.96 39.39 OK
r-patched-solaris-x86 0.2.0 77.30 NOTE
r-release-linux-x86_64 0.2.0 3.29 35.57 38.86 OK
r-release-windows-ix86+x86_64 0.2.0 13.00 71.00 84.00 OK
r-release-osx-x86_64 0.2.0 NOTE
r-oldrel-windows-ix86+x86_64 0.2.0 13.00 72.00 85.00 OK
r-oldrel-osx-x86_64 0.2.0 NOTE

Check Details

Version: 0.2.0
Check: dependencies in R code
Result: NOTE
    Namespace in Imports field not imported from: ‘sp’
     All declared Imports should be used.
Flavors: r-devel-linux-x86_64-fedora-clang, r-devel-linux-x86_64-fedora-gcc, r-patched-solaris-x86, r-release-osx-x86_64, r-oldrel-osx-x86_64

Version: 0.2.0
Check: data for non-ASCII characters
Result: NOTE
     Note: found 341 marked UTF-8 strings
Flavors: r-devel-linux-x86_64-fedora-clang, r-devel-linux-x86_64-fedora-gcc, r-patched-solaris-x86, r-release-osx-x86_64, r-oldrel-osx-x86_64