CRAN Package Check Results for Package tilegramsR

Last updated on 2019-05-20 12:48:46 CEST.

Flavor Version Tinstall Tcheck Ttotal Status Flags
r-devel-linux-x86_64-debian-clang 0.2.0 4.47 37.85 42.32 OK
r-devel-linux-x86_64-debian-gcc 0.2.0 3.86 30.33 34.19 OK
r-devel-linux-x86_64-fedora-clang 0.2.0 55.48 NOTE
r-devel-linux-x86_64-fedora-gcc 0.2.0 51.76 NOTE
r-devel-windows-ix86+x86_64 0.2.0 18.00 85.00 103.00 OK
r-patched-linux-x86_64 0.2.0 4.67 38.18 42.85 OK
r-patched-solaris-x86 0.2.0 86.20 NOTE
r-release-linux-x86_64 0.2.0 4.60 38.28 42.88 OK
r-release-windows-ix86+x86_64 0.2.0 16.00 76.00 92.00 OK
r-release-osx-x86_64 0.2.0 NOTE
r-oldrel-windows-ix86+x86_64 0.2.0 5.00 47.00 52.00 OK
r-oldrel-osx-x86_64 0.2.0 NOTE

Check Details

Version: 0.2.0
Check: dependencies in R code
Result: NOTE
    Namespace in Imports field not imported from: ‘sp’
     All declared Imports should be used.
Flavors: r-devel-linux-x86_64-fedora-clang, r-devel-linux-x86_64-fedora-gcc, r-patched-solaris-x86, r-release-osx-x86_64, r-oldrel-osx-x86_64

Version: 0.2.0
Check: data for non-ASCII characters
Result: NOTE
     Note: found 341 marked UTF-8 strings
Flavors: r-devel-linux-x86_64-fedora-clang, r-devel-linux-x86_64-fedora-gcc, r-patched-solaris-x86, r-release-osx-x86_64, r-oldrel-osx-x86_64