CRAN Package Check Results for Package tilemaps

Last updated on 2020-12-05 06:51:06 CET.

Flavor Version Tinstall Tcheck Ttotal Status Flags
r-devel-linux-x86_64-debian-clang 0.2.0 3.84 136.34 140.18 OK
r-devel-linux-x86_64-debian-gcc 0.2.0 3.95 100.59 104.54 OK
r-devel-linux-x86_64-fedora-clang 0.2.0 168.29 NOTE
r-devel-linux-x86_64-fedora-gcc 0.2.0 163.87 NOTE
r-devel-windows-ix86+x86_64 0.2.0 8.00 180.00 188.00 OK
r-patched-linux-x86_64 0.2.0 4.28 138.62 142.90 OK
r-patched-solaris-x86 0.2.0 212.00 NOTE
r-release-linux-x86_64 0.2.0 3.45 136.43 139.88 OK
r-release-macos-x86_64 0.2.0 NOTE
r-release-windows-ix86+x86_64 0.2.0 7.00 167.00 174.00 OK
r-oldrel-macos-x86_64 0.2.0 NOTE
r-oldrel-windows-ix86+x86_64 0.2.0 5.00 175.00 180.00 OK

Check Details

Version: 0.2.0
Check: dependencies in R code
Result: NOTE
    Namespace in Imports field not imported from: ‘lwgeom’
     All declared Imports should be used.
Flavors: r-devel-linux-x86_64-fedora-clang, r-devel-linux-x86_64-fedora-gcc, r-patched-solaris-x86, r-release-macos-x86_64, r-oldrel-macos-x86_64