CRAN Package Check Results for Package tilting

Last updated on 2014-04-24 09:49:12.

Flavor Version Tinstall Tcheck Ttotal Status Flags
r-devel-linux-x86_64-debian-clang 1.0 0.62 12.47 13.10 OK
r-devel-linux-x86_64-debian-gcc 1.0 0.69 12.17 12.86 OK
r-devel-linux-x86_64-fedora-clang 1.0 25.41 OK
r-devel-linux-x86_64-fedora-gcc 1.0 25.33 OK
r-devel-osx-x86_64-clang 1.0 25.73 OK
r-devel-osx-x86_64-gcc 1.0 OK
r-devel-windows-ix86+x86_64 1.0 3.00 20.00 23.00 OK
r-patched-linux-x86_64 1.0 0.61 12.14 12.74 OK
r-patched-solaris-sparc 1.0 152.30 OK
r-patched-solaris-x86 1.0 36.30 OK
r-release-linux-ix86 1.0 1.00 25.00 26.00 OK
r-release-linux-x86_64 1.0 0.60 12.29 12.90 OK
r-release-osx-x86_64-mavericks 1.0 WARN
r-release-osx-x86_64-snowleopard 1.0 OK
r-release-windows-ix86+x86_64 1.0 4.00 18.00 22.00 OK
r-oldrel-windows-ix86+x86_64 1.0 3.00 20.00 23.00 OK

Check Details

Version: 1.0
Check: PDF version of manual
Result: WARNING
    LaTeX errors when creating PDF version.
    This typically indicates Rd problems.
    LaTeX errors found:
    ! LaTeX Error: File `upquote.sty' not found.
    
    Type X to quit or <RETURN> to proceed,
    or enter new name. (Default extension: sty)
    
    2f5e7e4/Rd2.tex:8: ==> Fatal error occurred, no output PDF file produced!
Flavor: r-release-osx-x86_64-mavericks