CRAN Package Check Results for Package timeDate

Last updated on 2014-04-24 11:48:57.

Flavor Version Tinstall Tcheck Ttotal Status Flags
r-devel-linux-x86_64-debian-clang 3010.98 2.99 59.88 62.88 OK
r-devel-linux-x86_64-debian-gcc 3010.98 2.72 56.77 59.49 OK
r-devel-linux-x86_64-fedora-clang 3010.98 115.71 OK
r-devel-linux-x86_64-fedora-gcc 3010.98 109.19 OK
r-devel-osx-x86_64-clang 3010.98 94.51 OK
r-devel-osx-x86_64-gcc 3010.98 OK
r-devel-windows-ix86+x86_64 3010.98 6.00 68.00 74.00 OK
r-patched-linux-x86_64 3010.98 2.73 56.83 59.56 OK
r-patched-solaris-sparc 3010.98 695.80 OK
r-patched-solaris-x86 3010.98 138.10 OK
r-release-linux-ix86 3010.98 4.00 86.00 90.00 OK
r-release-linux-x86_64 3010.98 2.73 57.50 60.23 OK
r-release-osx-x86_64-mavericks 3010.98 WARN
r-release-windows-ix86+x86_64 3010.98 10.00 79.00 89.00 OK
r-oldrel-windows-ix86+x86_64 3010.98 7.00 81.00 88.00 OK

Check Details

Version: 3010.98
Check: PDF version of manual
Result: WARNING
    LaTeX errors when creating PDF version.
    This typically indicates Rd problems.
    LaTeX errors found:
    ! LaTeX Error: File `upquote.sty' not found.
    
    Type X to quit or <RETURN> to proceed,
    or enter new name. (Default extension: sty)
    
    2a87719/Rd2.tex:8: ==> Fatal error occurred, no output PDF file produced!
Flavor: r-release-osx-x86_64-mavericks