CRAN Package Check Results for Package timeROC

Last updated on 2015-04-19 11:51:25.

Flavor Version Tinstall Tcheck Ttotal Status Flags
r-devel-linux-x86_64-debian-clang 0.3 0.82 20.02 20.84 OK
r-devel-linux-x86_64-debian-gcc 0.3 0.84 19.94 20.77 OK
r-devel-linux-x86_64-fedora-clang 0.3 40.52 OK
r-devel-linux-x86_64-fedora-gcc 0.3 38.45 OK
r-devel-osx-x86_64-clang 0.3 37.78 OK
r-devel-windows-ix86+x86_64 0.2 7.00 32.00 39.00 NOTE
r-patched-linux-x86_64 0.3 0.81 19.83 20.64 OK
r-patched-solaris-sparc 0.3 225.10 OK
r-patched-solaris-x86 0.3 54.00 OK
r-release-linux-x86_64 0.3 0.79 17.18 17.98 OK
r-release-osx-x86_64-mavericks 0.3 ERROR
r-release-osx-x86_64-snowleopard 0.3 ERROR
r-release-windows-ix86+x86_64 0.3 2.00 30.00 32.00 OK
r-oldrel-windows-ix86+x86_64 0.3 8.00 65.00 73.00 OK

Check Details

Version: 0.2
Check: dependencies in R code
Result: NOTE
    Package in Depends field not imported from: 'timereg'
     These packages need to be imported from (in the NAMESPACE file)
     for when this namespace is loaded but not attached.
Flavor: r-devel-windows-ix86+x86_64

Version: 0.3
Check: package dependencies
Result: ERROR
    Package required but not available: ‘pec’
    
    See section ‘The DESCRIPTION file’ in the ‘Writing R Extensions’
    manual.
Flavors: r-release-osx-x86_64-mavericks, r-release-osx-x86_64-snowleopard