CRAN Package Check Results for Package timeROC

Last updated on 2015-03-30 12:47:58.

Flavor Version Tinstall Tcheck Ttotal Status Flags
r-devel-linux-x86_64-debian-clang 0.3 0.89 20.62 21.51 OK
r-devel-linux-x86_64-debian-gcc 0.3 0.80 19.91 20.70 OK
r-devel-linux-x86_64-fedora-clang 0.3 40.28 OK
r-devel-linux-x86_64-fedora-gcc 0.3 37.66 OK
r-devel-osx-x86_64-clang 0.3 41.22 OK
r-prerel-windows-ix86+x86_64 0.3 5.00 32.00 37.00 OK
r-prerel-linux-x86_64 0.2 1.11 20.31 21.42 NOTE
r-prerel-solaris-sparc 0.3 225.10 OK
r-prerel-solaris-x86 0.3 55.40 OK
r-release-linux-x86_64 0.3 1.67 25.25 26.92 OK
r-release-osx-x86_64-mavericks 0.3 ERROR
r-release-osx-x86_64-snowleopard 0.3 ERROR
r-release-windows-ix86+x86_64 0.3 6.00 42.00 48.00 OK
r-oldrel-windows-ix86+x86_64 0.3 7.00 73.00 80.00 OK

Check Details

Version: 0.2
Check: dependencies in R code
Result: NOTE
    Package in Depends field not imported from: ‘timereg’
     These packages need to be imported from (in the NAMESPACE file)
     for when this namespace is loaded but not attached.
Flavor: r-prerel-linux-x86_64

Version: 0.3
Check: package dependencies
Result: ERROR
    Package required and available but unsuitable version: ‘pec’
    
    See section ‘The DESCRIPTION file’ in the ‘Writing R Extensions’
    manual.
Flavors: r-release-osx-x86_64-mavericks, r-release-osx-x86_64-snowleopard