CRAN Package Check Results for Package timeROC

Last updated on 2015-05-23 08:47:18.

Flavor Version Tinstall Tcheck Ttotal Status Flags
r-devel-linux-x86_64-debian-clang 0.3 0.89 20.06 20.95 OK
r-devel-linux-x86_64-debian-gcc 0.3 0.78 20.38 21.17 OK
r-devel-linux-x86_64-fedora-clang 0.3 40.31 OK
r-devel-linux-x86_64-fedora-gcc 0.3 38.02 OK
r-devel-osx-x86_64-clang 0.3 38.02 OK
r-devel-windows-ix86+x86_64 0.3 4.00 33.00 37.00 OK
r-patched-linux-x86_64 0.3 0.77 20.14 20.91 OK
r-patched-solaris-sparc 0.3 253.30 OK
r-patched-solaris-x86 0.3 54.60 OK
r-release-linux-x86_64 0.3 0.79 19.78 20.57 OK
r-release-osx-x86_64-mavericks 0.3 OK
r-release-osx-x86_64-snowleopard 0.3 ERROR
r-release-windows-ix86+x86_64 0.3 4.00 33.00 37.00 OK
r-oldrel-windows-ix86+x86_64 0.3 9.00 48.00 57.00 OK

Check Details

Version: 0.3
Check: package dependencies
Result: ERROR
    Package required but not available: ‘pec’
    
    See section ‘The DESCRIPTION file’ in the ‘Writing R Extensions’
    manual.
Flavor: r-release-osx-x86_64-snowleopard