CRAN Package Check Results for Package timeROC

Last updated on 2014-10-31 16:47:54.

Flavor Version Tinstall Tcheck Ttotal Status Flags
r-devel-linux-x86_64-debian-clang 0.2 1.36 25.19 26.54 NOTE
r-devel-linux-x86_64-debian-gcc 0.2 1.34 24.50 25.84 NOTE
r-devel-linux-x86_64-fedora-clang 0.2 52.05 NOTE
r-devel-linux-x86_64-fedora-gcc 0.2 49.60 NOTE
r-devel-osx-x86_64-clang 0.2 48.26 NOTE
r-devel-windows-ix86+x86_64 0.2 6.00 42.00 48.00 NOTE
r-patched-linux-x86_64 0.2 1.30 24.93 26.23 NOTE
r-patched-solaris-sparc 0.2 399.20 NOTE
r-patched-solaris-x86 0.2 68.20 NOTE
r-release-linux-ix86 0.2 1.88 34.21 36.09 NOTE
r-release-linux-x86_64 0.2 1.36 25.33 26.69 NOTE
r-release-osx-x86_64-mavericks 0.2 NOTE
r-release-osx-x86_64-snowleopard 0.2 NOTE
r-release-windows-ix86+x86_64 0.2 6.00 43.00 49.00 NOTE
r-oldrel-windows-ix86+x86_64 0.2 8.00 44.00 52.00 NOTE

Check Details

Version: 0.2
Check: dependencies in R code
Result: NOTE
    Package in Depends field not imported from: ‘timereg’
     These packages need to be imported from (in the NAMESPACE file)
     for when this namespace is loaded but not attached.
    See the information on DESCRIPTION files in the chapter ‘Creating R
    packages’ of the ‘Writing R Extensions’ manual.
Flavors: r-devel-linux-x86_64-debian-clang, r-devel-linux-x86_64-debian-gcc, r-devel-linux-x86_64-fedora-clang, r-devel-linux-x86_64-fedora-gcc, r-devel-osx-x86_64-clang, r-devel-windows-ix86+x86_64, r-patched-linux-x86_64, r-patched-solaris-sparc, r-patched-solaris-x86, r-release-linux-ix86, r-release-linux-x86_64, r-release-osx-x86_64-mavericks, r-release-windows-ix86+x86_64, r-oldrel-windows-ix86+x86_64

Version: 0.2
Check: dependencies in R code
Result: NOTE
    Package in Depends field not imported from: 'timereg'
     These packages need to be imported from for the case when
     this namespace is loaded but not attached.
    See the information on DESCRIPTION files in the chapter 'Creating R
    packages' of the 'Writing R Extensions' manual.
Flavor: r-release-osx-x86_64-snowleopard