CRAN Package Check Results for Package timeROC

Last updated on 2014-11-23 11:47:27.

Flavor Version Tinstall Tcheck Ttotal Status Flags
r-devel-linux-x86_64-debian-clang 0.2 1.26 24.51 25.77 NOTE
r-devel-linux-x86_64-debian-gcc 0.2 1.20 23.94 25.14 NOTE
r-devel-linux-x86_64-fedora-clang 0.2 52.85 NOTE
r-devel-linux-x86_64-fedora-gcc 0.2 49.78 NOTE
r-devel-osx-x86_64-clang 0.2 49.74 NOTE
r-devel-windows-ix86+x86_64 0.2 6.00 41.00 47.00 NOTE
r-patched-linux-x86_64 0.2 1.28 24.74 26.02 NOTE
r-patched-solaris-sparc 0.2 399.20 NOTE
r-patched-solaris-x86 0.2 67.00 NOTE
r-release-linux-ix86 0.2 1.74 32.14 33.88 NOTE
r-release-linux-x86_64 0.2 1.24 24.72 25.95 NOTE
r-release-osx-x86_64-mavericks 0.2 NOTE
r-release-osx-x86_64-snowleopard 0.2 NOTE
r-release-windows-ix86+x86_64 0.2 7.00 47.00 54.00 NOTE
r-oldrel-windows-ix86+x86_64 0.2 7.00 45.00 52.00 NOTE

Check Details

Version: 0.2
Check: dependencies in R code
Result: NOTE
    Package in Depends field not imported from: ‘timereg’
     These packages need to be imported from (in the NAMESPACE file)
     for when this namespace is loaded but not attached.
    See the information on DESCRIPTION files in the chapter ‘Creating R
    packages’ of the ‘Writing R Extensions’ manual.
Flavors: r-devel-linux-x86_64-debian-clang, r-devel-linux-x86_64-debian-gcc, r-devel-linux-x86_64-fedora-clang, r-devel-linux-x86_64-fedora-gcc, r-devel-osx-x86_64-clang, r-devel-windows-ix86+x86_64, r-patched-linux-x86_64, r-patched-solaris-sparc, r-patched-solaris-x86, r-release-linux-ix86, r-release-linux-x86_64, r-release-osx-x86_64-mavericks, r-release-windows-ix86+x86_64, r-oldrel-windows-ix86+x86_64

Version: 0.2
Check: dependencies in R code
Result: NOTE
    Package in Depends field not imported from: 'timereg'
     These packages need to be imported from for the case when
     this namespace is loaded but not attached.
    See the information on DESCRIPTION files in the chapter 'Creating R
    packages' of the 'Writing R Extensions' manual.
Flavor: r-release-osx-x86_64-snowleopard