CRAN Package Check Results for Package timeROC

Last updated on 2015-01-28 03:49:27.

Flavor Version Tinstall Tcheck Ttotal Status Flags
r-devel-linux-x86_64-debian-clang 0.2 0.90 20.51 21.40 NOTE
r-devel-linux-x86_64-debian-gcc 0.2 1.29 20.08 21.37 NOTE
r-devel-linux-x86_64-fedora-clang 0.2 57.43 NOTE
r-devel-linux-x86_64-fedora-gcc 0.2 52.06 NOTE
r-devel-osx-x86_64-clang 0.2 48.28 NOTE
r-devel-windows-ix86+x86_64 0.2 4.00 32.00 36.00 NOTE
r-patched-linux-x86_64 0.2 1.24 24.92 26.16 NOTE
r-patched-solaris-sparc 0.2 296.30 NOTE
r-patched-solaris-x86 0.2 68.50 NOTE
r-release-linux-ix86 0.2 1.71 34.16 35.87 NOTE
r-release-linux-x86_64 0.2 1.23 24.74 25.98 NOTE
r-release-osx-x86_64-mavericks 0.2 NOTE
r-release-osx-x86_64-snowleopard 0.2 NOTE
r-release-windows-ix86+x86_64 0.2 6.00 48.00 54.00 NOTE
r-oldrel-windows-ix86+x86_64 0.2 6.00 45.00 51.00 NOTE

Check Details

Version: 0.2
Check: dependencies in R code
Result: NOTE
    Package in Depends field not imported from: ‘timereg’
     These packages need to be imported from (in the NAMESPACE file)
     for when this namespace is loaded but not attached.
Flavors: r-devel-linux-x86_64-debian-clang, r-devel-linux-x86_64-debian-gcc, r-devel-linux-x86_64-fedora-clang, r-devel-linux-x86_64-fedora-gcc, r-devel-osx-x86_64-clang, r-devel-windows-ix86+x86_64

Version: 0.2
Check: dependencies in R code
Result: NOTE
    Package in Depends field not imported from: ‘timereg’
     These packages need to be imported from (in the NAMESPACE file)
     for when this namespace is loaded but not attached.
    See the information on DESCRIPTION files in the chapter ‘Creating R
    packages’ of the ‘Writing R Extensions’ manual.
Flavors: r-patched-linux-x86_64, r-patched-solaris-sparc, r-patched-solaris-x86, r-release-linux-ix86, r-release-linux-x86_64, r-release-osx-x86_64-mavericks, r-release-windows-ix86+x86_64, r-oldrel-windows-ix86+x86_64

Version: 0.2
Check: dependencies in R code
Result: NOTE
    Package in Depends field not imported from: 'timereg'
     These packages need to be imported from for the case when
     this namespace is loaded but not attached.
    See the information on DESCRIPTION files in the chapter 'Creating R
    packages' of the 'Writing R Extensions' manual.
Flavor: r-release-osx-x86_64-snowleopard