CRAN Package Check Results for Package timeROC

Last updated on 2014-12-19 17:50:36.

Flavor Version Tinstall Tcheck Ttotal Status Flags
r-devel-linux-x86_64-debian-clang 0.2 1.19 25.41 26.60 NOTE
r-devel-linux-x86_64-debian-gcc 0.2 1.71 24.19 25.90 NOTE
r-devel-linux-x86_64-fedora-clang 0.2 52.95 NOTE
r-devel-linux-x86_64-fedora-gcc 0.2 46.35 NOTE
r-devel-osx-x86_64-clang 0.2 47.94 NOTE
r-devel-windows-ix86+x86_64 0.2 6.00 41.00 47.00 NOTE
r-patched-linux-x86_64 0.2 1.29 25.32 26.61 NOTE
r-patched-solaris-sparc 0.2 399.20 NOTE
r-patched-solaris-x86 0.2 67.60 NOTE
r-release-linux-ix86 0.2 1.67 32.54 34.21 NOTE
r-release-linux-x86_64 0.2 1.24 25.00 26.24 NOTE
r-release-osx-x86_64-mavericks 0.2 NOTE
r-release-osx-x86_64-snowleopard 0.2 NOTE
r-release-windows-ix86+x86_64 0.2 6.00 46.00 52.00 NOTE
r-oldrel-windows-ix86+x86_64 0.2 6.00 48.00 54.00 NOTE

Check Details

Version: 0.2
Check: dependencies in R code
Result: NOTE
    Package in Depends field not imported from: ‘timereg’
     These packages need to be imported from (in the NAMESPACE file)
     for when this namespace is loaded but not attached.
    See the information on DESCRIPTION files in the chapter ‘Creating R
    packages’ of the ‘Writing R Extensions’ manual.
Flavors: r-devel-linux-x86_64-debian-clang, r-devel-linux-x86_64-debian-gcc, r-devel-linux-x86_64-fedora-clang, r-devel-linux-x86_64-fedora-gcc, r-devel-osx-x86_64-clang, r-devel-windows-ix86+x86_64, r-patched-linux-x86_64, r-patched-solaris-sparc, r-patched-solaris-x86, r-release-linux-ix86, r-release-linux-x86_64, r-release-osx-x86_64-mavericks, r-release-windows-ix86+x86_64, r-oldrel-windows-ix86+x86_64

Version: 0.2
Check: dependencies in R code
Result: NOTE
    Package in Depends field not imported from: 'timereg'
     These packages need to be imported from for the case when
     this namespace is loaded but not attached.
    See the information on DESCRIPTION files in the chapter 'Creating R
    packages' of the 'Writing R Extensions' manual.
Flavor: r-release-osx-x86_64-snowleopard