CRAN Package Check Results for Package timeROC

Last updated on 2014-08-22 07:50:44.

Flavor Version Tinstall Tcheck Ttotal Status Flags
r-devel-linux-x86_64-debian-clang 0.2 1.86 32.27 34.12 NOTE
r-devel-linux-x86_64-debian-gcc 0.2 1.78 31.86 33.64 NOTE
r-devel-linux-x86_64-fedora-clang 0.2 68.89 NOTE
r-devel-linux-x86_64-fedora-gcc 0.2 66.28 NOTE
r-devel-osx-x86_64-clang 0.2 59.40 NOTE
r-devel-windows-ix86+x86_64 0.2 8.00 50.00 58.00 NOTE
r-patched-linux-x86_64 0.2 1.86 32.58 34.45 NOTE
r-patched-solaris-sparc 0.2 399.20 NOTE
r-patched-solaris-x86 0.2 91.60 NOTE
r-release-linux-ix86 0.2 2.51 44.05 46.56 NOTE
r-release-linux-x86_64 0.2 1.99 34.28 36.27 NOTE
r-release-osx-x86_64-mavericks 0.2 NOTE
r-release-osx-x86_64-snowleopard 0.2 NOTE
r-release-windows-ix86+x86_64 0.2 8.00 63.00 71.00 NOTE
r-oldrel-windows-ix86+x86_64 0.2 9.00 59.00 68.00 NOTE

Check Details

Version: 0.2
Check: dependencies in R code
Result: NOTE
    Package in Depends field not imported from: ‘timereg’
     These packages need to be imported from (in the NAMESPACE file)
     for when this namespace is loaded but not attached.
    See the information on DESCRIPTION files in the chapter ‘Creating R
    packages’ of the ‘Writing R Extensions’ manual.
Flavors: r-devel-linux-x86_64-debian-clang, r-devel-linux-x86_64-debian-gcc, r-devel-linux-x86_64-fedora-clang, r-devel-linux-x86_64-fedora-gcc, r-devel-osx-x86_64-clang, r-devel-windows-ix86+x86_64, r-patched-linux-x86_64, r-patched-solaris-sparc, r-patched-solaris-x86, r-release-linux-ix86, r-release-linux-x86_64, r-release-osx-x86_64-mavericks, r-release-windows-ix86+x86_64, r-oldrel-windows-ix86+x86_64

Version: 0.2
Check: dependencies in R code
Result: NOTE
    Package in Depends field not imported from: 'timereg'
     These packages need to be imported from for the case when
     this namespace is loaded but not attached.
    See the information on DESCRIPTION files in the chapter 'Creating R
    packages' of the 'Writing R Extensions' manual.
Flavor: r-release-osx-x86_64-snowleopard