CRAN Package Check Results for Package timeROC

Last updated on 2014-09-03 08:53:43.

Flavor Version Tinstall Tcheck Ttotal Status Flags
r-devel-linux-x86_64-debian-clang 0.2 1.79 33.73 35.52 NOTE
r-devel-linux-x86_64-debian-gcc 0.2 1.87 30.97 32.84 NOTE
r-devel-linux-x86_64-fedora-clang 0.2 70.33 NOTE
r-devel-linux-x86_64-fedora-gcc 0.2 65.64 NOTE
r-devel-osx-x86_64-clang 0.2 59.61 NOTE
r-devel-windows-ix86+x86_64 0.2 8.00 57.00 65.00 NOTE
r-patched-linux-x86_64 0.2 1.89 32.80 34.69 NOTE
r-patched-solaris-sparc 0.2 399.20 NOTE
r-patched-solaris-x86 0.2 92.40 NOTE
r-release-linux-ix86 0.2 2.48 43.95 46.42 NOTE
r-release-linux-x86_64 0.2 1.96 33.32 35.28 NOTE
r-release-osx-x86_64-mavericks 0.2 NOTE
r-release-osx-x86_64-snowleopard 0.2 NOTE
r-release-windows-ix86+x86_64 0.2 8.00 56.00 64.00 NOTE
r-oldrel-windows-ix86+x86_64 0.2 10.00 59.00 69.00 NOTE

Check Details

Version: 0.2
Check: dependencies in R code
Result: NOTE
    Package in Depends field not imported from: ‘timereg’
     These packages need to be imported from (in the NAMESPACE file)
     for when this namespace is loaded but not attached.
    See the information on DESCRIPTION files in the chapter ‘Creating R
    packages’ of the ‘Writing R Extensions’ manual.
Flavors: r-devel-linux-x86_64-debian-clang, r-devel-linux-x86_64-debian-gcc, r-devel-linux-x86_64-fedora-clang, r-devel-linux-x86_64-fedora-gcc, r-devel-osx-x86_64-clang, r-devel-windows-ix86+x86_64, r-patched-linux-x86_64, r-patched-solaris-sparc, r-patched-solaris-x86, r-release-linux-ix86, r-release-linux-x86_64, r-release-osx-x86_64-mavericks, r-release-windows-ix86+x86_64, r-oldrel-windows-ix86+x86_64

Version: 0.2
Check: dependencies in R code
Result: NOTE
    Package in Depends field not imported from: 'timereg'
     These packages need to be imported from for the case when
     this namespace is loaded but not attached.
    See the information on DESCRIPTION files in the chapter 'Creating R
    packages' of the 'Writing R Extensions' manual.
Flavor: r-release-osx-x86_64-snowleopard