CRAN Package Check Results for Package timeROC

Last updated on 2014-04-23 07:55:10.

Flavor Version Tinstall Tcheck Ttotal Status Flags
r-devel-linux-x86_64-debian-clang 0.2 2.01 35.75 37.76 NOTE
r-devel-linux-x86_64-debian-gcc 0.2 2.23 35.36 37.59 NOTE
r-devel-linux-x86_64-fedora-clang 0.2 73.58 NOTE
r-devel-linux-x86_64-fedora-gcc 0.2 70.74 NOTE
r-devel-osx-x86_64-clang 0.2 71.81 NOTE
r-devel-osx-x86_64-gcc 0.2 ERROR
r-devel-windows-ix86+x86_64 0.2 8.00 56.00 64.00 NOTE
r-patched-linux-x86_64 0.2 2.03 34.96 36.99 NOTE
r-patched-solaris-sparc 0.2 408.70 NOTE
r-patched-solaris-x86 0.2 95.90 NOTE
r-release-linux-ix86 0.2 3.00 63.00 66.00 NOTE
r-release-linux-x86_64 0.2 2.03 34.59 36.62 NOTE
r-release-osx-x86_64-mavericks 0.2 NOTE
r-release-osx-x86_64-snowleopard 0.2 NOTE
r-release-windows-ix86+x86_64 0.2 10.00 53.00 63.00 NOTE
r-oldrel-windows-ix86+x86_64 0.2 10.00 72.00 82.00 NOTE

Check Details

Version: 0.2
Check: dependencies in R code
Result: NOTE
    Package in Depends field not imported from: ‘timereg’
     These packages need to be imported from (in the NAMESPACE file)
     for when this namespace is loaded but not attached.
    See the information on DESCRIPTION files in the chapter ‘Creating R
    packages’ of the ‘Writing R Extensions’ manual.
Flavors: r-devel-linux-x86_64-debian-clang, r-devel-linux-x86_64-debian-gcc, r-devel-linux-x86_64-fedora-clang, r-devel-linux-x86_64-fedora-gcc, r-devel-osx-x86_64-clang, r-devel-windows-ix86+x86_64, r-patched-linux-x86_64, r-patched-solaris-sparc, r-patched-solaris-x86, r-release-linux-ix86, r-release-linux-x86_64, r-release-osx-x86_64-mavericks, r-release-windows-ix86+x86_64, r-oldrel-windows-ix86+x86_64

Version: 0.2
Check: package dependencies
Result: ERROR
    Package required but not available: ‘pec’
    
    See the information on DESCRIPTION files in the chapter ‘Creating R
    packages’ of the ‘Writing R Extensions’ manual.
Flavor: r-devel-osx-x86_64-gcc

Version: 0.2
Check: dependencies in R code
Result: NOTE
    Package in Depends field not imported from: 'timereg'
     These packages need to be imported from for the case when
     this namespace is loaded but not attached.
    See the information on DESCRIPTION files in the chapter 'Creating R
    packages' of the 'Writing R Extensions' manual.
Flavor: r-release-osx-x86_64-snowleopard