CRAN Package Check Results for Package timeROC

Last updated on 2014-07-23 15:47:54.

Flavor Version Tinstall Tcheck Ttotal Status Flags
r-devel-linux-x86_64-debian-clang 0.2 1.84 33.16 34.99 NOTE
r-devel-linux-x86_64-debian-gcc 0.2 1.83 32.33 34.16 NOTE
r-devel-linux-x86_64-fedora-clang 0.2 73.90 NOTE
r-devel-linux-x86_64-fedora-gcc 0.2 72.22 NOTE
r-devel-osx-x86_64-clang 0.2 63.56 NOTE
r-devel-windows-ix86+x86_64 0.2 9.00 52.00 61.00 NOTE
r-patched-linux-x86_64 0.2 1.88 32.81 34.69 NOTE
r-patched-solaris-sparc 0.2 408.70 NOTE
r-patched-solaris-x86 0.2 93.00 NOTE
r-release-linux-ix86 0.2 2.51 43.87 46.38 NOTE
r-release-linux-x86_64 0.2 1.98 33.14 35.13 NOTE
r-release-osx-x86_64-mavericks 0.2 NOTE
r-release-osx-x86_64-snowleopard 0.2 NOTE
r-release-windows-ix86+x86_64 0.2 9.00 53.00 62.00 NOTE
r-oldrel-windows-ix86+x86_64 0.2 10.00 56.00 66.00 NOTE

Check Details

Version: 0.2
Check: dependencies in R code
Result: NOTE
    Package in Depends field not imported from: ‘timereg’
     These packages need to be imported from (in the NAMESPACE file)
     for when this namespace is loaded but not attached.
    See the information on DESCRIPTION files in the chapter ‘Creating R
    packages’ of the ‘Writing R Extensions’ manual.
Flavors: r-devel-linux-x86_64-debian-clang, r-devel-linux-x86_64-debian-gcc, r-devel-linux-x86_64-fedora-clang, r-devel-linux-x86_64-fedora-gcc, r-devel-osx-x86_64-clang, r-devel-windows-ix86+x86_64, r-patched-linux-x86_64, r-patched-solaris-sparc, r-patched-solaris-x86, r-release-linux-ix86, r-release-linux-x86_64, r-release-osx-x86_64-mavericks, r-release-windows-ix86+x86_64, r-oldrel-windows-ix86+x86_64

Version: 0.2
Check: dependencies in R code
Result: NOTE
    Package in Depends field not imported from: 'timereg'
     These packages need to be imported from for the case when
     this namespace is loaded but not attached.
    See the information on DESCRIPTION files in the chapter 'Creating R
    packages' of the 'Writing R Extensions' manual.
Flavor: r-release-osx-x86_64-snowleopard