CRAN Package Check Results for Package timeSeries

Last updated on 2015-05-27 19:47:25.

Flavor Version Tinstall Tcheck Ttotal Status Flags
r-devel-linux-x86_64-debian-clang 3012.99 3.42 56.46 59.88 NOTE
r-devel-linux-x86_64-debian-gcc 3012.99 2.98 53.89 56.87 NOTE
r-devel-linux-x86_64-fedora-clang 3012.99 116.82 NOTE
r-devel-linux-x86_64-fedora-gcc 3012.99 111.66 NOTE
r-devel-osx-x86_64-clang 3012.99 99.89 NOTE
r-devel-windows-ix86+x86_64 3012.99 13.00 92.00 105.00 OK
r-patched-linux-x86_64 3012.99 2.99 53.95 56.94 NOTE
r-patched-solaris-sparc 3012.99 664.10 NOTE
r-patched-solaris-x86 3012.99 138.70 NOTE
r-release-linux-x86_64 3012.99 2.99 55.80 58.78 NOTE
r-release-osx-x86_64-mavericks 3012.99 OK
r-release-osx-x86_64-snowleopard 3012.99 WARN
r-release-windows-ix86+x86_64 3012.99 11.00 92.00 103.00 OK
r-oldrel-windows-ix86+x86_64 3012.99 12.00 92.00 104.00 OK

Check Details

Version: 3012.99
Check: S3 generic/method consistency
Result: NOTE
    Found the following apparent S3 methods exported but not registered:
     .DollarNames.timeSeries getUnits.default
    See section ‘Registering S3 methods’ in the ‘Writing R Extensions’
    manual.
Flavors: r-devel-linux-x86_64-debian-clang, r-devel-linux-x86_64-debian-gcc, r-devel-linux-x86_64-fedora-clang, r-devel-linux-x86_64-fedora-gcc, r-devel-osx-x86_64-clang, r-patched-linux-x86_64, r-patched-solaris-sparc, r-patched-solaris-x86, r-release-linux-x86_64

Version: 3012.99
Check: package dependencies
Result: NOTE
    Packages suggested but not available for checking:
     ‘xts’ ‘PerformanceAnalytics’
Flavor: r-release-osx-x86_64-snowleopard

Version: 3012.99
Check: running R code from vignettes
Result: WARN
    Errors in running code in vignettes:
    when running code in ‘timeSeriesPlot.Rnw’
     ...
    Warning in library(package, lib.loc = lib.loc, character.only = TRUE, logical.return = TRUE, :
     there is no package called ‘PerformanceAnalytics’
    
    > par(mfrow = c(3, 1))
    
    > xts::plot.xts(as.xts(tS1))
    
     When sourcing ‘timeSeriesPlot.R’:
    Error: there is no package called ‘xts’
    Execution halted
Flavor: r-release-osx-x86_64-snowleopard

Version: 3012.99
Check: re-building of vignette outputs
Result: NOTE
    Error in re-building vignettes:
     ...
    Loading required package: timeDate
    Loading required package: xts
    Warning in library(package, lib.loc = lib.loc, character.only = TRUE, logical.return = TRUE, :
     there is no package called ‘xts’
    Loading required package: PerformanceAnalytics
    Warning in library(package, lib.loc = lib.loc, character.only = TRUE, logical.return = TRUE, :
     there is no package called ‘PerformanceAnalytics’
    Loading required package: fTrading
    Loading required package: fBasics
    
    
    Rmetrics Package fBasics
    Analysing Markets and calculating Basic Statistics
    Copyright (C) 2005-2014 Rmetrics Association Zurich
    Educational Software for Financial Engineering and Computational Science
    Rmetrics is free software and comes with ABSOLUTELY NO WARRANTY.
    https://www.rmetrics.org --- Mail to: info@rmetrics.org
    Loading required package: PerformanceAnalytics
    Warning in library(package, lib.loc = lib.loc, character.only = TRUE, logical.return = TRUE, :
     there is no package called ‘PerformanceAnalytics’
    
    Error: processing vignette 'timeSeriesPlot.Rnw' failed with diagnostics:
     chunk 4 (label = univariateSingle2)
    Error in loadNamespace(name) : there is no package called ‘xts’
    Execution halted
Flavor: r-release-osx-x86_64-snowleopard