CRAN Package Check Results for Package timeSeries

Last updated on 2014-04-24 17:49:55.

Flavor Version Tinstall Tcheck Ttotal Status Flags
r-devel-linux-x86_64-debian-clang 3010.97 3.92 50.51 54.43 NOTE
r-devel-linux-x86_64-debian-gcc 3010.97 4.14 50.66 54.80 NOTE
r-devel-linux-x86_64-fedora-clang 3010.97 113.30 NOTE
r-devel-linux-x86_64-fedora-gcc 3010.97 106.60 NOTE
r-devel-osx-x86_64-clang 3010.97 86.75 NOTE
r-devel-osx-x86_64-gcc 3010.97 NOTE
r-devel-windows-ix86+x86_64 3010.97 9.00 70.00 79.00 NOTE
r-patched-linux-x86_64 3010.97 3.85 49.64 53.48 NOTE
r-patched-solaris-sparc 3010.97 606.60 NOTE
r-patched-solaris-x86 3010.97 137.80 NOTE
r-release-linux-ix86 3010.97 6.00 80.00 86.00 NOTE
r-release-linux-x86_64 3010.97 3.89 51.18 55.06 NOTE
r-release-osx-x86_64-mavericks 3010.97 WARN
r-release-windows-ix86+x86_64 3010.97 9.00 73.00 82.00 NOTE
r-oldrel-windows-ix86+x86_64 3010.97 10.00 67.00 77.00 NOTE

Check Details

Version: 3010.97
Check: dependencies in R code
Result: NOTE
    Unexported object imported by a ':::' call: ‘stats:::na.omit.default’
     See the note in ?`:::` about the use of this operator.
    See the information on DESCRIPTION files in the chapter ‘Creating R
    packages’ of the ‘Writing R Extensions’ manual.
Flavors: r-devel-linux-x86_64-debian-clang, r-devel-linux-x86_64-debian-gcc, r-devel-linux-x86_64-fedora-clang, r-devel-linux-x86_64-fedora-gcc, r-devel-osx-x86_64-clang, r-devel-osx-x86_64-gcc, r-devel-windows-ix86+x86_64, r-patched-linux-x86_64, r-patched-solaris-sparc, r-patched-solaris-x86, r-release-linux-ix86, r-release-linux-x86_64, r-release-osx-x86_64-mavericks, r-release-windows-ix86+x86_64, r-oldrel-windows-ix86+x86_64

Version: 3010.97
Check: package dependencies
Result: NOTE
    Package suggested but not available for checking: ‘robustbase’
Flavors: r-devel-osx-x86_64-gcc, r-release-osx-x86_64-mavericks

Version: 3010.97
Check: R code for possible problems
Result: NOTE
    pcaColnames: no visible global function definition for ‘covMcd’
Flavors: r-devel-osx-x86_64-gcc, r-release-osx-x86_64-mavericks

Version: 3010.97
Check: PDF version of manual
Result: WARNING
    LaTeX errors when creating PDF version.
    This typically indicates Rd problems.
    LaTeX errors found:
    ! LaTeX Error: File `upquote.sty' not found.
    
    Type X to quit or <RETURN> to proceed,
    or enter new name. (Default extension: sty)
    
    4ac439d/Rd2.tex:8: ==> Fatal error occurred, no output PDF file produced!
Flavor: r-release-osx-x86_64-mavericks