CRAN Package Check Results for Package timeSeries

Last updated on 2015-04-02 06:46:58.

Flavor Version Tinstall Tcheck Ttotal Status Flags
r-devel-linux-x86_64-debian-clang 3012.99 3.08 55.00 58.08 NOTE
r-devel-linux-x86_64-debian-gcc 3012.99 3.71 55.88 59.59 NOTE
r-devel-linux-x86_64-fedora-clang 3012.99 119.21 NOTE
r-devel-linux-x86_64-fedora-gcc 3012.99 110.79 NOTE
r-devel-osx-x86_64-clang 3012.99 102.82 NOTE
r-prerel-windows-ix86+x86_64 3012.99 14.00 81.00 95.00 OK
r-prerel-linux-x86_64 3012.99 3.20 54.94 58.14 NOTE
r-prerel-solaris-sparc 3012.99 668.00 OK
r-prerel-solaris-x86 3012.99 138.50 OK
r-release-linux-x86_64 3012.99 3.89 64.50 68.40 OK
r-release-osx-x86_64-mavericks 3012.99 OK
r-release-osx-x86_64-snowleopard 3012.99 OK
r-release-windows-ix86+x86_64 3012.99 13.00 100.00 113.00 OK
r-oldrel-windows-ix86+x86_64 3012.99 12.00 94.00 106.00 OK

Check Details

Version: 3012.99
Check: S3 generic/method consistency
Result: NOTE
    Found the following apparent S3 methods exported but not registered:
     .DollarNames.timeSeries getUnits.default
    See section ‘Registering S3 methods’ in the ‘Writing R Extensions’
    manual.
Flavors: r-devel-linux-x86_64-debian-clang, r-devel-linux-x86_64-debian-gcc, r-devel-linux-x86_64-fedora-clang, r-devel-linux-x86_64-fedora-gcc, r-devel-osx-x86_64-clang, r-prerel-linux-x86_64