CRAN Package Check Results for Package timeSeries

Last updated on 2015-01-27 21:48:11.

Flavor Version Tinstall Tcheck Ttotal Status Flags
r-devel-linux-x86_64-debian-clang 3012.99 3.87 62.07 65.94 NOTE
r-devel-linux-x86_64-debian-gcc 3012.99 3.42 58.10 61.52 NOTE
r-devel-linux-x86_64-fedora-clang 3012.99 138.77 NOTE
r-devel-linux-x86_64-fedora-gcc 3012.99 128.92 NOTE
r-devel-osx-x86_64-clang 3012.99 112.30 NOTE
r-devel-windows-ix86+x86_64 3012.99 9.00 90.00 99.00 OK
r-patched-linux-x86_64 3012.99 3.90 63.70 67.59 OK
r-patched-solaris-sparc 3012.99 714.90 OK
r-patched-solaris-x86 3012.99 137.30 OK
r-release-linux-ix86 3011.98 4.90 73.93 78.82 OK
r-release-linux-x86_64 3012.99 3.98 64.07 68.05 OK
r-release-osx-x86_64-mavericks 3012.99 OK
r-release-osx-x86_64-snowleopard 3012.99 OK
r-release-windows-ix86+x86_64 3012.99 11.00 101.00 112.00 OK
r-oldrel-windows-ix86+x86_64 3012.99 12.00 89.00 101.00 OK

Check Details

Version: 3012.99
Check: S3 generic/method consistency
Result: NOTE
    Found the following apparent S3 methods exported but not registered:
     getUnits.default .DollarNames.timeSeries
    See section ‘Registering S3 methods’ in the ‘Writing R Extensions’
    manual.
Flavors: r-devel-linux-x86_64-debian-clang, r-devel-linux-x86_64-debian-gcc, r-devel-linux-x86_64-fedora-clang, r-devel-linux-x86_64-fedora-gcc, r-devel-osx-x86_64-clang