CRAN Package Check Results for Package timeSeries

Last updated on 2014-09-30 23:47:55.

Flavor Version Tinstall Tcheck Ttotal Status Flags
r-devel-linux-x86_64-debian-clang 3010.97 3.66 47.77 51.43 NOTE
r-devel-linux-x86_64-debian-gcc 3010.97 3.50 46.98 50.48 NOTE
r-devel-linux-x86_64-fedora-clang 3010.97 109.16 NOTE
r-devel-linux-x86_64-fedora-gcc 3010.97 102.99 NOTE
r-devel-osx-x86_64-clang 3010.97 83.29 NOTE
r-devel-windows-ix86+x86_64 3010.97 8.00 70.00 78.00 NOTE
r-patched-linux-x86_64 3010.97 3.79 48.43 52.22 NOTE
r-patched-solaris-sparc 3010.97 609.00 NOTE
r-patched-solaris-x86 3010.97 138.20 NOTE
r-release-linux-ix86 3010.97 4.75 59.77 64.52 NOTE
r-release-linux-x86_64 3010.97 3.79 49.64 53.43 NOTE
r-release-osx-x86_64-mavericks 3010.97 NOTE
r-release-windows-ix86+x86_64 3010.97 10.00 73.00 83.00 NOTE
r-oldrel-windows-ix86+x86_64 3010.97 10.00 69.00 79.00 NOTE

Check Details

Version: 3010.97
Check: dependencies in R code
Result: NOTE
    Unexported object imported by a ':::' call: ‘stats:::na.omit.default’
     See the note in ?`:::` about the use of this operator.
    See the information on DESCRIPTION files in the chapter ‘Creating R
    packages’ of the ‘Writing R Extensions’ manual.
Flavors: r-devel-linux-x86_64-debian-clang, r-devel-linux-x86_64-debian-gcc, r-devel-linux-x86_64-fedora-clang, r-devel-linux-x86_64-fedora-gcc, r-devel-osx-x86_64-clang, r-devel-windows-ix86+x86_64, r-patched-linux-x86_64, r-patched-solaris-sparc, r-patched-solaris-x86, r-release-linux-ix86, r-release-linux-x86_64, r-release-osx-x86_64-mavericks, r-release-windows-ix86+x86_64, r-oldrel-windows-ix86+x86_64

Version: 3010.97
Check: R code for possible problems
Result: NOTE
    pcaColnames: no visible global function definition for ‘covMcd’
Flavors: r-devel-linux-x86_64-debian-clang, r-devel-linux-x86_64-debian-gcc, r-devel-linux-x86_64-fedora-clang, r-devel-linux-x86_64-fedora-gcc, r-devel-osx-x86_64-clang, r-devel-windows-ix86+x86_64