CRAN Package Check Results for Package timeSeries

Last updated on 2014-08-22 18:48:46.

Flavor Version Tinstall Tcheck Ttotal Status Flags
r-devel-linux-x86_64-debian-clang 3010.97 3.74 48.38 52.12 NOTE
r-devel-linux-x86_64-debian-gcc 3010.97 3.69 46.95 50.64 NOTE
r-devel-linux-x86_64-fedora-clang 3010.97 108.35 NOTE
r-devel-linux-x86_64-fedora-gcc 3010.97 104.55 NOTE
r-devel-osx-x86_64-clang 3010.97 81.80 NOTE
r-devel-windows-ix86+x86_64 3010.97 9.00 69.00 78.00 NOTE
r-patched-linux-x86_64 3010.97 3.70 47.63 51.33 NOTE
r-patched-solaris-sparc 3010.97 609.00 NOTE
r-patched-solaris-x86 3010.97 134.00 NOTE
r-release-linux-ix86 3010.97 4.72 59.42 64.14 NOTE
r-release-linux-x86_64 3010.97 4.01 48.26 52.27 NOTE
r-release-osx-x86_64-mavericks 3010.97 NOTE
r-release-windows-ix86+x86_64 3010.97 9.00 72.00 81.00 NOTE
r-oldrel-windows-ix86+x86_64 3010.97 9.00 70.00 79.00 NOTE

Check Details

Version: 3010.97
Check: dependencies in R code
Result: NOTE
    Unexported object imported by a ':::' call: ‘stats:::na.omit.default’
     See the note in ?`:::` about the use of this operator.
    See the information on DESCRIPTION files in the chapter ‘Creating R
    packages’ of the ‘Writing R Extensions’ manual.
Flavors: r-devel-linux-x86_64-debian-clang, r-devel-linux-x86_64-debian-gcc, r-devel-linux-x86_64-fedora-clang, r-devel-linux-x86_64-fedora-gcc, r-devel-osx-x86_64-clang, r-devel-windows-ix86+x86_64, r-patched-linux-x86_64, r-patched-solaris-sparc, r-patched-solaris-x86, r-release-linux-ix86, r-release-linux-x86_64, r-release-osx-x86_64-mavericks, r-release-windows-ix86+x86_64, r-oldrel-windows-ix86+x86_64

Version: 3010.97
Check: R code for possible problems
Result: NOTE
    pcaColnames: no visible global function definition for ‘covMcd’
Flavors: r-devel-linux-x86_64-debian-clang, r-devel-linux-x86_64-fedora-clang, r-devel-linux-x86_64-fedora-gcc, r-devel-osx-x86_64-clang