CRAN Package Check Results for Package timeSeries

Last updated on 2015-08-04 16:48:51.

Flavor Version Tinstall Tcheck Ttotal Status Flags
r-devel-linux-x86_64-debian-clang 3012.99 3.27 57.11 60.38 NOTE
r-devel-linux-x86_64-debian-gcc 3012.99 3.25 54.56 57.81 NOTE
r-devel-linux-x86_64-fedora-clang 3012.99 116.35 NOTE
r-devel-linux-x86_64-fedora-gcc 3012.99 109.37 NOTE
r-devel-osx-x86_64-clang 3012.99 92.65 NOTE
r-devel-windows-ix86+x86_64 3012.99 19.00 100.00 119.00 OK
r-patched-linux-x86_64 3012.99 2.90 53.43 56.33 NOTE
r-patched-solaris-sparc 3012.99 671.90 NOTE
r-patched-solaris-x86 3012.99 139.50 NOTE
r-release-linux-x86_64 3012.99 2.92 56.10 59.02 NOTE
r-release-osx-x86_64-mavericks 3012.99 OK
r-release-windows-ix86+x86_64 3012.99 16.00 99.00 115.00 OK
r-oldrel-windows-ix86+x86_64 3012.99 20.00 105.00 125.00 OK

Check Details

Version: 3012.99
Check: S3 generic/method consistency
Result: NOTE
    Found the following apparent S3 methods exported but not registered:
     .DollarNames.timeSeries getUnits.default
    See section ‘Registering S3 methods’ in the ‘Writing R Extensions’
    manual.
Flavors: r-devel-linux-x86_64-debian-clang, r-devel-linux-x86_64-debian-gcc, r-devel-linux-x86_64-fedora-clang, r-devel-linux-x86_64-fedora-gcc, r-devel-osx-x86_64-clang, r-patched-linux-x86_64, r-patched-solaris-sparc, r-patched-solaris-x86, r-release-linux-x86_64