CRAN Package Check Results for Package timeSeries

Last updated on 2015-07-02 11:48:49.

Flavor Version Tinstall Tcheck Ttotal Status Flags
r-devel-linux-x86_64-debian-clang 3012.99 3.06 54.32 57.38 NOTE
r-devel-linux-x86_64-debian-gcc 3012.99 2.98 53.85 56.83 NOTE
r-devel-linux-x86_64-fedora-clang 3012.99 115.16 NOTE
r-devel-linux-x86_64-fedora-gcc 3012.99 107.21 NOTE
r-devel-osx-x86_64-clang 3012.99 83.64 NOTE
r-devel-windows-ix86+x86_64 3012.99 10.00 88.00 98.00 OK
r-patched-linux-x86_64 3012.99 2.94 53.88 56.82 NOTE
r-patched-solaris-sparc 3012.99 664.10 NOTE
r-patched-solaris-x86 3012.99 138.20 NOTE
r-release-linux-x86_64 3012.99 2.93 54.68 57.60 NOTE
r-release-osx-x86_64-mavericks 3012.99 OK
r-release-windows-ix86+x86_64 3012.99 10.00 94.00 104.00 OK
r-oldrel-windows-ix86+x86_64 3012.99 19.00 100.00 119.00 OK

Check Details

Version: 3012.99
Check: S3 generic/method consistency
Result: NOTE
    Found the following apparent S3 methods exported but not registered:
     .DollarNames.timeSeries getUnits.default
    See section ‘Registering S3 methods’ in the ‘Writing R Extensions’
    manual.
Flavors: r-devel-linux-x86_64-debian-clang, r-devel-linux-x86_64-debian-gcc, r-devel-linux-x86_64-fedora-clang, r-devel-linux-x86_64-fedora-gcc, r-devel-osx-x86_64-clang, r-patched-linux-x86_64, r-patched-solaris-sparc, r-patched-solaris-x86, r-release-linux-x86_64