CRAN Package Check Results for Package timeSeries

Last updated on 2014-07-25 14:47:44.

Flavor Version Tinstall Tcheck Ttotal Status Flags
r-devel-linux-x86_64-debian-clang 3010.97 3.84 50.00 53.84 NOTE
r-devel-linux-x86_64-debian-gcc 3010.97 3.72 46.75 50.46 NOTE
r-devel-linux-x86_64-fedora-clang 3010.97 110.26 NOTE
r-devel-linux-x86_64-fedora-gcc 3010.97 109.21 NOTE
r-devel-osx-x86_64-clang 3010.97 85.24 NOTE
r-devel-windows-ix86+x86_64 3010.97 9.00 68.00 77.00 NOTE
r-patched-linux-x86_64 3010.97 3.65 47.22 50.86 NOTE
r-patched-solaris-sparc 3010.97 606.60 NOTE
r-patched-solaris-x86 3010.97 135.80 NOTE
r-release-linux-ix86 3010.97 4.73 59.68 64.40 NOTE
r-release-linux-x86_64 3010.97 3.76 49.03 52.79 NOTE
r-release-osx-x86_64-mavericks 3010.97 NOTE
r-release-windows-ix86+x86_64 3010.97 10.00 68.00 78.00 NOTE
r-oldrel-windows-ix86+x86_64 3010.97 10.00 62.00 72.00 NOTE

Check Details

Version: 3010.97
Check: dependencies in R code
Result: NOTE
    Unexported object imported by a ':::' call: ‘stats:::na.omit.default’
     See the note in ?`:::` about the use of this operator.
    See the information on DESCRIPTION files in the chapter ‘Creating R
    packages’ of the ‘Writing R Extensions’ manual.
Flavors: r-devel-linux-x86_64-debian-clang, r-devel-linux-x86_64-debian-gcc, r-devel-linux-x86_64-fedora-clang, r-devel-linux-x86_64-fedora-gcc, r-devel-osx-x86_64-clang, r-devel-windows-ix86+x86_64, r-patched-linux-x86_64, r-patched-solaris-sparc, r-patched-solaris-x86, r-release-linux-ix86, r-release-linux-x86_64, r-release-osx-x86_64-mavericks, r-release-windows-ix86+x86_64, r-oldrel-windows-ix86+x86_64