CRAN Package Check Results for Package timeit

Last updated on 2016-09-27 16:48:02.

Flavor Version Tinstall Tcheck Ttotal Status Flags
r-devel-linux-x86_64-debian-clang 0.2.1 0.91 12.50 13.41 NOTE
r-devel-linux-x86_64-debian-gcc 0.2.1 1.06 12.17 13.23 NOTE
r-devel-linux-x86_64-fedora-clang 0.2.1 23.91 NOTE
r-devel-linux-x86_64-fedora-gcc 0.2.1 22.29 NOTE
r-devel-macos-x86_64-clang 0.2.1 20.05 NOTE
r-devel-windows-ix86+x86_64 0.2.1 6.00 57.00 63.00 NOTE
r-patched-linux-x86_64 0.2.1 0.97 12.36 13.33 NOTE
r-release-linux-x86_64 0.2.1 1.02 12.49 13.50 NOTE
r-release-osx-x86_64-mavericks 0.2.1 NOTE
r-release-windows-ix86+x86_64 0.2.1 5.00 49.00 54.00 NOTE
r-oldrel-windows-ix86+x86_64 0.2.1 5.00 54.00 59.00 NOTE

Check Details

Version: 0.2.1
Check: dependencies in R code
Result: NOTE
    'library' or 'require' call to ‘ggplot2’ in package code.
     Please use :: or requireNamespace() instead.
     See section 'Suggested packages' in the 'Writing R Extensions' manual.
    Package in Depends field not imported from: ‘microbenchmark’
     These packages need to be imported from (in the NAMESPACE file)
     for when this namespace is loaded but not attached.
Flavors: r-devel-linux-x86_64-debian-clang, r-devel-linux-x86_64-debian-gcc, r-devel-linux-x86_64-fedora-clang, r-devel-linux-x86_64-fedora-gcc, r-devel-macos-x86_64-clang, r-devel-windows-ix86+x86_64, r-patched-linux-x86_64, r-release-linux-x86_64, r-release-osx-x86_64-mavericks, r-release-windows-ix86+x86_64, r-oldrel-windows-ix86+x86_64

Version: 0.2.1
Check: R code for possible problems
Result: NOTE
    determine_replications: no visible global function definition for
     ‘microbenchmark’
    do_timeit: no visible global function definition for ‘Rprof’
    do_timeit: no visible global function definition for ‘summaryRprof’
    mean.timeit: no visible global function definition for ‘aggregate’
    plot.timeit: no visible global function definition for ‘ggplot’
    plot.timeit: no visible global function definition for ‘aes’
    plot.timeit: no visible global function definition for ‘geom_boxplot’
    plot.timeit: no visible global function definition for ‘geom_point’
    plot.timeit: no visible global function definition for ‘xlab’
    plot.timeit: no visible global function definition for ‘ylab’
    plot.timeit: no visible global function definition for ‘ggtitle’
    plot.timeit: no visible global function definition for ‘coord_flip’
    timeit: no visible binding for global variable ‘median’
    Undefined global functions or variables:
     Rprof aes aggregate coord_flip geom_boxplot geom_point ggplot ggtitle
     median microbenchmark summaryRprof xlab ylab
    Consider adding
     importFrom("stats", "aggregate", "median")
     importFrom("utils", "Rprof", "summaryRprof")
    to your NAMESPACE file.
Flavors: r-devel-linux-x86_64-debian-clang, r-devel-linux-x86_64-debian-gcc, r-devel-linux-x86_64-fedora-clang, r-devel-linux-x86_64-fedora-gcc, r-devel-macos-x86_64-clang, r-devel-windows-ix86+x86_64, r-patched-linux-x86_64, r-release-linux-x86_64, r-release-osx-x86_64-mavericks, r-release-windows-ix86+x86_64

Version: 0.2.1
Check: R code for possible problems
Result: NOTE
    determine_replications: no visible global function definition for
     'microbenchmark'
    plot.timeit: no visible global function definition for 'ggplot'
    plot.timeit: no visible global function definition for 'aes'
    plot.timeit: no visible global function definition for 'geom_boxplot'
    plot.timeit: no visible global function definition for 'geom_point'
    plot.timeit: no visible global function definition for 'xlab'
    plot.timeit: no visible global function definition for 'ylab'
    plot.timeit: no visible global function definition for 'ggtitle'
    plot.timeit: no visible global function definition for 'coord_flip'
Flavor: r-oldrel-windows-ix86+x86_64