CRAN Package Check Results for Package timeit

Last updated on 2014-09-24 03:49:09.

Flavor Version Tinstall Tcheck Ttotal Status Flags
r-devel-linux-x86_64-debian-clang 0.2.1 0.51 10.74 11.26 NOTE
r-devel-linux-x86_64-debian-gcc 0.2.1 0.54 9.19 9.72 NOTE
r-devel-linux-x86_64-fedora-clang 0.2.1 19.36 NOTE
r-devel-linux-x86_64-fedora-gcc 0.2.1 18.37 NOTE
r-devel-osx-x86_64-clang 0.2.1 23.66 NOTE
r-devel-windows-ix86+x86_64 0.2.1 2.00 17.00 19.00 NOTE
r-patched-linux-x86_64 0.2.1 0.60 9.82 10.42 NOTE
r-release-linux-ix86 0.2.1 0.86 15.34 16.20 NOTE
r-release-linux-x86_64 0.2.1 0.58 10.43 11.01 NOTE
r-release-osx-x86_64-mavericks 0.2.1 NOTE
r-release-osx-x86_64-snowleopard 0.2.1 OK
r-release-windows-ix86+x86_64 0.2.1 2.00 17.00 19.00 NOTE
r-oldrel-windows-ix86+x86_64 0.2.1 2.00 19.00 21.00 NOTE

Check Details

Version: 0.2.1
Check: dependencies in R code
Result: NOTE
    Package in Depends field not imported from: ‘microbenchmark’
     These packages need to be imported from (in the NAMESPACE file)
     for when this namespace is loaded but not attached.
    See the information on DESCRIPTION files in the chapter ‘Creating R
    packages’ of the ‘Writing R Extensions’ manual.
Flavors: r-devel-linux-x86_64-debian-clang, r-devel-linux-x86_64-debian-gcc, r-devel-linux-x86_64-fedora-clang, r-devel-linux-x86_64-fedora-gcc, r-devel-osx-x86_64-clang, r-devel-windows-ix86+x86_64, r-patched-linux-x86_64, r-release-linux-ix86, r-release-linux-x86_64, r-release-osx-x86_64-mavericks, r-release-windows-ix86+x86_64, r-oldrel-windows-ix86+x86_64

Version: 0.2.1
Check: R code for possible problems
Result: NOTE
    determine_replications: no visible global function definition for
     ‘microbenchmark’
    plot.timeit: no visible global function definition for ‘ggplot’
    plot.timeit: no visible global function definition for ‘aes’
    plot.timeit: no visible global function definition for ‘geom_boxplot’
    plot.timeit: no visible global function definition for ‘geom_point’
    plot.timeit: no visible global function definition for ‘xlab’
    plot.timeit: no visible global function definition for ‘ylab’
    plot.timeit: no visible global function definition for ‘ggtitle’
    plot.timeit: no visible global function definition for ‘coord_flip’
Flavors: r-devel-linux-x86_64-debian-clang, r-devel-linux-x86_64-debian-gcc, r-devel-linux-x86_64-fedora-clang, r-devel-linux-x86_64-fedora-gcc, r-devel-osx-x86_64-clang, r-devel-windows-ix86+x86_64