CRAN Package Check Results for Package timeit

Last updated on 2015-04-26 00:47:37.

Flavor Version Tinstall Tcheck Ttotal Status Flags
r-devel-linux-x86_64-debian-clang 0.2.1 1.05 13.23 14.28 NOTE
r-devel-linux-x86_64-debian-gcc 0.2.1 1.02 13.17 14.19 NOTE
r-devel-linux-x86_64-fedora-clang 0.2.1 28.49 NOTE
r-devel-linux-x86_64-fedora-gcc 0.2.1 26.92 NOTE
r-devel-osx-x86_64-clang 0.2.1 29.05 NOTE
r-devel-windows-ix86+x86_64 0.2.1 4.00 24.00 28.00 NOTE
r-patched-linux-x86_64 0.2.1 1.03 13.60 14.63 NOTE
r-patched-solaris-x86 0.2.1 40.00 NOTE
r-release-linux-x86_64 0.2.1 1.08 13.09 14.18 NOTE
r-release-osx-x86_64-mavericks 0.2.1 NOTE
r-release-osx-x86_64-snowleopard 0.2.1 ERROR
r-release-windows-ix86+x86_64 0.2.1 4.00 22.00 26.00 NOTE
r-oldrel-windows-ix86+x86_64 0.2.1 7.00 40.00 47.00 NOTE

Check Details

Version: 0.2.1
Check: dependencies in R code
Result: NOTE
    'library' or 'require' call to 'ggplot2' in package code.
     Please use :: or requireNamespace() instead.
     See section 'Suggested packages' in the 'Writing R Extensions' manual.
    Package in Depends field not imported from: 'microbenchmark'
     These packages need to be imported from (in the NAMESPACE file)
     for when this namespace is loaded but not attached.
Flavors: r-devel-windows-ix86+x86_64, r-release-windows-ix86+x86_64, r-oldrel-windows-ix86+x86_64

Version: 0.2.1
Check: R code for possible problems
Result: NOTE
    determine_replications: no visible global function definition for
     'microbenchmark'
    plot.timeit: no visible global function definition for 'ggplot'
    plot.timeit: no visible global function definition for 'aes'
    plot.timeit: no visible global function definition for 'geom_boxplot'
    plot.timeit: no visible global function definition for 'geom_point'
    plot.timeit: no visible global function definition for 'xlab'
    plot.timeit: no visible global function definition for 'ylab'
    plot.timeit: no visible global function definition for 'ggtitle'
    plot.timeit: no visible global function definition for 'coord_flip'
Flavors: r-devel-windows-ix86+x86_64, r-release-windows-ix86+x86_64, r-oldrel-windows-ix86+x86_64