CRAN Package Check Results for Package timeit

Last updated on 2014-07-26 11:52:29.

Flavor Version Tinstall Tcheck Ttotal Status Flags
r-devel-linux-x86_64-debian-clang 0.2.1 0.54 9.62 10.16 NOTE
r-devel-linux-x86_64-debian-gcc 0.2.1 0.55 9.38 9.92 NOTE
r-devel-linux-x86_64-fedora-clang 0.2.1 20.19 NOTE
r-devel-linux-x86_64-fedora-gcc 0.2.1 20.11 NOTE
r-devel-osx-x86_64-clang 0.2.1 22.21 NOTE
r-devel-windows-ix86+x86_64 0.2.1 2.00 17.00 19.00 NOTE
r-patched-linux-x86_64 0.2.1 0.55 9.53 10.08 NOTE
r-patched-solaris-sparc 0.2.1 118.30 NOTE
r-patched-solaris-x86 0.2.1 30.30 NOTE
r-release-linux-ix86 0.2.1 0.86 15.10 15.96 NOTE
r-release-linux-x86_64 0.2.1 0.57 10.12 10.69 NOTE
r-release-osx-x86_64-mavericks 0.2.1 NOTE
r-release-osx-x86_64-snowleopard 0.2.1 OK
r-release-windows-ix86+x86_64 0.2.1 2.00 17.00 19.00 NOTE
r-oldrel-windows-ix86+x86_64 0.2.1 3.00 19.00 22.00 NOTE

Check Details

Version: 0.2.1
Check: dependencies in R code
Result: NOTE
    Package in Depends field not imported from: ‘microbenchmark’
     These packages need to be imported from (in the NAMESPACE file)
     for when this namespace is loaded but not attached.
    See the information on DESCRIPTION files in the chapter ‘Creating R
    packages’ of the ‘Writing R Extensions’ manual.
Flavors: r-devel-linux-x86_64-debian-clang, r-devel-linux-x86_64-debian-gcc, r-devel-linux-x86_64-fedora-clang, r-devel-linux-x86_64-fedora-gcc, r-devel-osx-x86_64-clang, r-devel-windows-ix86+x86_64, r-patched-linux-x86_64, r-patched-solaris-sparc, r-patched-solaris-x86, r-release-linux-ix86, r-release-linux-x86_64, r-release-osx-x86_64-mavericks, r-release-windows-ix86+x86_64, r-oldrel-windows-ix86+x86_64