CRAN Package Check Results for Package timeit

Last updated on 2014-04-18 03:47:26.

Flavor Version Tinstall Tcheck Ttotal Status Flags
r-devel-linux-x86_64-debian-clang 0.2.1 0.58 9.74 10.32 NOTE
r-devel-linux-x86_64-debian-gcc NOTE
r-devel-linux-x86_64-fedora-clang 0.2.1 21.10 NOTE
r-devel-linux-x86_64-fedora-gcc 0.2.1 19.89 NOTE
r-devel-macosx-x86_64-clang 0.2.1 24.00 NOTE
r-devel-macosx-x86_64-gcc 0.2.1 ERROR
r-devel-windows-ix86+x86_64 0.2.1 2.00 18.00 20.00 NOTE
r-patched-linux-x86_64 0.2.1 0.64 10.02 10.66 NOTE
r-patched-solaris-sparc 0.2.1 118.30 NOTE
r-patched-solaris-x86 0.2.1 31.90 NOTE
r-release-linux-ix86 0.2.1 1.00 22.00 23.00 NOTE
r-release-linux-x86_64 0.2.1 0.61 10.21 10.82 NOTE
r-release-macosx-x86_64 0.2.1 OK
r-release-windows-ix86+x86_64 0.2.1 2.00 19.00 21.00 NOTE
r-oldrel-windows-ix86+x86_64 0.2.1 2.00 19.00 21.00 NOTE

Check Details

Version: 0.2.1
Check: dependencies in R code
Result: NOTE
    Package in Depends field not imported from: ‘microbenchmark’
     These packages need to be imported from (in the NAMESPACE file)
     for when this namespace is loaded but not attached.
    See the information on DESCRIPTION files in the chapter ‘Creating R
    packages’ of the ‘Writing R Extensions’ manual.
Flavors: r-devel-linux-x86_64-debian-clang, r-devel-linux-x86_64-debian-gcc, r-devel-linux-x86_64-fedora-clang, r-devel-linux-x86_64-fedora-gcc, r-devel-macosx-x86_64-clang, r-devel-windows-ix86+x86_64, r-patched-linux-x86_64, r-patched-solaris-sparc, r-patched-solaris-x86, r-release-linux-ix86, r-release-linux-x86_64, r-release-windows-ix86+x86_64, r-oldrel-windows-ix86+x86_64

Version: 0.2.1
Check: package dependencies
Result: ERROR
    Package required but not available: ‘microbenchmark’
    
    Package suggested but not available for checking: ‘ggplot2’
    
    See the information on DESCRIPTION files in the chapter ‘Creating R
    packages’ of the ‘Writing R Extensions’ manual.
Flavor: r-devel-macosx-x86_64-gcc