CRAN Package Check Results for Package timeit

Last updated on 2015-03-05 10:50:16.

Flavor Version Tinstall Tcheck Ttotal Status Flags
r-devel-linux-x86_64-debian-clang 0.2.1 1.33 14.36 15.69 NOTE
r-devel-linux-x86_64-debian-gcc 0.2.1 1.13 14.09 15.22 NOTE
r-devel-linux-x86_64-fedora-clang 0.2.1 30.55 NOTE
r-devel-linux-x86_64-fedora-gcc 0.2.1 28.94 NOTE
r-devel-osx-x86_64-clang 0.2.1 32.92 NOTE
r-devel-windows-ix86+x86_64 0.2.1 5.00 25.00 30.00 NOTE
r-patched-linux-x86_64 0.2.1 2.02 20.98 23.00 NOTE
r-patched-solaris-x86 0.2.1 59.00 NOTE
r-release-linux-ix86 0.2.1 2.33 27.89 30.22 NOTE
r-release-linux-x86_64 0.2.1 2.17 21.31 23.48 NOTE
r-release-osx-x86_64-mavericks 0.2.1 NOTE
r-release-osx-x86_64-snowleopard 0.2.1 OK
r-release-windows-ix86+x86_64 0.2.1 8.00 37.00 45.00 NOTE
r-oldrel-windows-ix86+x86_64 0.2.1 7.00 37.00 44.00 NOTE

Check Details

Version: 0.2.1
Check: dependencies in R code
Result: NOTE
    'library' or 'require' call to ‘ggplot2’ in package code.
     Please use :: or requireNamespace() instead.
     See section 'Suggested packages' in the 'Writing R Extensions' manual.
    Package in Depends field not imported from: ‘microbenchmark’
     These packages need to be imported from (in the NAMESPACE file)
     for when this namespace is loaded but not attached.
Flavors: r-devel-linux-x86_64-debian-clang, r-devel-linux-x86_64-debian-gcc, r-devel-linux-x86_64-fedora-clang, r-devel-linux-x86_64-fedora-gcc, r-devel-osx-x86_64-clang, r-devel-windows-ix86+x86_64, r-patched-linux-x86_64, r-patched-solaris-x86

Version: 0.2.1
Check: R code for possible problems
Result: NOTE
    determine_replications: no visible global function definition for
     ‘microbenchmark’
    plot.timeit: no visible global function definition for ‘ggplot’
    plot.timeit: no visible global function definition for ‘aes’
    plot.timeit: no visible global function definition for ‘geom_boxplot’
    plot.timeit: no visible global function definition for ‘geom_point’
    plot.timeit: no visible global function definition for ‘xlab’
    plot.timeit: no visible global function definition for ‘ylab’
    plot.timeit: no visible global function definition for ‘ggtitle’
    plot.timeit: no visible global function definition for ‘coord_flip’
Flavors: r-devel-linux-x86_64-debian-clang, r-devel-linux-x86_64-debian-gcc, r-devel-linux-x86_64-fedora-clang, r-devel-linux-x86_64-fedora-gcc, r-devel-osx-x86_64-clang, r-devel-windows-ix86+x86_64, r-patched-linux-x86_64, r-patched-solaris-x86, r-release-linux-ix86, r-release-linux-x86_64, r-release-osx-x86_64-mavericks, r-release-windows-ix86+x86_64

Version: 0.2.1
Check: dependencies in R code
Result: NOTE
    Package in Depends field not imported from: ‘microbenchmark’
     These packages need to be imported from (in the NAMESPACE file)
     for when this namespace is loaded but not attached.
    See the information on DESCRIPTION files in the chapter ‘Creating R
    packages’ of the ‘Writing R Extensions’ manual.
Flavors: r-release-linux-ix86, r-release-linux-x86_64, r-release-osx-x86_64-mavericks, r-release-windows-ix86+x86_64, r-oldrel-windows-ix86+x86_64