CRAN Package Check Results for Package timeline

Last updated on 2016-12-04 12:48:11.

Flavor Version Tinstall Tcheck Ttotal Status Flags
r-devel-linux-x86_64-debian-clang 0.9 1.10 17.42 18.52 NOTE
r-devel-linux-x86_64-debian-gcc 0.9 1.21 17.36 18.57 NOTE
r-devel-linux-x86_64-fedora-clang 0.9 34.93 NOTE --no-stop-on-test-error
r-devel-linux-x86_64-fedora-gcc 0.9 34.63 NOTE
r-devel-macos-x86_64-clang 0.9 29.13 NOTE
r-devel-windows-ix86+x86_64 0.9 5.00 42.00 47.00 NOTE
r-patched-linux-x86_64 0.9 1.05 14.45 15.49 NOTE
r-patched-solaris-sparc 0.9 162.70 NOTE
r-patched-solaris-x86 0.9 34.90 NOTE
r-release-linux-x86_64 0.9 1.20 14.77 15.97 NOTE
r-release-osx-x86_64-mavericks 0.9 NOTE
r-release-windows-ix86+x86_64 0.9 5.00 36.00 41.00 NOTE
r-oldrel-windows-ix86+x86_64 0.9 4.00 34.00 38.00 NOTE

Check Details

Version: 0.9
Check: dependencies in R code
Result: NOTE
    'library' or 'require' call to ‘shiny’ in package code.
     Please use :: or requireNamespace() instead.
     See section 'Suggested packages' in the 'Writing R Extensions' manual.
    Package in Depends field not imported from: ‘ggplot2’
     These packages need to be imported from (in the NAMESPACE file)
     for when this namespace is loaded but not attached.
Flavors: r-devel-linux-x86_64-debian-clang, r-devel-linux-x86_64-debian-gcc, r-devel-linux-x86_64-fedora-gcc, r-devel-macos-x86_64-clang, r-devel-windows-ix86+x86_64, r-patched-linux-x86_64, r-patched-solaris-sparc, r-patched-solaris-x86, r-release-linux-x86_64, r-release-osx-x86_64-mavericks, r-release-windows-ix86+x86_64, r-oldrel-windows-ix86+x86_64

Version: 0.9
Check: R code for possible problems
Result: NOTE
    timeline: no visible global function definition for ‘ggplot’
    timeline: no visible global function definition for ‘geom_segment’
    timeline: no visible global function definition for ‘aes_string’
    timeline: no visible global function definition for ‘geom_rect’
    timeline: no visible global function definition for ‘geom_text’
    timeline: no visible global function definition for ‘theme’
    timeline: no visible global function definition for ‘element_blank’
    timeline: no visible global function definition for ‘xlab’
    timeline: no visible global function definition for ‘ylab’
    timeline: no visible global function definition for ‘xlim’
    timeline: no visible global function definition for
     ‘scale_y_continuous’
    timeline: no visible global function definition for ‘geom_point’
    timeline: no visible global function definition for ‘scale_color_grey’
    timeline: no visible global function definition for ‘geom_hline’
    Undefined global functions or variables:
     aes_string element_blank geom_hline geom_point geom_rect geom_segment
     geom_text ggplot scale_color_grey scale_y_continuous theme xlab xlim
     ylab
Flavors: r-devel-linux-x86_64-debian-clang, r-devel-linux-x86_64-debian-gcc, r-devel-linux-x86_64-fedora-gcc, r-devel-macos-x86_64-clang, r-devel-windows-ix86+x86_64, r-patched-linux-x86_64, r-patched-solaris-sparc, r-patched-solaris-x86, r-release-linux-x86_64, r-release-osx-x86_64-mavericks, r-release-windows-ix86+x86_64

Version: 0.9
Flags: --no-stop-on-test-error
Check: dependencies in R code
Result: NOTE
    'library' or 'require' call to ‘shiny’ in package code.
     Please use :: or requireNamespace() instead.
     See section 'Suggested packages' in the 'Writing R Extensions' manual.
    Package in Depends field not imported from: ‘ggplot2’
     These packages need to be imported from (in the NAMESPACE file)
     for when this namespace is loaded but not attached.
Flavor: r-devel-linux-x86_64-fedora-clang

Version: 0.9
Flags: --no-stop-on-test-error
Check: R code for possible problems
Result: NOTE
    timeline: no visible global function definition for ‘ggplot’
    timeline: no visible global function definition for ‘geom_segment’
    timeline: no visible global function definition for ‘aes_string’
    timeline: no visible global function definition for ‘geom_rect’
    timeline: no visible global function definition for ‘geom_text’
    timeline: no visible global function definition for ‘theme’
    timeline: no visible global function definition for ‘element_blank’
    timeline: no visible global function definition for ‘xlab’
    timeline: no visible global function definition for ‘ylab’
    timeline: no visible global function definition for ‘xlim’
    timeline: no visible global function definition for
     ‘scale_y_continuous’
    timeline: no visible global function definition for ‘geom_point’
    timeline: no visible global function definition for ‘scale_color_grey’
    timeline: no visible global function definition for ‘geom_hline’
    Undefined global functions or variables:
     aes_string element_blank geom_hline geom_point geom_rect geom_segment
     geom_text ggplot scale_color_grey scale_y_continuous theme xlab xlim
     ylab
Flavor: r-devel-linux-x86_64-fedora-clang

Version: 0.9
Check: R code for possible problems
Result: NOTE
    timeline: no visible global function definition for 'ggplot'
    timeline: no visible global function definition for 'geom_segment'
    timeline: no visible global function definition for 'aes_string'
    timeline: no visible global function definition for 'geom_rect'
    timeline: no visible global function definition for 'geom_text'
    timeline: no visible global function definition for 'theme'
    timeline: no visible global function definition for 'element_blank'
    timeline: no visible global function definition for 'xlab'
    timeline: no visible global function definition for 'ylab'
    timeline: no visible global function definition for 'xlim'
    timeline: no visible global function definition for
     'scale_y_continuous'
    timeline: no visible global function definition for 'geom_point'
    timeline: no visible global function definition for 'scale_color_grey'
    timeline: no visible global function definition for 'geom_hline'
Flavor: r-oldrel-windows-ix86+x86_64