CRAN Package Check Results for Package timeline

Last updated on 2014-08-22 18:48:46.

Flavor Version Tinstall Tcheck Ttotal Status Flags
r-devel-linux-x86_64-debian-clang 0.9 1.40 18.49 19.89 NOTE
r-devel-linux-x86_64-debian-gcc 0.9 1.36 19.08 20.44 NOTE
r-devel-linux-x86_64-fedora-clang 0.9 42.63 NOTE
r-devel-linux-x86_64-fedora-gcc 0.9 40.36 NOTE
r-devel-osx-x86_64-clang 0.9 38.47 NOTE
r-devel-windows-ix86+x86_64 0.9 6.00 34.00 40.00 NOTE
r-patched-linux-x86_64 0.9 1.41 19.41 20.82 NOTE
r-patched-solaris-sparc 0.9 257.20 NOTE
r-patched-solaris-x86 0.9 60.40 NOTE
r-release-linux-ix86 0.9 1.84 27.07 28.91 NOTE
r-release-linux-x86_64 0.9 1.47 20.47 21.94 NOTE
r-release-osx-x86_64-mavericks 0.9 NOTE
r-release-osx-x86_64-snowleopard 0.9 OK
r-release-windows-ix86+x86_64 0.9 5.00 35.00 40.00 NOTE
r-oldrel-windows-ix86+x86_64 0.9 5.00 37.00 42.00 NOTE

Check Details

Version: 0.9
Check: dependencies in R code
Result: NOTE
    Package in Depends field not imported from: ‘ggplot2’
     These packages need to be imported from (in the NAMESPACE file)
     for when this namespace is loaded but not attached.
    See the information on DESCRIPTION files in the chapter ‘Creating R
    packages’ of the ‘Writing R Extensions’ manual.
Flavors: r-devel-linux-x86_64-debian-clang, r-devel-linux-x86_64-debian-gcc, r-devel-linux-x86_64-fedora-clang, r-devel-linux-x86_64-fedora-gcc, r-devel-osx-x86_64-clang, r-devel-windows-ix86+x86_64, r-patched-linux-x86_64, r-patched-solaris-sparc, r-patched-solaris-x86, r-release-linux-ix86, r-release-linux-x86_64, r-release-osx-x86_64-mavericks, r-release-windows-ix86+x86_64, r-oldrel-windows-ix86+x86_64

Version: 0.9
Check: R code for possible problems
Result: NOTE
    timeline: no visible global function definition for ‘ggplot’
    timeline: no visible global function definition for ‘geom_segment’
    timeline: no visible global function definition for ‘aes_string’
    timeline: no visible global function definition for ‘geom_rect’
    timeline: no visible global function definition for ‘geom_text’
    timeline: no visible global function definition for ‘theme’
    timeline: no visible global function definition for ‘element_blank’
    timeline: no visible global function definition for ‘xlab’
    timeline: no visible global function definition for ‘ylab’
    timeline: no visible global function definition for ‘xlim’
    timeline: no visible global function definition for
     ‘scale_y_continuous’
    timeline: no visible global function definition for ‘geom_point’
    timeline: no visible global function definition for ‘scale_color_grey’
    timeline: no visible global function definition for ‘geom_hline’
Flavors: r-devel-linux-x86_64-debian-clang, r-devel-linux-x86_64-fedora-clang, r-devel-linux-x86_64-fedora-gcc, r-devel-osx-x86_64-clang