CRAN Package Check Results for Package timeline

Last updated on 2014-07-25 14:47:44.

Flavor Version Tinstall Tcheck Ttotal Status Flags
r-devel-linux-x86_64-debian-clang 0.9 1.48 20.09 21.57 NOTE
r-devel-linux-x86_64-debian-gcc 0.9 1.71 19.38 21.09 NOTE
r-devel-linux-x86_64-fedora-clang 0.9 43.93 NOTE
r-devel-linux-x86_64-fedora-gcc 0.9 43.69 NOTE
r-devel-osx-x86_64-clang 0.9 40.83 NOTE
r-devel-windows-ix86+x86_64 0.9 6.00 38.00 44.00 NOTE
r-patched-linux-x86_64 0.9 1.52 19.54 21.06 NOTE
r-patched-solaris-sparc 0.9 252.00 NOTE
r-patched-solaris-x86 0.9 59.80 NOTE
r-release-linux-ix86 0.9 1.82 27.37 29.19 NOTE
r-release-linux-x86_64 0.9 1.46 21.00 22.46 NOTE
r-release-osx-x86_64-mavericks 0.9 NOTE
r-release-osx-x86_64-snowleopard 0.9 OK
r-release-windows-ix86+x86_64 0.9 7.00 34.00 41.00 NOTE
r-oldrel-windows-ix86+x86_64 0.9 7.00 36.00 43.00 NOTE

Check Details

Version: 0.9
Check: dependencies in R code
Result: NOTE
    Package in Depends field not imported from: ‘ggplot2’
     These packages need to be imported from (in the NAMESPACE file)
     for when this namespace is loaded but not attached.
    See the information on DESCRIPTION files in the chapter ‘Creating R
    packages’ of the ‘Writing R Extensions’ manual.
Flavors: r-devel-linux-x86_64-debian-clang, r-devel-linux-x86_64-debian-gcc, r-devel-linux-x86_64-fedora-clang, r-devel-linux-x86_64-fedora-gcc, r-devel-osx-x86_64-clang, r-devel-windows-ix86+x86_64, r-patched-linux-x86_64, r-patched-solaris-sparc, r-patched-solaris-x86, r-release-linux-ix86, r-release-linux-x86_64, r-release-osx-x86_64-mavericks, r-release-windows-ix86+x86_64, r-oldrel-windows-ix86+x86_64