CRAN Package Check Results for Package timeline

Last updated on 2015-05-30 17:46:59.

Flavor Version Tinstall Tcheck Ttotal Status Flags
r-devel-linux-x86_64-debian-clang 0.9 1.08 14.56 15.64 NOTE
r-devel-linux-x86_64-debian-gcc 0.9 1.02 14.48 15.50 NOTE
r-devel-linux-x86_64-fedora-clang 0.9 31.67 NOTE
r-devel-linux-x86_64-fedora-gcc 0.9 29.62 NOTE
r-devel-osx-x86_64-clang 0.9 34.56 NOTE
r-devel-windows-ix86+x86_64 0.9 4.00 29.00 33.00 NOTE
r-patched-linux-x86_64 0.9 1.04 14.73 15.77 NOTE
r-patched-solaris-sparc 0.9 212.00 NOTE
r-patched-solaris-x86 0.9 47.40 NOTE
r-release-linux-x86_64 0.9 1.06 15.06 16.12 NOTE
r-release-osx-x86_64-mavericks 0.9 NOTE
r-release-osx-x86_64-snowleopard 0.9 ERROR
r-release-windows-ix86+x86_64 0.9 4.00 28.00 32.00 NOTE
r-oldrel-windows-ix86+x86_64 0.9 9.00 47.00 56.00 NOTE

Check Details

Version: 0.9
Check: dependencies in R code
Result: NOTE
    'library' or 'require' call to ‘shiny’ in package code.
     Please use :: or requireNamespace() instead.
     See section 'Suggested packages' in the 'Writing R Extensions' manual.
    Package in Depends field not imported from: ‘ggplot2’
     These packages need to be imported from (in the NAMESPACE file)
     for when this namespace is loaded but not attached.
Flavors: r-devel-linux-x86_64-debian-clang, r-devel-linux-x86_64-debian-gcc, r-devel-linux-x86_64-fedora-clang, r-devel-linux-x86_64-fedora-gcc, r-devel-osx-x86_64-clang, r-devel-windows-ix86+x86_64, r-patched-linux-x86_64, r-patched-solaris-sparc, r-patched-solaris-x86, r-release-linux-x86_64, r-release-osx-x86_64-mavericks, r-release-windows-ix86+x86_64, r-oldrel-windows-ix86+x86_64

Version: 0.9
Check: R code for possible problems
Result: NOTE
    timeline: no visible global function definition for ‘ggplot’
    timeline: no visible global function definition for ‘geom_segment’
    timeline: no visible global function definition for ‘aes_string’
    timeline: no visible global function definition for ‘geom_rect’
    timeline: no visible global function definition for ‘geom_text’
    timeline: no visible global function definition for ‘theme’
    timeline: no visible global function definition for ‘element_blank’
    timeline: no visible global function definition for ‘xlab’
    timeline: no visible global function definition for ‘ylab’
    timeline: no visible global function definition for ‘xlim’
    timeline: no visible global function definition for
     ‘scale_y_continuous’
    timeline: no visible global function definition for ‘geom_point’
    timeline: no visible global function definition for ‘scale_color_grey’
    timeline: no visible global function definition for ‘geom_hline’
Flavors: r-devel-linux-x86_64-debian-clang, r-devel-linux-x86_64-debian-gcc, r-devel-linux-x86_64-fedora-clang, r-devel-linux-x86_64-fedora-gcc, r-devel-osx-x86_64-clang, r-devel-windows-ix86+x86_64, r-patched-linux-x86_64, r-patched-solaris-sparc, r-patched-solaris-x86, r-release-linux-x86_64, r-release-osx-x86_64-mavericks, r-release-windows-ix86+x86_64, r-oldrel-windows-ix86+x86_64

Version: 0.9
Check: package dependencies
Result: ERROR
    Package required but not available: ‘ggplot2’
    
    See section ‘The DESCRIPTION file’ in the ‘Writing R Extensions’
    manual.
Flavor: r-release-osx-x86_64-snowleopard