CRAN Package Check Results for Package timeline

Last updated on 2015-02-01 20:48:50.

Flavor Version Tinstall Tcheck Ttotal Status Flags
r-devel-linux-x86_64-debian-clang 0.9 1.06 14.51 15.56 NOTE
r-devel-linux-x86_64-debian-gcc 0.9 1.04 14.23 15.26 NOTE
r-devel-linux-x86_64-fedora-clang 0.9 32.24 NOTE
r-devel-linux-x86_64-fedora-gcc 0.9 31.66 NOTE
r-devel-osx-x86_64-clang 0.9 39.14 NOTE
r-devel-windows-ix86+x86_64 0.9 5.00 28.00 33.00 NOTE
r-patched-linux-x86_64 0.9 1.46 19.76 21.23 NOTE
r-patched-solaris-sparc 0.9 250.60 NOTE
r-patched-solaris-x86 0.9 60.40 NOTE
r-release-linux-ix86 0.9 1.72 26.78 28.50 NOTE
r-release-linux-x86_64 0.9 1.45 19.54 20.99 NOTE
r-release-osx-x86_64-mavericks 0.9 NOTE
r-release-osx-x86_64-snowleopard 0.9 OK
r-release-windows-ix86+x86_64 0.9 6.00 36.00 42.00 NOTE
r-oldrel-windows-ix86+x86_64 0.9 7.00 42.00 49.00 NOTE

Check Details

Version: 0.9
Check: dependencies in R code
Result: NOTE
    'library' or 'require' call to ‘shiny’ in package code.
     Please use :: or requireNamespace() instead.
     See section 'Suggested packages' in the 'Writing R Extensions' manual.
    Package in Depends field not imported from: ‘ggplot2’
     These packages need to be imported from (in the NAMESPACE file)
     for when this namespace is loaded but not attached.
Flavors: r-devel-linux-x86_64-debian-clang, r-devel-linux-x86_64-debian-gcc, r-devel-linux-x86_64-fedora-clang, r-devel-linux-x86_64-fedora-gcc, r-devel-osx-x86_64-clang, r-devel-windows-ix86+x86_64

Version: 0.9
Check: R code for possible problems
Result: NOTE
    timeline: no visible global function definition for ‘ggplot’
    timeline: no visible global function definition for ‘geom_segment’
    timeline: no visible global function definition for ‘aes_string’
    timeline: no visible global function definition for ‘geom_rect’
    timeline: no visible global function definition for ‘geom_text’
    timeline: no visible global function definition for ‘theme’
    timeline: no visible global function definition for ‘element_blank’
    timeline: no visible global function definition for ‘xlab’
    timeline: no visible global function definition for ‘ylab’
    timeline: no visible global function definition for ‘xlim’
    timeline: no visible global function definition for
     ‘scale_y_continuous’
    timeline: no visible global function definition for ‘geom_point’
    timeline: no visible global function definition for ‘scale_color_grey’
    timeline: no visible global function definition for ‘geom_hline’
Flavors: r-devel-linux-x86_64-debian-clang, r-devel-linux-x86_64-debian-gcc, r-devel-linux-x86_64-fedora-clang, r-devel-linux-x86_64-fedora-gcc, r-devel-osx-x86_64-clang, r-devel-windows-ix86+x86_64, r-patched-linux-x86_64, r-patched-solaris-sparc, r-patched-solaris-x86, r-release-linux-ix86, r-release-linux-x86_64, r-release-osx-x86_64-mavericks, r-release-windows-ix86+x86_64

Version: 0.9
Check: dependencies in R code
Result: NOTE
    Package in Depends field not imported from: ‘ggplot2’
     These packages need to be imported from (in the NAMESPACE file)
     for when this namespace is loaded but not attached.
    See the information on DESCRIPTION files in the chapter ‘Creating R
    packages’ of the ‘Writing R Extensions’ manual.
Flavors: r-patched-linux-x86_64, r-patched-solaris-sparc, r-patched-solaris-x86, r-release-linux-ix86, r-release-linux-x86_64, r-release-osx-x86_64-mavericks, r-release-windows-ix86+x86_64, r-oldrel-windows-ix86+x86_64