CRAN Package Check Results for Package timeline

Last updated on 2017-04-29 08:49:20.

Flavor Version Tinstall Tcheck Ttotal Status Flags
r-devel-linux-x86_64-debian-clang 0.9 1.15 17.54 18.69 NOTE
r-devel-linux-x86_64-debian-gcc 0.9 1.11 17.02 18.13 NOTE
r-devel-linux-x86_64-fedora-clang 0.9 33.26 NOTE --no-stop-on-test-error
r-devel-linux-x86_64-fedora-gcc 0.9 32.10 NOTE --no-stop-on-test-error
r-devel-windows-ix86+x86_64 0.9 8.00 53.00 61.00 NOTE
r-patched-linux-x86_64 0.9 1.33 17.10 18.43 NOTE
r-patched-solaris-sparc 0.9 199.90 NOTE
r-patched-solaris-x86 0.9 44.40 NOTE
r-release-linux-x86_64 0.9 1.07 17.22 18.29 NOTE
r-release-windows-ix86+x86_64 0.9 8.00 59.00 67.00 NOTE
r-release-osx-x86_64 0.9 NOTE
r-oldrel-windows-ix86+x86_64 0.9 6.00 54.00 60.00 NOTE
r-oldrel-osx-x86_64 0.9 NOTE

Check Details

Version: 0.9
Check: dependencies in R code
Result: NOTE
    'library' or 'require' call to ‘shiny’ in package code.
     Please use :: or requireNamespace() instead.
     See section 'Suggested packages' in the 'Writing R Extensions' manual.
    Package in Depends field not imported from: ‘ggplot2’
     These packages need to be imported from (in the NAMESPACE file)
     for when this namespace is loaded but not attached.
Flavors: r-devel-linux-x86_64-debian-clang, r-devel-linux-x86_64-debian-gcc, r-devel-windows-ix86+x86_64, r-patched-linux-x86_64, r-patched-solaris-sparc, r-patched-solaris-x86, r-release-linux-x86_64, r-release-windows-ix86+x86_64, r-release-osx-x86_64, r-oldrel-windows-ix86+x86_64, r-oldrel-osx-x86_64

Version: 0.9
Check: R code for possible problems
Result: NOTE
    timeline: no visible global function definition for ‘ggplot’
    timeline: no visible global function definition for ‘geom_segment’
    timeline: no visible global function definition for ‘aes_string’
    timeline: no visible global function definition for ‘geom_rect’
    timeline: no visible global function definition for ‘geom_text’
    timeline: no visible global function definition for ‘theme’
    timeline: no visible global function definition for ‘element_blank’
    timeline: no visible global function definition for ‘xlab’
    timeline: no visible global function definition for ‘ylab’
    timeline: no visible global function definition for ‘xlim’
    timeline: no visible global function definition for
     ‘scale_y_continuous’
    timeline: no visible global function definition for ‘geom_point’
    timeline: no visible global function definition for ‘scale_color_grey’
    timeline: no visible global function definition for ‘geom_hline’
    Undefined global functions or variables:
     aes_string element_blank geom_hline geom_point geom_rect geom_segment
     geom_text ggplot scale_color_grey scale_y_continuous theme xlab xlim
     ylab
Flavors: r-devel-linux-x86_64-debian-clang, r-devel-linux-x86_64-debian-gcc, r-devel-windows-ix86+x86_64, r-patched-linux-x86_64, r-patched-solaris-sparc, r-patched-solaris-x86, r-release-linux-x86_64, r-release-windows-ix86+x86_64, r-release-osx-x86_64, r-oldrel-windows-ix86+x86_64, r-oldrel-osx-x86_64

Version: 0.9
Flags: --no-stop-on-test-error
Check: dependencies in R code
Result: NOTE
    'library' or 'require' call to ‘shiny’ in package code.
     Please use :: or requireNamespace() instead.
     See section 'Suggested packages' in the 'Writing R Extensions' manual.
    Package in Depends field not imported from: ‘ggplot2’
     These packages need to be imported from (in the NAMESPACE file)
     for when this namespace is loaded but not attached.
Flavors: r-devel-linux-x86_64-fedora-clang, r-devel-linux-x86_64-fedora-gcc

Version: 0.9
Flags: --no-stop-on-test-error
Check: R code for possible problems
Result: NOTE
    timeline: no visible global function definition for ‘ggplot’
    timeline: no visible global function definition for ‘geom_segment’
    timeline: no visible global function definition for ‘aes_string’
    timeline: no visible global function definition for ‘geom_rect’
    timeline: no visible global function definition for ‘geom_text’
    timeline: no visible global function definition for ‘theme’
    timeline: no visible global function definition for ‘element_blank’
    timeline: no visible global function definition for ‘xlab’
    timeline: no visible global function definition for ‘ylab’
    timeline: no visible global function definition for ‘xlim’
    timeline: no visible global function definition for
     ‘scale_y_continuous’
    timeline: no visible global function definition for ‘geom_point’
    timeline: no visible global function definition for ‘scale_color_grey’
    timeline: no visible global function definition for ‘geom_hline’
    Undefined global functions or variables:
     aes_string element_blank geom_hline geom_point geom_rect geom_segment
     geom_text ggplot scale_color_grey scale_y_continuous theme xlab xlim
     ylab
Flavors: r-devel-linux-x86_64-fedora-clang, r-devel-linux-x86_64-fedora-gcc