CRAN Package Check Results for Package timeline

Last updated on 2014-04-18 05:48:14.

Flavor Version Tinstall Tcheck Ttotal Status Flags
r-devel-linux-x86_64-debian-clang 0.9 1.54 21.28 22.81 NOTE
r-devel-linux-x86_64-debian-gcc NOTE
r-devel-linux-x86_64-fedora-clang 0.9 46.96 NOTE
r-devel-linux-x86_64-fedora-gcc 0.9 44.80 NOTE
r-devel-macosx-x86_64-clang 0.9 49.22 NOTE
r-devel-macosx-x86_64-gcc 0.9 ERROR
r-devel-windows-ix86+x86_64 0.9 6.00 35.00 41.00 NOTE
r-patched-linux-x86_64 0.9 1.56 21.52 23.08 NOTE
r-patched-solaris-sparc 0.9 252.00 NOTE
r-patched-solaris-x86 0.9 62.90 NOTE
r-release-linux-ix86 0.9 3.00 42.00 45.00 NOTE
r-release-linux-x86_64 0.9 1.63 21.50 23.13 NOTE
r-release-macosx-x86_64 0.9 OK
r-release-windows-ix86+x86_64 0.9 7.00 39.00 46.00 NOTE
r-oldrel-windows-ix86+x86_64 0.9 8.00 41.00 49.00 NOTE

Check Details

Version: 0.9
Check: dependencies in R code
Result: NOTE
    Package in Depends field not imported from: ‘ggplot2’
     These packages need to be imported from (in the NAMESPACE file)
     for when this namespace is loaded but not attached.
    See the information on DESCRIPTION files in the chapter ‘Creating R
    packages’ of the ‘Writing R Extensions’ manual.
Flavors: r-devel-linux-x86_64-debian-clang, r-devel-linux-x86_64-debian-gcc, r-devel-linux-x86_64-fedora-clang, r-devel-linux-x86_64-fedora-gcc, r-devel-macosx-x86_64-clang, r-devel-windows-ix86+x86_64, r-patched-linux-x86_64, r-patched-solaris-sparc, r-patched-solaris-x86, r-release-linux-ix86, r-release-linux-x86_64, r-release-windows-ix86+x86_64, r-oldrel-windows-ix86+x86_64

Version: 0.9
Check: package dependencies
Result: ERROR
    Package required but not available: ‘ggplot2’
    
    See the information on DESCRIPTION files in the chapter ‘Creating R
    packages’ of the ‘Writing R Extensions’ manual.
Flavor: r-devel-macosx-x86_64-gcc