CRAN Package Check Results for Package timeline

Last updated on 2017-01-21 10:48:53.

Flavor Version Tinstall Tcheck Ttotal Status Flags
r-devel-linux-x86_64-debian-clang 0.9 1.20 17.19 18.39 NOTE
r-devel-linux-x86_64-debian-gcc 0.9 1.13 16.95 18.08 NOTE
r-devel-linux-x86_64-fedora-clang 0.9 34.02 NOTE --no-stop-on-test-error
r-devel-linux-x86_64-fedora-gcc 0.9 32.34 NOTE --no-stop-on-test-error
r-devel-macos-x86_64-clang 0.9 27.81 NOTE --no-stop-on-test-error
r-devel-windows-ix86+x86_64 0.9 8.00 60.00 68.00 NOTE
r-patched-linux-x86_64 0.9 1.37 14.54 15.91 NOTE
r-patched-solaris-sparc 0.9 160.80 NOTE
r-patched-solaris-x86 0.9 37.70 NOTE
r-release-linux-x86_64 0.9 1.08 13.94 15.03 NOTE
r-release-osx-x86_64-mavericks 0.9 NOTE
r-release-windows-ix86+x86_64 0.9 6.00 52.00 58.00 NOTE
r-oldrel-windows-ix86+x86_64 0.9 8.00 48.00 56.00 NOTE

Check Details

Version: 0.9
Check: dependencies in R code
Result: NOTE
    'library' or 'require' call to ‘shiny’ in package code.
     Please use :: or requireNamespace() instead.
     See section 'Suggested packages' in the 'Writing R Extensions' manual.
    Package in Depends field not imported from: ‘ggplot2’
     These packages need to be imported from (in the NAMESPACE file)
     for when this namespace is loaded but not attached.
Flavors: r-devel-linux-x86_64-debian-clang, r-devel-linux-x86_64-debian-gcc, r-devel-windows-ix86+x86_64, r-patched-linux-x86_64, r-patched-solaris-sparc, r-patched-solaris-x86, r-release-linux-x86_64, r-release-osx-x86_64-mavericks, r-release-windows-ix86+x86_64, r-oldrel-windows-ix86+x86_64

Version: 0.9
Check: R code for possible problems
Result: NOTE
    timeline: no visible global function definition for ‘ggplot’
    timeline: no visible global function definition for ‘geom_segment’
    timeline: no visible global function definition for ‘aes_string’
    timeline: no visible global function definition for ‘geom_rect’
    timeline: no visible global function definition for ‘geom_text’
    timeline: no visible global function definition for ‘theme’
    timeline: no visible global function definition for ‘element_blank’
    timeline: no visible global function definition for ‘xlab’
    timeline: no visible global function definition for ‘ylab’
    timeline: no visible global function definition for ‘xlim’
    timeline: no visible global function definition for
     ‘scale_y_continuous’
    timeline: no visible global function definition for ‘geom_point’
    timeline: no visible global function definition for ‘scale_color_grey’
    timeline: no visible global function definition for ‘geom_hline’
    Undefined global functions or variables:
     aes_string element_blank geom_hline geom_point geom_rect geom_segment
     geom_text ggplot scale_color_grey scale_y_continuous theme xlab xlim
     ylab
Flavors: r-devel-linux-x86_64-debian-clang, r-devel-linux-x86_64-debian-gcc, r-devel-windows-ix86+x86_64, r-patched-linux-x86_64, r-patched-solaris-sparc, r-patched-solaris-x86, r-release-linux-x86_64, r-release-osx-x86_64-mavericks, r-release-windows-ix86+x86_64

Version: 0.9
Flags: --no-stop-on-test-error
Check: dependencies in R code
Result: NOTE
    'library' or 'require' call to ‘shiny’ in package code.
     Please use :: or requireNamespace() instead.
     See section 'Suggested packages' in the 'Writing R Extensions' manual.
    Package in Depends field not imported from: ‘ggplot2’
     These packages need to be imported from (in the NAMESPACE file)
     for when this namespace is loaded but not attached.
Flavors: r-devel-linux-x86_64-fedora-clang, r-devel-linux-x86_64-fedora-gcc, r-devel-macos-x86_64-clang

Version: 0.9
Flags: --no-stop-on-test-error
Check: R code for possible problems
Result: NOTE
    timeline: no visible global function definition for ‘ggplot’
    timeline: no visible global function definition for ‘geom_segment’
    timeline: no visible global function definition for ‘aes_string’
    timeline: no visible global function definition for ‘geom_rect’
    timeline: no visible global function definition for ‘geom_text’
    timeline: no visible global function definition for ‘theme’
    timeline: no visible global function definition for ‘element_blank’
    timeline: no visible global function definition for ‘xlab’
    timeline: no visible global function definition for ‘ylab’
    timeline: no visible global function definition for ‘xlim’
    timeline: no visible global function definition for
     ‘scale_y_continuous’
    timeline: no visible global function definition for ‘geom_point’
    timeline: no visible global function definition for ‘scale_color_grey’
    timeline: no visible global function definition for ‘geom_hline’
    Undefined global functions or variables:
     aes_string element_blank geom_hline geom_point geom_rect geom_segment
     geom_text ggplot scale_color_grey scale_y_continuous theme xlab xlim
     ylab
Flavors: r-devel-linux-x86_64-fedora-clang, r-devel-linux-x86_64-fedora-gcc, r-devel-macos-x86_64-clang

Version: 0.9
Check: R code for possible problems
Result: NOTE
    timeline: no visible global function definition for 'ggplot'
    timeline: no visible global function definition for 'geom_segment'
    timeline: no visible global function definition for 'aes_string'
    timeline: no visible global function definition for 'geom_rect'
    timeline: no visible global function definition for 'geom_text'
    timeline: no visible global function definition for 'theme'
    timeline: no visible global function definition for 'element_blank'
    timeline: no visible global function definition for 'xlab'
    timeline: no visible global function definition for 'ylab'
    timeline: no visible global function definition for 'xlim'
    timeline: no visible global function definition for
     'scale_y_continuous'
    timeline: no visible global function definition for 'geom_point'
    timeline: no visible global function definition for 'scale_color_grey'
    timeline: no visible global function definition for 'geom_hline'
Flavor: r-oldrel-windows-ix86+x86_64