CRAN Package Check Results for Package timeline

Last updated on 2017-12-17 23:53:31 CET.

Flavor Version Tinstall Tcheck Ttotal Status Flags
r-devel-linux-x86_64-debian-clang 0.9 1.29 23.81 25.10 NOTE
r-devel-linux-x86_64-debian-gcc NOTE
r-devel-linux-x86_64-fedora-clang 0.9 33.29 NOTE
r-devel-linux-x86_64-fedora-gcc 0.9 33.60 NOTE
r-devel-windows-ix86+x86_64 0.9 3.00 38.00 41.00 NOTE
r-patched-linux-x86_64 0.9 1.42 25.95 27.37 NOTE
r-patched-solaris-x86 0.9 50.60 NOTE
r-release-linux-x86_64 0.9 1.33 25.44 26.77 NOTE
r-release-windows-ix86+x86_64 0.9 4.00 39.00 43.00 NOTE
r-release-osx-x86_64 0.9 NOTE
r-oldrel-windows-ix86+x86_64 0.9 5.00 48.00 53.00 NOTE
r-oldrel-osx-x86_64 0.9 NOTE

Check Details

Version: 0.9
Check: dependencies in R code
Result: NOTE
    'library' or 'require' call to ‘shiny’ in package code.
     Please use :: or requireNamespace() instead.
     See section 'Suggested packages' in the 'Writing R Extensions' manual.
    Package in Depends field not imported from: ‘ggplot2’
     These packages need to be imported from (in the NAMESPACE file)
     for when this namespace is loaded but not attached.
Flavors: r-devel-linux-x86_64-debian-clang, r-devel-linux-x86_64-debian-gcc, r-devel-linux-x86_64-fedora-clang, r-devel-linux-x86_64-fedora-gcc, r-devel-windows-ix86+x86_64, r-patched-linux-x86_64, r-patched-solaris-x86, r-release-linux-x86_64, r-release-windows-ix86+x86_64, r-release-osx-x86_64, r-oldrel-windows-ix86+x86_64, r-oldrel-osx-x86_64

Version: 0.9
Check: R code for possible problems
Result: NOTE
    timeline: no visible global function definition for ‘ggplot’
    timeline: no visible global function definition for ‘geom_segment’
    timeline: no visible global function definition for ‘aes_string’
    timeline: no visible global function definition for ‘geom_rect’
    timeline: no visible global function definition for ‘geom_text’
    timeline: no visible global function definition for ‘theme’
    timeline: no visible global function definition for ‘element_blank’
    timeline: no visible global function definition for ‘xlab’
    timeline: no visible global function definition for ‘ylab’
    timeline: no visible global function definition for ‘xlim’
    timeline: no visible global function definition for
     ‘scale_y_continuous’
    timeline: no visible global function definition for ‘geom_point’
    timeline: no visible global function definition for ‘scale_color_grey’
    timeline: no visible global function definition for ‘geom_hline’
    Undefined global functions or variables:
     aes_string element_blank geom_hline geom_point geom_rect geom_segment
     geom_text ggplot scale_color_grey scale_y_continuous theme xlab xlim
     ylab
Flavors: r-devel-linux-x86_64-debian-clang, r-devel-linux-x86_64-debian-gcc, r-devel-linux-x86_64-fedora-clang, r-devel-linux-x86_64-fedora-gcc, r-devel-windows-ix86+x86_64, r-patched-linux-x86_64, r-patched-solaris-x86, r-release-linux-x86_64, r-release-windows-ix86+x86_64, r-release-osx-x86_64, r-oldrel-windows-ix86+x86_64, r-oldrel-osx-x86_64