CRAN Package Check Results for Package timelineS

Last updated on 2019-01-17 05:50:27 CET.

Flavor Version Tinstall Tcheck Ttotal Status Flags
r-devel-linux-x86_64-debian-clang 0.1.1 2.94 46.83 49.77 OK
r-devel-linux-x86_64-debian-gcc 0.1.1 2.58 36.02 38.60 OK
r-devel-linux-x86_64-fedora-clang 0.1.1 55.70 NOTE
r-devel-linux-x86_64-fedora-gcc 0.1.1 52.58 NOTE
r-devel-windows-ix86+x86_64 0.1.1 6.00 71.00 77.00 OK
r-patched-linux-x86_64 0.1.1 2.74 42.66 45.40 OK
r-patched-solaris-x86 0.1.1 81.00 NOTE
r-release-linux-x86_64 0.1.1 2.59 42.66 45.25 OK
r-release-windows-ix86+x86_64 0.1.1 9.00 84.00 93.00 OK
r-release-osx-x86_64 0.1.1 NOTE
r-oldrel-windows-ix86+x86_64 0.1.1 7.00 106.00 113.00 OK
r-oldrel-osx-x86_64 0.1.1 NOTE

Check Details

Version: 0.1.1
Check: dependencies in R code
Result: NOTE
    Namespace in Imports field not imported from: ‘base’
     All declared Imports should be used.
Flavors: r-devel-linux-x86_64-fedora-clang, r-devel-linux-x86_64-fedora-gcc, r-patched-solaris-x86, r-release-osx-x86_64, r-oldrel-osx-x86_64