CRAN Package Check Results for Package timelineS

Last updated on 2018-11-18 00:46:42 CET.

Flavor Version Tinstall Tcheck Ttotal Status Flags
r-devel-linux-x86_64-debian-clang 0.1.1 2.61 44.43 47.04 OK
r-devel-linux-x86_64-debian-gcc 0.1.1 2.21 34.76 36.97 OK
r-devel-linux-x86_64-fedora-clang 0.1.1 59.06 NOTE
r-devel-linux-x86_64-fedora-gcc 0.1.1 51.38 NOTE
r-devel-windows-ix86+x86_64 0.1.1 8.00 90.00 98.00 OK
r-patched-linux-x86_64 0.1.1 2.08 41.71 43.79 OK
r-patched-solaris-x86 0.1.1 81.50 NOTE
r-release-linux-x86_64 0.1.1 2.71 41.92 44.63 OK
r-release-windows-ix86+x86_64 0.1.1 7.00 62.00 69.00 OK
r-release-osx-x86_64 0.1.1 NOTE
r-oldrel-windows-ix86+x86_64 0.1.1 6.00 84.00 90.00 OK
r-oldrel-osx-x86_64 0.1.1 NOTE

Check Details

Version: 0.1.1
Check: dependencies in R code
Result: NOTE
    Namespace in Imports field not imported from: ‘base’
     All declared Imports should be used.
Flavors: r-devel-linux-x86_64-fedora-clang, r-devel-linux-x86_64-fedora-gcc, r-patched-solaris-x86, r-release-osx-x86_64, r-oldrel-osx-x86_64