CRAN Package Check Results for Package timelineS

Last updated on 2022-11-29 20:53:14 CET.

Flavor Version Tinstall Tcheck Ttotal Status Flags
r-devel-linux-x86_64-debian-clang 0.1.1 6.05 67.08 73.13 OK
r-devel-linux-x86_64-debian-gcc 0.1.1 5.19 49.49 54.68 OK
r-devel-linux-x86_64-fedora-clang 0.1.1 98.24 NOTE
r-devel-linux-x86_64-fedora-gcc 0.1.1 94.69 NOTE
r-devel-windows-x86_64 0.1.1 12.00 87.00 99.00 OK
r-patched-linux-x86_64 0.1.1 5.29 62.10 67.39 OK
r-release-linux-x86_64 0.1.1 6.05 62.79 68.84 OK
r-release-macos-arm64 0.1.1 26.00 NOTE
r-release-macos-x86_64 0.1.1 51.00 NOTE
r-release-windows-x86_64 0.1.1 17.00 95.00 112.00 OK
r-oldrel-macos-arm64 0.1.1 30.00 NOTE
r-oldrel-macos-x86_64 0.1.1 38.00 NOTE
r-oldrel-windows-ix86+x86_64 0.1.1 14.00 85.00 99.00 OK

Check Details

Version: 0.1.1
Check: dependencies in R code
Result: NOTE
    Namespace in Imports field not imported from: ‘base’
     All declared Imports should be used.
Flavors: r-devel-linux-x86_64-fedora-clang, r-devel-linux-x86_64-fedora-gcc, r-release-macos-arm64, r-release-macos-x86_64, r-oldrel-macos-arm64, r-oldrel-macos-x86_64