CRAN Package Check Results for Package timeordered

Last updated on 2015-08-29 20:48:22.

Flavor Version Tinstall Tcheck Ttotal Status Flags
r-devel-linux-x86_64-debian-clang 0.9.8 1.46 40.26 41.72 NOTE
r-devel-linux-x86_64-debian-gcc 0.9.8 1.09 37.67 38.76 NOTE
r-devel-linux-x86_64-fedora-clang 0.9.8 76.47 NOTE
r-devel-linux-x86_64-fedora-gcc 0.9.8 74.38 NOTE
r-devel-osx-x86_64-clang 0.9.8 64.87 OK
r-devel-windows-ix86+x86_64 0.9.8 6.00 70.00 76.00 NOTE
r-patched-linux-x86_64 0.9.8 1.10 38.32 39.42 OK
r-patched-solaris-sparc 0.9.8 500.40 OK
r-patched-solaris-x86 0.9.8 112.10 OK
r-release-linux-x86_64 0.9.8 1.07 38.85 39.92 OK
r-release-osx-x86_64-mavericks 0.9.8 OK
r-release-windows-ix86+x86_64 0.9.8 7.00 71.00 78.00 OK
r-oldrel-windows-ix86+x86_64 0.9.8 10.00 89.00 99.00 OK

Check Details

Version: 0.9.8
Check: R code for possible problems
Result: NOTE
    generatelatencies: no visible binding for global variable ‘allNames’
    generatetimedeltas: no visible global function definition for ‘head’
    generatetimedeltas: no visible global function definition for ‘tail’
    generatevertexedgelist : <anonymous>: no visible global function
     definition for ‘head’
    generatevertexedgelist : <anonymous>: no visible global function
     definition for ‘tail’
    plotnetworkslices: no visible global function definition for ‘par’
    plotnetworkslices: no visible global function definition for ‘text’
    plottanet: no visible global function definition for ‘plot’
    plottonet: no visible global function definition for ‘plot’
    shortesttimepath : <anonymous>: no visible global function definition
     for ‘tail’
    Undefined global functions or variables:
     allNames head par plot tail text
    Consider adding
     importFrom("graphics", "par", "plot", "text")
     importFrom("methods", "allNames")
     importFrom("utils", "head", "tail")
    to your NAMESPACE (and ensure that your DESCRIPTION Imports field
    contains 'methods').
Flavors: r-devel-linux-x86_64-debian-clang, r-devel-linux-x86_64-debian-gcc, r-devel-linux-x86_64-fedora-clang, r-devel-linux-x86_64-fedora-gcc, r-devel-windows-ix86+x86_64