CRAN Package Check Results for Package timeordered

Last updated on 2015-07-05 19:47:46.

Flavor Version Tinstall Tcheck Ttotal Status Flags
r-devel-linux-x86_64-debian-clang 0.9.8 1.06 40.86 41.92 NOTE
r-devel-linux-x86_64-debian-gcc 0.9.8 1.12 38.07 39.20 NOTE
r-devel-linux-x86_64-fedora-clang 0.9.8 78.30 NOTE
r-devel-linux-x86_64-fedora-gcc 0.9.8 74.33 NOTE
r-devel-osx-x86_64-clang 0.9.8 60.07 OK
r-devel-windows-ix86+x86_64 0.9.8 4.00 68.00 72.00 NOTE
r-patched-linux-x86_64 0.9.8 1.10 38.30 39.40 OK
r-patched-solaris-sparc 0.9.8 469.60 OK
r-patched-solaris-x86 0.9.8 113.70 OK
r-release-linux-x86_64 0.9.8 1.26 39.65 40.91 OK
r-release-osx-x86_64-mavericks 0.9.8 OK
r-release-windows-ix86+x86_64 0.9.8 6.00 58.00 64.00 OK
r-oldrel-windows-ix86+x86_64 0.9.8 10.00 76.00 86.00 OK

Check Details

Version: 0.9.8
Check: R code for possible problems
Result: NOTE
    generatelatencies: no visible binding for global variable ‘allNames’
    generatetimedeltas: no visible global function definition for ‘head’
    generatetimedeltas: no visible global function definition for ‘tail’
    generatevertexedgelist : <anonymous>: no visible global function
     definition for ‘head’
    generatevertexedgelist : <anonymous>: no visible global function
     definition for ‘tail’
    plotnetworkslices: no visible global function definition for ‘par’
    plotnetworkslices: no visible global function definition for ‘text’
    plottanet: no visible global function definition for ‘plot’
    plottonet: no visible global function definition for ‘plot’
    shortesttimepath : <anonymous>: no visible global function definition
     for ‘tail’
    Undefined global functions or variables:
     allNames head par plot tail text
Flavors: r-devel-linux-x86_64-debian-clang, r-devel-linux-x86_64-debian-gcc, r-devel-linux-x86_64-fedora-clang, r-devel-linux-x86_64-fedora-gcc, r-devel-windows-ix86+x86_64