CRAN Package Check Results for Package timeordered

Last updated on 2016-05-03 08:49:14.

Flavor Version Tinstall Tcheck Ttotal Status Flags
r-devel-linux-x86_64-debian-gcc 0.9.8 1.10 39.39 40.49 NOTE
r-devel-linux-x86_64-fedora-clang 0.9.8 74.16 NOTE
r-devel-linux-x86_64-fedora-gcc 0.9.8 69.96 NOTE
r-devel-osx-x86_64-clang 0.9.8 79.98 NOTE
r-devel-windows-ix86+x86_64 0.9.8 5.00 76.00 81.00 NOTE
r-patched-linux-x86_64 0.9.8 1.12 38.39 39.51 NOTE
r-patched-solaris-sparc 0.9.8 470.20 NOTE
r-patched-solaris-x86 0.9.8 93.20 NOTE
r-release-linux-x86_64 0.9.8 1.15 41.81 42.96 OK
r-release-osx-x86_64-mavericks 0.9.8 OK
r-release-windows-ix86+x86_64 0.9.8 5.00 86.00 91.00 OK
r-oldrel-windows-ix86+x86_64 0.9.8 9.00 103.00 112.00 OK

Check Details

Version: 0.9.8
Check: R code for possible problems
Result: NOTE
    generatelatencies: no visible binding for global variable ‘allNames’
    generatetimedeltas: no visible global function definition for ‘head’
    generatetimedeltas: no visible global function definition for ‘tail’
    generatevertexedgelist : <anonymous>: no visible global function
     definition for ‘head’
    generatevertexedgelist : <anonymous>: no visible global function
     definition for ‘tail’
    plotnetworkslices: no visible global function definition for ‘par’
    plotnetworkslices: no visible global function definition for ‘text’
    plottanet: no visible global function definition for ‘plot’
    plottonet: no visible global function definition for ‘plot’
    shortesttimepath : <anonymous>: no visible global function definition
     for ‘tail’
    Undefined global functions or variables:
     allNames head par plot tail text
    Consider adding
     importFrom("graphics", "par", "plot", "text")
     importFrom("methods", "allNames")
     importFrom("utils", "head", "tail")
    to your NAMESPACE file (and ensure that your DESCRIPTION Imports field
    contains 'methods').
Flavors: r-devel-linux-x86_64-debian-gcc, r-devel-linux-x86_64-fedora-clang, r-devel-linux-x86_64-fedora-gcc, r-devel-osx-x86_64-clang, r-devel-windows-ix86+x86_64, r-patched-linux-x86_64, r-patched-solaris-sparc, r-patched-solaris-x86