CRAN Package Check Results for Package timeordered

Last updated on 2015-05-22 12:46:43.

Flavor Version Tinstall Tcheck Ttotal Status Flags
r-devel-linux-x86_64-debian-clang 0.9.8 1.16 36.29 37.46 OK
r-devel-linux-x86_64-debian-gcc 0.9.8 1.04 35.88 36.92 OK
r-devel-linux-x86_64-fedora-gcc 0.9.8 71.08 OK
r-devel-osx-x86_64-clang 0.9.8 64.53 OK
r-devel-windows-ix86+x86_64 0.9.8 7.00 52.00 59.00 OK
r-patched-linux-x86_64 0.9.8 1.06 36.06 37.12 OK
r-patched-solaris-sparc 0.9.8 468.60 OK
r-patched-solaris-x86 0.9.8 98.60 OK
r-release-linux-x86_64 0.9.8 1.06 38.38 39.43 OK
r-release-osx-x86_64-mavericks 0.9.8 OK
r-release-osx-x86_64-snowleopard 0.9.8 ERROR
r-release-windows-ix86+x86_64 0.9.8 4.00 58.00 62.00 OK
r-oldrel-windows-ix86+x86_64 0.9.8 5.00 60.00 65.00 OK

Check Details

Version: 0.9.8
Check: package dependencies
Result: ERROR
    Package required but not available: ‘igraph’
    
    See section ‘The DESCRIPTION file’ in the ‘Writing R Extensions’
    manual.
Flavor: r-release-osx-x86_64-snowleopard