CRAN Package Check Results for Package timeordered

Last updated on 2014-04-19 11:49:00.

Flavor Version Tinstall Tcheck Ttotal Status Flags
r-devel-linux-x86_64-debian-clang 0.9.6 1.40 39.80 41.20 OK
r-devel-linux-x86_64-debian-gcc 0.9.6 1.34 40.60 41.94 OK
r-devel-linux-x86_64-fedora-clang 0.9.6 83.87 OK
r-devel-linux-x86_64-fedora-gcc 0.9.6 82.18 OK
r-devel-macosx-x86_64-clang 0.9.6 68.88 OK
r-devel-macosx-x86_64-gcc 0.9.6 ERROR
r-devel-windows-ix86+x86_64 0.9.6 4.00 62.00 66.00 OK
r-patched-linux-x86_64 0.9.6 1.38 40.49 41.87 OK
r-patched-solaris-sparc 0.9.6 481.00 OK
r-patched-solaris-x86 0.9.6 114.00 OK
r-release-linux-ix86 0.9.6 3.00 67.00 70.00 OK
r-release-linux-x86_64 0.9.6 1.46 40.38 41.84 OK
r-release-macosx-x86_64 0.9.6 OK
r-release-windows-ix86+x86_64 0.9.6 6.00 59.00 65.00 OK
r-oldrel-windows-ix86+x86_64 0.9.6 6.00 62.00 68.00 OK

Check Details

Version: 0.9.6
Check: package dependencies
Result: ERROR
    Package required but not available: ‘igraph’
    
    See the information on DESCRIPTION files in the chapter ‘Creating R
    packages’ of the ‘Writing R Extensions’ manual.
Flavor: r-devel-macosx-x86_64-gcc