CRAN Package Check Results for Package timereg

Last updated on 2014-08-30 03:51:17.

Flavor Version Tinstall Tcheck Ttotal Status Flags
r-devel-linux-x86_64-debian-clang 1.8.5 8.91 40.99 49.90 OK
r-devel-linux-x86_64-debian-gcc 1.8.5 17.95 41.56 59.52 OK
r-devel-linux-x86_64-fedora-clang 1.8.5 99.07 OK
r-devel-linux-x86_64-fedora-gcc 1.8.5 107.42 OK
r-devel-osx-x86_64-clang 1.8.5 82.87 OK
r-devel-windows-ix86+x86_64 1.8.5 77.00 74.00 151.00 OK
r-patched-linux-x86_64 1.8.5 17.98 42.69 60.67 OK
r-patched-solaris-sparc 1.8.5 723.00 NOTE
r-patched-solaris-x86 1.8.5 155.10 NOTE
r-release-linux-ix86 1.8.5 23.59 59.76 83.35 OK
r-release-linux-x86_64 1.8.5 17.72 43.28 61.00 OK
r-release-osx-x86_64-mavericks 1.8.5 OK
r-release-osx-x86_64-snowleopard 1.8.5 NOTE
r-release-windows-ix86+x86_64 1.8.5 65.00 80.00 145.00 OK
r-oldrel-windows-ix86+x86_64 1.8.5 63.00 103.00 166.00 OK

Check Details

Version: 1.8.5
Check: compiled code
Result: NOTE
    File ‘/home/ripley/R/Lib32/timereg/libs/timereg.so’:
     Found ‘printf’, possibly from ‘printf’ (C)
     Object: ‘mgresid.o’
    
    Compiled code should not call entry points which might terminate R nor
    write to stdout/stderr instead of to the console.
    
    See ‘Writing portable packages’ in the ‘Writing R Extensions’ manual.
Flavors: r-patched-solaris-sparc, r-patched-solaris-x86

Version: 1.8.5
Check: compiled code
Result: NOTE
    File ‘/Volumes/XT3/Builds/R-dev-web/QA/Simon/packages/snowleopard-x86_64/results/3.1/timereg.Rcheck/timereg/libs/timereg.so’:
     Found ‘_printf’, possibly from ‘printf’ (C)
     Object: ‘mgresid.o’
    
    Compiled code should not call entry points which might terminate R nor
    write to stdout/stderr instead of to the console.
    
    See ‘Writing portable packages’ in the ‘Writing R Extensions’ manual.
Flavor: r-release-osx-x86_64-snowleopard