CRAN Package Check Results for Package timereg

Last updated on 2017-10-22 20:47:37.

Flavor Version Tinstall Tcheck Ttotal Status Flags
r-devel-linux-x86_64-debian-clang 1.9.1 22.31 74.72 97.03 NOTE
r-devel-linux-x86_64-debian-gcc 1.9.1 28.97 80.61 109.58 NOTE
r-devel-linux-x86_64-fedora-clang 1.9.1 203.80 NOTE
r-devel-linux-x86_64-fedora-gcc 1.9.1 203.81 NOTE
r-devel-windows-ix86+x86_64 1.9.1 82.00 165.00 247.00 OK
r-patched-linux-x86_64 1.9.1 24.72 78.47 103.19 NOTE
r-patched-solaris-x86 1.9.1 333.20 NOTE
r-release-linux-x86_64 1.9.1 25.12 78.14 103.25 NOTE
r-release-windows-ix86+x86_64 1.9.1 105.00 183.00 288.00 OK
r-release-osx-x86_64 1.9.1 OK
r-oldrel-windows-ix86+x86_64 1.9.1 77.00 195.00 272.00 OK
r-oldrel-osx-x86_64 1.9.1 OK

Check Details

Version: 1.9.1
Check: S3 generic/method consistency
Result: NOTE
    Found the following apparent S3 methods exported but not registered:
     [.Event
    See section ‘Registering S3 methods’ in the ‘Writing R Extensions’
    manual.
Flavors: r-devel-linux-x86_64-debian-clang, r-devel-linux-x86_64-debian-gcc, r-devel-linux-x86_64-fedora-clang, r-devel-linux-x86_64-fedora-gcc, r-patched-linux-x86_64, r-patched-solaris-x86, r-release-linux-x86_64