CRAN Package Check Results for Package timereg

Last updated on 2017-01-17 05:49:18.

Flavor Version Tinstall Tcheck Ttotal Status Flags
r-devel-linux-x86_64-debian-clang 1.9.0 24.14 73.59 97.73 OK
r-devel-linux-x86_64-debian-gcc 1.9.0 25.07 76.29 101.36 OK
r-devel-linux-x86_64-fedora-clang 1.9.0 202.40 OK --no-stop-on-test-error
r-devel-linux-x86_64-fedora-gcc 1.9.0 196.63 NOTE --no-stop-on-test-error
r-devel-macos-x86_64-clang 1.9.0 152.05 OK --no-stop-on-test-error
r-devel-windows-ix86+x86_64 1.9.0 88.00 160.00 248.00 OK
r-patched-linux-x86_64 1.9.0 22.75 71.57 94.32 OK
r-patched-solaris-sparc 1.9.0 1192.90 OK
r-patched-solaris-x86 1.9.0 240.90 OK
r-release-linux-x86_64 1.9.0 22.33 71.88 94.21 OK
r-release-osx-x86_64-mavericks 1.9.0 OK
r-release-windows-ix86+x86_64 1.9.0 95.00 197.00 292.00 OK
r-oldrel-windows-ix86+x86_64 1.9.0 78.00 218.00 296.00 OK

Check Details

Version: 1.9.0
Flags: --no-stop-on-test-error
Check: compiled code
Result: NOTE
    File ‘timereg/libs/timereg.so’:
     Found no calls to: ‘R_registerRoutines’, ‘R_useDynamicSymbols’
    
    It is good practice to use registered native symbols and disable symbol
    search.
    
    See ‘Writing portable packages’ in the ‘Writing R Extensions’ manual.
Flavor: r-devel-linux-x86_64-fedora-gcc