CRAN Package Check Results for Package timereg

Last updated on 2014-04-25 09:52:25.

Flavor Version Tinstall Tcheck Ttotal Status Flags
r-devel-linux-x86_64-debian-clang 1.8.4 9.14 44.06 53.20 OK
r-devel-linux-x86_64-debian-gcc 1.8.4 16.45 44.96 61.41 OK
r-devel-linux-x86_64-fedora-clang 1.8.4 101.76 OK
r-devel-linux-x86_64-fedora-gcc 1.8.4 112.26 OK
r-devel-osx-x86_64-clang 1.8.4 85.11 OK
r-devel-osx-x86_64-gcc 1.8.4 OK
r-devel-windows-ix86+x86_64 1.8.4 56.00 82.00 138.00 OK
r-patched-linux-x86_64 1.8.4 16.45 45.10 61.55 OK
r-patched-solaris-sparc 1.8.4 720.70 OK
r-patched-solaris-x86 1.8.4 155.40 OK
r-release-linux-ix86 1.8.4 31.00 74.00 105.00 OK
r-release-linux-x86_64 1.8.4 16.63 45.55 62.18 OK
r-release-osx-x86_64-mavericks 1.8.4 WARN
r-release-osx-x86_64-snowleopard 1.8.4 OK
r-release-windows-ix86+x86_64 1.8.4 61.00 81.00 142.00 OK
r-oldrel-windows-ix86+x86_64 1.8.4 61.00 75.00 136.00 OK

Check Details

Version: 1.8.4
Check: PDF version of manual
Result: WARNING
    LaTeX errors when creating PDF version.
    This typically indicates Rd problems.
    LaTeX errors found:
    ! LaTeX Error: File `upquote.sty' not found.
    
    Type X to quit or <RETURN> to proceed,
    or enter new name. (Default extension: sty)
    
    ec575e0/Rd2.tex:8: ==> Fatal error occurred, no output PDF file produced!
Flavor: r-release-osx-x86_64-mavericks