CRAN Package Check Results for Package timereg

Last updated on 2014-07-29 05:47:12.

Flavor Version Tinstall Tcheck Ttotal Status Flags
r-devel-linux-x86_64-debian-clang 1.8.5 8.87 42.53 51.40 OK
r-devel-linux-x86_64-debian-gcc 1.8.5 17.83 43.04 60.87 OK
r-devel-linux-x86_64-fedora-clang 1.8.5 100.57 OK
r-devel-linux-x86_64-fedora-gcc 1.8.5 110.60 OK
r-devel-osx-x86_64-clang 1.8.5 83.18 OK
r-devel-windows-ix86+x86_64 1.8.5 62.00 71.00 133.00 OK
r-patched-linux-x86_64 1.8.5 18.51 42.74 61.25 OK
r-patched-solaris-sparc 1.8.5 663.00 NOTE
r-patched-solaris-x86 1.8.5 156.20 NOTE
r-release-linux-ix86 1.8.5 23.88 55.58 79.46 OK
r-release-linux-x86_64 1.8.5 18.22 45.15 63.37 OK
r-release-osx-x86_64-mavericks 1.8.5 OK
r-release-osx-x86_64-snowleopard 1.8.5 NOTE
r-release-windows-ix86+x86_64 1.8.5 60.00 77.00 137.00 OK
r-oldrel-windows-ix86+x86_64 1.8.5 60.00 75.00 135.00 OK

Check Details

Version: 1.8.5
Check: compiled code
Result: NOTE
    File /home/ripley/R/Lib32/timereg/libs/timereg.so :
     Found printf , possibly from printf (C)
     Object: mgresid.o
    
    Compiled code should not call entry points which might terminate R nor
    write to stdout/stderr instead of to the console.
    
    See Writing portable packages in the Writing R Extensions manual.
Flavors: r-patched-solaris-sparc, r-patched-solaris-x86

Version: 1.8.5
Check: compiled code
Result: NOTE
    File /Volumes/XT3/Builds/R-dev-web/QA/Simon/packages/snowleopard-x86_64/results/3.1/timereg.Rcheck/timereg/libs/timereg.so :
     Found _printf , possibly from printf (C)
     Object: mgresid.o
    
    Compiled code should not call entry points which might terminate R nor
    write to stdout/stderr instead of to the console.
    
    See Writing portable packages in the Writing R Extensions manual.
Flavor: r-release-osx-x86_64-snowleopard