CRAN Package Check Results for Package timereg

Last updated on 2017-06-23 23:51:16.

Flavor Version Tinstall Tcheck Ttotal Status Flags
r-devel-linux-x86_64-debian-clang 1.9.1 27.38 75.88 103.26 NOTE
r-devel-linux-x86_64-debian-gcc 1.9.1 25.39 76.13 101.52 NOTE
r-devel-linux-x86_64-fedora-clang 1.9.1 217.54 NOTE
r-devel-linux-x86_64-fedora-gcc 1.9.1 202.20 NOTE
r-devel-windows-ix86+x86_64 1.9.1 116.00 211.00 327.00 OK
r-patched-linux-x86_64 1.9.1 22.69 77.25 99.93 NOTE
r-patched-solaris-sparc 1.9.1 1254.90 OK
r-patched-solaris-x86 1.9.1 310.90 NOTE
r-release-linux-x86_64 1.9.1 22.71 77.09 99.80 OK
r-release-windows-ix86+x86_64 1.9.1 77.00 225.00 302.00 OK
r-release-osx-x86_64 1.9.1 OK
r-oldrel-windows-ix86+x86_64 1.9.1 109.00 202.00 311.00 OK
r-oldrel-osx-x86_64 1.9.1 OK

Check Details

Version: 1.9.1
Check: S3 generic/method consistency
Result: NOTE
    Found the following apparent S3 methods exported but not registered:
     [.Event
    See section ‘Registering S3 methods’ in the ‘Writing R Extensions’
    manual.
Flavors: r-devel-linux-x86_64-debian-clang, r-devel-linux-x86_64-debian-gcc, r-devel-linux-x86_64-fedora-clang, r-devel-linux-x86_64-fedora-gcc, r-patched-linux-x86_64, r-patched-solaris-x86