CRAN Package Check Results for Package timereg

Last updated on 2015-09-02 19:47:57.

Flavor Version Tinstall Tcheck Ttotal Status Flags
r-devel-linux-x86_64-debian-clang 1.8.9 14.10 50.59 64.69 NOTE
r-devel-linux-x86_64-debian-gcc 1.8.9 21.00 49.65 70.65 NOTE
r-devel-linux-x86_64-fedora-clang 1.8.9 124.23 NOTE
r-devel-linux-x86_64-fedora-gcc 1.8.9 125.44 NOTE
r-devel-osx-x86_64-clang 1.8.9 94.32 OK
r-devel-windows-ix86+x86_64 1.8.9 99.00 143.00 242.00 NOTE
r-patched-linux-x86_64 1.8.9 21.11 52.54 73.65 OK
r-patched-solaris-sparc 1.8.9 927.80 OK
r-patched-solaris-x86 1.8.9 190.00 OK
r-release-linux-x86_64 1.8.9 21.33 52.98 74.31 OK
r-release-osx-x86_64-mavericks 1.8.9 OK
r-release-windows-ix86+x86_64 1.8.9 94.00 139.00 233.00 OK
r-oldrel-windows-ix86+x86_64 1.8.9 109.00 125.00 234.00 OK

Check Details

Version: 1.8.9
Check: R code for possible problems
Result: NOTE
    Gprop.odds: no visible global function definition for ‘terms’
    Gprop.odds: no visible global function definition for ‘model.extract’
    Gprop.odds: no visible global function definition for ‘model.matrix’
    Gprop.odds: no visible global function definition for ‘runif’
    aalen: no visible global function definition for ‘terms’
    aalen: no visible global function definition for ‘model.extract’
    aalen: no visible global function definition for ‘quantile’
    aalen.des: no visible global function definition for ‘terms’
    aalen.des: no visible global function definition for ‘model.extract’
    aalen.des2: no visible global function definition for ‘terms’
    aalen.des2: no visible global function definition for ‘model.extract’
    aalenBaseC: no visible global function definition for ‘runif’
    additive.compSs: no visible global function definition for ‘terms’
    additive.compSs: no visible global function definition for
     ‘model.extract’
    coef.two.stage: no visible global function definition for ‘pnorm’
    coefBase: no visible global function definition for ‘pnorm’
    coefBase: no visible global function definition for ‘qnorm’
    comp.risk: no visible global function definition for ‘terms’
    comp.risk: no visible global function definition for ‘model.extract’
    comp.risk: no visible global function definition for ‘quantile’
    comp.risk: no visible global function definition for ‘model.matrix’
    comp.risk: no visible global function definition for ‘coef’
    comp.risk: no visible global function definition for ‘runif’
    comprisk.ipw: no visible global function definition for ‘glm’
    comprisk.ipw: no visible global function definition for ‘model.matrix’
    comprisk.ipw: no visible global function definition for ‘predict’
    comprisk.ipw: no visible global function definition for ‘coef’
    cox.aalen: no visible global function definition for ‘terms’
    cox.aalen: no visible global function definition for ‘na.omit’
    cox.aalen: no visible global function definition for ‘model.extract’
    cox.aalen: no visible global function definition for ‘quantile’
    cox.aalenBase: no visible global function definition for ‘quantile’
    cox.aalenBase: no visible global function definition for ‘runif’
    cox.aalenBase: no visible global function definition for ‘approx’
    cox.ipw: no visible global function definition for ‘glm’
    cox.ipw: no visible global function definition for ‘model.matrix’
    cox.ipw: no visible global function definition for ‘predict’
    cox.ipw: no visible global function definition for ‘update’
    cox.ipw: no visible global function definition for ‘runif’
    cox.ipw: no visible global function definition for ‘coef’
    cum.residuals: no visible global function definition for ‘runif’
    cum.residuals: no visible global function definition for ‘quantile’
    des.aalen: no visible global function definition for ‘terms’
    des.aalen: no visible global function definition for ‘model.extract’
    dynreg: no visible global function definition for ‘terms’
    dynreg: no visible global function definition for ‘model.extract’
    dynreg: no visible global function definition for ‘runif’
    dynregBase: no visible global function definition for ‘runif’
    dynregBase: no visible binding for global variable ‘time’
    kmplot: no visible global function definition for ‘plot’
    kmplot: no visible global function definition for ‘legend’
    names2formula: no visible global function definition for ‘as.formula’
    names2formula: no visible global function definition for ‘update’
    pe.sasieni: no visible global function definition for ‘terms’
    pe.sasieni: no visible global function definition for ‘model.extract’
    pe.sasieni: no visible global function definition for ‘model.matrix’
    pe.sasieni: no visible global function definition for ‘runif’
    plot.comprisk: no visible global function definition for ‘qnorm’
    plot.comprisk: no visible global function definition for ‘plot’
    plot.comprisk: no visible global function definition for ‘title’
    plot.comprisk: no visible global function definition for ‘lines’
    plot.comprisk: no visible global function definition for ‘abline’
    plot.cum.residuals: no visible global function definition for ‘qnorm’
    plot.cum.residuals: no visible global function definition for ‘plot’
    plot.cum.residuals: no visible global function definition for ‘title’
    plot.cum.residuals: no visible global function definition for ‘lines’
    plot.cum.residuals: no visible global function definition for ‘abline’
    plot.cum.residuals: no visible global function definition for ‘points’
    plot.cum.residuals : <anonymous>: no visible binding for global
     variable ‘rgb’
    plot.cum.residuals : <anonymous>: no visible global function definition
     for ‘col2rgb’
    plot.cum.residuals: no visible global function definition for ‘polygon’
    plot.cums: no visible global function definition for ‘qnorm’
    plot.cums: no visible global function definition for ‘plot’
    plot.cums: no visible global function definition for ‘title’
    plot.cums: no visible global function definition for ‘lines’
    plot.cums: no visible global function definition for ‘abline’
    plot.dynreg: no visible global function definition for ‘qnorm’
    plot.dynreg: no visible global function definition for ‘plot’
    plot.dynreg: no visible global function definition for ‘title’
    plot.dynreg: no visible global function definition for ‘lines’
    plot.dynreg: no visible global function definition for ‘abline’
    plot.predict.timereg: no visible global function definition for ‘plot’
    plot.predict.timereg: no visible global function definition for ‘lines’
    plot.predict.timereg: no visible global function definition for ‘qnorm’
    plot.predict.timereg : <anonymous>: no visible binding for global
     variable ‘rgb’
    plot.predict.timereg : <anonymous>: no visible global function
     definition for ‘col2rgb’
    plot.predict.timereg: no visible global function definition for
     ‘polygon’
    plot.prop.excess: no visible global function definition for ‘qnorm’
    plot.prop.excess: no visible global function definition for ‘plot’
    plot.prop.excess: no visible global function definition for ‘title’
    plot.prop.excess: no visible global function definition for ‘lines’
    plot.prop.excess: no visible global function definition for ‘abline’
    plot.resmean: no visible global function definition for ‘qnorm’
    plot.resmean: no visible global function definition for ‘plot’
    plot.resmean: no visible global function definition for ‘title’
    plot.resmean: no visible global function definition for ‘lines’
    plot.resmean: no visible global function definition for ‘abline’
    plot.restricted.residual.mean: no visible global function definition
     for ‘matplot’
    plot.two.stage: no visible global function definition for ‘qnorm’
    plot.two.stage: no visible global function definition for ‘plot’
    plot.two.stage: no visible global function definition for ‘title’
    plot.two.stage: no visible global function definition for ‘lines’
    plot.two.stage: no visible global function definition for ‘abline’
    plotScore: no visible global function definition for ‘plot’
    plotScore: no visible global function definition for ‘title’
    plotScore: no visible global function definition for ‘lines’
    pred.des: no visible global function definition for ‘terms’
    pred.des: no visible global function definition for ‘model.matrix’
    predict.timereg: no visible global function definition for ‘formula’
    predict.timereg: no visible global function definition for
     ‘delete.response’
    predict.timereg: no visible global function definition for ‘terms’
    prep.comp.risk: no visible global function definition for
     ‘model.matrix’
    prep.comp.risk: no visible global function definition for ‘coef’
    prop.excess: no visible global function definition for ‘terms’
    prop.excess: no visible global function definition for ‘model.extract’
    prop.excessBase: no visible global function definition for ‘runif’
    prop.excessBase: no visible global function definition for ‘quantile’
    prop.odds.gam: no visible global function definition for ‘terms’
    prop.odds.gam: no visible global function definition for
     ‘model.extract’
    prop.odds.gam: no visible global function definition for ‘model.matrix’
    prop.odds.gam: no visible global function definition for ‘runif’
    prop.odds.gam: no visible global function definition for ‘quantile’
    prop.odds.subdist: no visible global function definition for ‘terms’
    prop.odds.subdist: no visible global function definition for
     ‘model.extract’
    prop.odds.subdist: no visible global function definition for
     ‘model.matrix’
    prop.odds.subdist: no visible global function definition for ‘runif’
    prop.odds.subdist: no visible global function definition for ‘quantile’
    prop.odds.subdist: no visible global function definition for ‘coef’
    prop.odds.subdist.ipw: no visible global function definition for ‘glm’
    prop.odds.subdist.ipw: no visible global function definition for
     ‘model.matrix’
    prop.odds.subdist.ipw: no visible global function definition for
     ‘predict’
    prop.odds.subdist.ipw: no visible global function definition for ‘coef’
    read.design: no visible global function definition for ‘model.matrix’
    read.surv: no visible global function definition for ‘runif’
    res.mean: no visible global function definition for ‘terms’
    res.mean: no visible global function definition for ‘model.extract’
    res.mean: no visible global function definition for ‘runif’
    semicox: no visible global function definition for ‘runif’
    semiregBase: no visible global function definition for ‘runif’
    semiregBase: no visible binding for global variable ‘time’
    summary.comprisk: no visible global function definition for ‘coef’
    summary.comprisk.ipw: no visible global function definition for ‘pnorm’
    summary.cox.ipw: no visible global function definition for ‘pnorm’
    summary.pe.sasieni: no visible global function definition for ‘pchisq’
    summary.predict.timereg: no visible global function definition for
     ‘head’
    summary.prop.excess: no visible global function definition for ‘pchisq’
    summary.resmean: no visible global function definition for ‘head’
    summary.resmean: no visible global function definition for ‘qnorm’
    summary.two.stage: no visible global function definition for ‘pnorm’
    timecox: no visible global function definition for ‘terms’
    timecox: no visible global function definition for ‘model.extract’
    timecoxBase: no visible global function definition for ‘runif’
    timereg.formula: no visible global function definition for ‘update’
    timereg.formula: no visible global function definition for ‘as.formula’
    two.stage: no visible global function definition for ‘model.frame’
    two.stage: no visible global function definition for ‘model.extract’
    two.stage: no visible global function definition for ‘coef’
    wald.test: no visible global function definition for ‘qnorm’
    wald.test: no visible global function definition for ‘pchisq’
    Undefined global functions or variables:
     abline approx as.formula coef col2rgb delete.response formula glm
     head legend lines matplot model.extract model.frame model.matrix
     na.omit pchisq plot pnorm points polygon predict qnorm quantile rgb
     runif terms time title update
    Consider adding
     importFrom("grDevices", "col2rgb", "rgb")
     importFrom("graphics", "abline", "legend", "lines", "matplot", "plot",
     "points", "polygon", "title")
     importFrom("stats", "approx", "as.formula", "coef", "delete.response",
     "formula", "glm", "model.extract", "model.frame",
     "model.matrix", "na.omit", "pchisq", "pnorm", "predict",
     "qnorm", "quantile", "runif", "terms", "time", "update")
     importFrom("utils", "head")
    to your NAMESPACE.
Flavors: r-devel-linux-x86_64-debian-clang, r-devel-linux-x86_64-debian-gcc, r-devel-linux-x86_64-fedora-clang, r-devel-linux-x86_64-fedora-gcc, r-devel-windows-ix86+x86_64