CRAN Package Check Results for Package timereg

Last updated on 2017-08-24 02:48:43.

Flavor Version Tinstall Tcheck Ttotal Status Flags
r-devel-linux-x86_64-debian-clang 1.9.1 24.86 75.86 100.72 NOTE
r-devel-linux-x86_64-debian-gcc 1.9.1 26.14 74.98 101.13 NOTE
r-devel-linux-x86_64-fedora-clang 1.9.1 195.95 NOTE
r-devel-linux-x86_64-fedora-gcc 1.9.1 202.71 NOTE
r-devel-windows-ix86+x86_64 1.9.1 81.00 159.00 240.00 OK
r-patched-linux-x86_64 1.9.1 24.55 76.93 101.48 NOTE
r-patched-solaris-x86 1.9.1 316.80 NOTE
r-release-linux-x86_64 1.9.1 24.91 79.29 104.20 NOTE
r-release-windows-ix86+x86_64 1.9.1 71.00 218.00 289.00 OK
r-release-osx-x86_64 1.9.1 OK
r-oldrel-windows-ix86+x86_64 1.9.1 102.00 153.00 255.00 OK
r-oldrel-osx-x86_64 1.9.1 OK

Check Details

Version: 1.9.1
Check: S3 generic/method consistency
Result: NOTE
    Found the following apparent S3 methods exported but not registered:
     [.Event
    See section ‘Registering S3 methods’ in the ‘Writing R Extensions’
    manual.
Flavors: r-devel-linux-x86_64-debian-clang, r-devel-linux-x86_64-debian-gcc, r-devel-linux-x86_64-fedora-clang, r-devel-linux-x86_64-fedora-gcc, r-patched-linux-x86_64, r-patched-solaris-x86, r-release-linux-x86_64