CRAN Package Check Results for Package timereg

Last updated on 2015-01-31 13:48:38.

Flavor Version Tinstall Tcheck Ttotal Status Flags
r-devel-linux-x86_64-debian-clang 1.8.6 11.10 42.16 53.26 NOTE
r-devel-linux-x86_64-debian-gcc 1.8.6 17.42 40.45 57.87 NOTE
r-devel-linux-x86_64-fedora-clang 1.8.6 107.04 NOTE
r-devel-linux-x86_64-fedora-gcc 1.8.6 109.54 NOTE
r-devel-osx-x86_64-clang 1.8.6 86.33 NOTE
r-devel-windows-ix86+x86_64 1.8.6 83.00 68.00 151.00 NOTE
r-patched-linux-x86_64 1.8.6 17.97 44.15 62.12 OK
r-patched-solaris-sparc 1.8.6 731.20 OK
r-patched-solaris-x86 1.8.6 157.10 OK
r-release-linux-ix86 1.8.6 22.44 56.08 78.52 OK
r-release-linux-x86_64 1.8.6 18.16 44.33 62.49 OK
r-release-osx-x86_64-mavericks 1.8.6 OK
r-release-osx-x86_64-snowleopard 1.8.6 OK
r-release-windows-ix86+x86_64 1.8.6 65.00 78.00 143.00 OK
r-oldrel-windows-ix86+x86_64 1.8.6 65.00 80.00 145.00 OK

Check Details

Version: 1.8.6
Check: dependencies in R code
Result: NOTE
    'library' or 'require' call to ‘numDeriv’ in package code.
     Please use :: or requireNamespace() instead.
     See section 'Suggested packages' in the 'Writing R Extensions' manual.
Flavors: r-devel-linux-x86_64-debian-clang, r-devel-linux-x86_64-debian-gcc, r-devel-linux-x86_64-fedora-clang, r-devel-linux-x86_64-fedora-gcc, r-devel-osx-x86_64-clang, r-devel-windows-ix86+x86_64

Version: 1.8.6
Check: S3 generic/method consistency
Result: NOTE
    Found the following apparent S3 methods exported but not registered:
     as.matrix.Event format.Event print.Event summary.Event plot.cums
     coef.comprisk predict.timereg as.character.Event
    See section ‘Registering S3 methods’ in the ‘Writing R Extensions’
    manual.
Flavors: r-devel-linux-x86_64-debian-clang, r-devel-linux-x86_64-debian-gcc, r-devel-linux-x86_64-fedora-clang, r-devel-linux-x86_64-fedora-gcc, r-devel-osx-x86_64-clang