CRAN Package Check Results for Package timereg

Last updated on 2017-04-27 05:52:13.

Flavor Version Tinstall Tcheck Ttotal Status Flags
r-devel-linux-x86_64-debian-clang 1.9.0 25.63 74.13 99.76 NOTE
r-devel-linux-x86_64-debian-gcc 1.9.0 24.83 75.23 100.06 NOTE
r-devel-linux-x86_64-fedora-clang 1.9.0 207.71 NOTE --no-stop-on-test-error
r-devel-linux-x86_64-fedora-gcc 1.9.0 197.82 NOTE --no-stop-on-test-error
r-devel-windows-ix86+x86_64 1.9.0 82.00 211.00 293.00 OK
r-patched-linux-x86_64 1.9.0 22.58 75.55 98.13 NOTE
r-patched-solaris-sparc 1.9.0 1494.30 OK
r-patched-solaris-x86 1.9.0 306.50 OK
r-release-linux-x86_64 1.9.0 22.96 75.86 98.82 NOTE
r-release-windows-ix86+x86_64 1.9.0 84.00 171.00 255.00 OK
r-release-osx-x86_64 1.9.0 OK
r-oldrel-windows-ix86+x86_64 1.9.0 78.00 193.00 271.00 OK
r-oldrel-osx-x86_64 1.9.0 OK

Check Details

Version: 1.9.0
Check: compiled code
Result: NOTE
    File ‘timereg/libs/timereg.so’:
     Found no calls to: ‘R_registerRoutines’, ‘R_useDynamicSymbols’
    
    It is good practice to register native routines and to disable symbol
    search.
    
    See ‘Writing portable packages’ in the ‘Writing R Extensions’ manual.
Flavors: r-devel-linux-x86_64-debian-clang, r-devel-linux-x86_64-debian-gcc, r-patched-linux-x86_64, r-release-linux-x86_64

Version: 1.9.0
Flags: --no-stop-on-test-error
Check: compiled code
Result: NOTE
    File ‘timereg/libs/timereg.so’:
     Found no calls to: ‘R_registerRoutines’, ‘R_useDynamicSymbols’
    
    It is good practice to register native routines and to disable symbol
    search.
    
    See ‘Writing portable packages’ in the ‘Writing R Extensions’ manual.
Flavors: r-devel-linux-x86_64-fedora-clang, r-devel-linux-x86_64-fedora-gcc