CRAN Package Check Results for Package timereg

Last updated on 2015-02-27 15:47:55.

Flavor Version Tinstall Tcheck Ttotal Status Flags
r-devel-linux-x86_64-debian-clang 1.8.6 11.13 41.56 52.69 NOTE
r-devel-linux-x86_64-debian-gcc 1.8.6 17.35 41.19 58.54 NOTE
r-devel-linux-x86_64-fedora-clang 1.8.6 103.90 NOTE
r-devel-linux-x86_64-fedora-gcc 1.8.6 107.16 NOTE
r-devel-osx-x86_64-clang 1.8.6 83.42 NOTE
r-devel-windows-ix86+x86_64 1.8.6 82.00 73.00 155.00 NOTE
r-patched-linux-x86_64 1.8.6 17.60 44.50 62.10 NOTE
r-patched-solaris-sparc 1.8.6 776.40 NOTE
r-release-linux-ix86 1.8.6 22.39 56.28 78.67 OK
r-release-linux-x86_64 1.8.6 17.92 44.49 62.41 OK
r-release-osx-x86_64-mavericks 1.8.6 OK
r-release-osx-x86_64-snowleopard 1.8.6 OK
r-release-windows-ix86+x86_64 1.8.6 58.00 83.00 141.00 OK
r-oldrel-windows-ix86+x86_64 1.8.6 64.00 78.00 142.00 OK

Check Details

Version: 1.8.6
Check: DESCRIPTION meta-information
Result: NOTE
    Malformed Title field: should not end in a period.
Flavors: r-devel-linux-x86_64-debian-clang, r-devel-linux-x86_64-debian-gcc, r-devel-linux-x86_64-fedora-clang, r-devel-linux-x86_64-fedora-gcc, r-devel-osx-x86_64-clang, r-devel-windows-ix86+x86_64

Version: 1.8.6
Check: dependencies in R code
Result: NOTE
    'library' or 'require' call to ‘numDeriv’ in package code.
     Please use :: or requireNamespace() instead.
     See section 'Suggested packages' in the 'Writing R Extensions' manual.
Flavors: r-devel-linux-x86_64-debian-clang, r-devel-linux-x86_64-debian-gcc, r-devel-linux-x86_64-fedora-clang, r-devel-linux-x86_64-fedora-gcc, r-devel-osx-x86_64-clang, r-devel-windows-ix86+x86_64, r-patched-linux-x86_64, r-patched-solaris-sparc

Version: 1.8.6
Check: S3 generic/method consistency
Result: NOTE
    Found the following apparent S3 methods exported but not registered:
     as.character.Event as.matrix.Event coef.comprisk format.Event
     plot.cums predict.timereg print.Event summary.Event
    See section ‘Registering S3 methods’ in the ‘Writing R Extensions’
    manual.
Flavors: r-devel-linux-x86_64-debian-clang, r-devel-linux-x86_64-debian-gcc, r-devel-linux-x86_64-fedora-clang, r-devel-linux-x86_64-fedora-gcc, r-devel-osx-x86_64-clang