CRAN Package Check Results for Package timereg

Last updated on 2017-03-27 21:49:18.

Flavor Version Tinstall Tcheck Ttotal Status Flags
r-devel-linux-x86_64-debian-clang 1.9.0 25.74 74.03 99.77 NOTE
r-devel-linux-x86_64-debian-gcc 1.9.0 24.94 75.81 100.75 NOTE
r-devel-linux-x86_64-fedora-clang 1.9.0 200.20 NOTE --no-stop-on-test-error
r-devel-linux-x86_64-fedora-gcc 1.9.0 198.94 NOTE --no-stop-on-test-error
r-devel-macos-x86_64-clang 1.9.0 153.25 NOTE --no-stop-on-test-error
r-devel-windows-ix86+x86_64 1.9.0 89.00 220.00 309.00 OK
r-patched-linux-x86_64 1.9.0 22.37 76.42 98.79 NOTE
r-patched-solaris-sparc 1.9.0 1494.30 OK
r-patched-solaris-x86 1.9.0 326.80 OK
r-release-linux-x86_64 1.9.0 22.25 70.26 92.51 OK
r-release-osx-x86_64-mavericks 1.9.0 OK
r-release-windows-ix86+x86_64 1.9.0 114.00 154.00 268.00 OK
r-oldrel-windows-ix86+x86_64 1.9.0 73.00 162.00 235.00 OK

Check Details

Version: 1.9.0
Check: compiled code
Result: NOTE
    File ‘timereg/libs/timereg.so’:
     Found no calls to: ‘R_registerRoutines’, ‘R_useDynamicSymbols’
    
    It is good practice to register native routines and to disable symbol
    search.
    
    See ‘Writing portable packages’ in the ‘Writing R Extensions’ manual.
Flavors: r-devel-linux-x86_64-debian-clang, r-devel-linux-x86_64-debian-gcc, r-patched-linux-x86_64

Version: 1.9.0
Flags: --no-stop-on-test-error
Check: compiled code
Result: NOTE
    File ‘timereg/libs/timereg.so’:
     Found no calls to: ‘R_registerRoutines’, ‘R_useDynamicSymbols’
    
    It is good practice to register native routines and to disable symbol
    search.
    
    See ‘Writing portable packages’ in the ‘Writing R Extensions’ manual.
Flavors: r-devel-linux-x86_64-fedora-clang, r-devel-linux-x86_64-fedora-gcc, r-devel-macos-x86_64-clang