CRAN Package Check Results for Package timereg

Last updated on 2014-10-20 11:48:46.

Flavor Version Tinstall Tcheck Ttotal Status Flags
r-devel-linux-x86_64-debian-clang 1.8.5 11.29 43.45 54.74 OK
r-devel-linux-x86_64-debian-gcc 1.8.5 18.04 42.24 60.27 OK
r-devel-linux-x86_64-fedora-clang 1.8.5 106.35 OK
r-devel-linux-x86_64-fedora-gcc 1.8.5 106.49 OK
r-devel-osx-x86_64-clang 1.8.5 87.16 OK
r-devel-windows-ix86+x86_64 1.8.5 58.00 71.00 129.00 OK
r-patched-linux-x86_64 1.8.5 17.97 47.18 65.15 OK
r-patched-solaris-sparc 1.8.5 723.00 NOTE
r-patched-solaris-x86 1.8.5 157.50 NOTE
r-release-linux-ix86 1.8.5 23.62 56.68 80.30 OK
r-release-linux-x86_64 1.8.5 17.70 44.20 61.90 OK
r-release-osx-x86_64-mavericks 1.8.5 OK
r-release-osx-x86_64-snowleopard 1.8.5 NOTE
r-release-windows-ix86+x86_64 1.8.5 60.00 76.00 136.00 OK
r-oldrel-windows-ix86+x86_64 1.8.5 62.00 76.00 138.00 OK

Check Details

Version: 1.8.5
Check: compiled code
Result: NOTE
    File ‘/home/ripley/R/Lib32/timereg/libs/timereg.so’:
     Found ‘printf’, possibly from ‘printf’ (C)
     Object: ‘mgresid.o’
    
    Compiled code should not call entry points which might terminate R nor
    write to stdout/stderr instead of to the console.
    
    See ‘Writing portable packages’ in the ‘Writing R Extensions’ manual.
Flavor: r-patched-solaris-sparc

Version: 1.8.5
Check: compiled code
Result: NOTE
    File ‘timereg/libs/timereg.so’:
     Found ‘printf’, possibly from ‘printf’ (C)
     Object: ‘mgresid.o’
    
    Compiled code should not call entry points which might terminate R nor
    write to stdout/stderr instead of to the console, nor the C RNG.
    
    See ‘Writing portable packages’ in the ‘Writing R Extensions’ manual.
Flavor: r-patched-solaris-x86

Version: 1.8.5
Check: compiled code
Result: NOTE
    File ‘/Volumes/XT3/Builds/R-dev-web/QA/Simon/packages/snowleopard-x86_64/results/3.1/timereg.Rcheck/timereg/libs/timereg.so’:
     Found ‘_printf’, possibly from ‘printf’ (C)
     Object: ‘mgresid.o’
    
    Compiled code should not call entry points which might terminate R nor
    write to stdout/stderr instead of to the console.
    
    See ‘Writing portable packages’ in the ‘Writing R Extensions’ manual.
Flavor: r-release-osx-x86_64-snowleopard