CRAN Package Check Results for Package timereg

Last updated on 2017-02-25 07:49:36.

Flavor Version Tinstall Tcheck Ttotal Status Flags
r-devel-linux-x86_64-debian-clang 1.9.0 24.08 73.17 97.25 NOTE
r-devel-linux-x86_64-debian-gcc 1.9.0 24.60 74.83 99.43 NOTE
r-devel-linux-x86_64-fedora-clang 1.9.0 196.64 NOTE --no-stop-on-test-error
r-devel-linux-x86_64-fedora-gcc 1.9.0 199.20 NOTE --no-stop-on-test-error
r-devel-macos-x86_64-clang 1.9.0 154.28 NOTE --no-stop-on-test-error
r-devel-windows-ix86+x86_64 1.9.0 107.00 221.00 328.00 OK
r-patched-linux-x86_64 1.9.0 22.37 70.54 92.91 OK
r-patched-solaris-sparc 1.9.0 1192.90 OK
r-patched-solaris-x86 1.9.0 242.80 OK
r-release-linux-x86_64 1.9.0 22.56 70.61 93.17 OK
r-release-osx-x86_64-mavericks 1.9.0 OK
r-release-windows-ix86+x86_64 1.9.0 111.00 197.00 308.00 OK
r-oldrel-windows-ix86+x86_64 1.9.0 101.00 209.00 310.00 OK

Check Details

Version: 1.9.0
Check: compiled code
Result: NOTE
    File ‘timereg/libs/timereg.so’:
     Found no calls to: ‘R_registerRoutines’, ‘R_useDynamicSymbols’
    
    It is good practice to register native routines and to disable symbol
    search.
    
    See ‘Writing portable packages’ in the ‘Writing R Extensions’ manual.
Flavors: r-devel-linux-x86_64-debian-clang, r-devel-linux-x86_64-debian-gcc

Version: 1.9.0
Flags: --no-stop-on-test-error
Check: compiled code
Result: NOTE
    File ‘timereg/libs/timereg.so’:
     Found no calls to: ‘R_registerRoutines’, ‘R_useDynamicSymbols’
    
    It is good practice to register native routines and to disable symbol
    search.
    
    See ‘Writing portable packages’ in the ‘Writing R Extensions’ manual.
Flavors: r-devel-linux-x86_64-fedora-clang, r-devel-linux-x86_64-fedora-gcc, r-devel-macos-x86_64-clang