CRAN Package Check Results for Package timereg

Last updated on 2014-09-21 07:47:19.

Flavor Version Tinstall Tcheck Ttotal Status Flags
r-devel-linux-x86_64-debian-clang 1.8.5 11.50 41.38 52.88 OK
r-devel-linux-x86_64-debian-gcc 1.8.5 18.02 41.79 59.80 OK
r-devel-linux-x86_64-fedora-clang 1.8.5 105.94 OK
r-devel-linux-x86_64-fedora-gcc 1.8.5 106.40 OK
r-devel-osx-x86_64-clang 1.8.5 82.19 OK
r-devel-windows-ix86+x86_64 1.8.5 62.00 70.00 132.00 OK
r-patched-linux-x86_64 1.8.5 18.54 43.78 62.33 OK
r-patched-solaris-sparc 1.8.5 723.00 NOTE
r-patched-solaris-x86 1.8.5 169.30 NOTE
r-release-linux-ix86 1.8.5 23.79 56.96 80.75 OK
r-release-linux-x86_64 1.8.5 18.35 43.64 61.99 OK
r-release-osx-x86_64-mavericks 1.8.5 OK
r-release-osx-x86_64-snowleopard 1.8.5 NOTE
r-release-windows-ix86+x86_64 1.8.5 58.00 74.00 132.00 OK
r-oldrel-windows-ix86+x86_64 1.8.5 62.00 81.00 143.00 OK

Check Details

Version: 1.8.5
Check: compiled code
Result: NOTE
    File ‘/home/ripley/R/Lib32/timereg/libs/timereg.so’:
     Found ‘printf’, possibly from ‘printf’ (C)
     Object: ‘mgresid.o’
    
    Compiled code should not call entry points which might terminate R nor
    write to stdout/stderr instead of to the console.
    
    See ‘Writing portable packages’ in the ‘Writing R Extensions’ manual.
Flavors: r-patched-solaris-sparc, r-patched-solaris-x86

Version: 1.8.5
Check: compiled code
Result: NOTE
    File ‘/Volumes/XT3/Builds/R-dev-web/QA/Simon/packages/snowleopard-x86_64/results/3.1/timereg.Rcheck/timereg/libs/timereg.so’:
     Found ‘_printf’, possibly from ‘printf’ (C)
     Object: ‘mgresid.o’
    
    Compiled code should not call entry points which might terminate R nor
    write to stdout/stderr instead of to the console.
    
    See ‘Writing portable packages’ in the ‘Writing R Extensions’ manual.
Flavor: r-release-osx-x86_64-snowleopard