CRAN Package Check Results for Package timeseriesdb

Last updated on 2019-04-23 13:56:50 CEST.

Flavor Version Tinstall Tcheck Ttotal Status Flags
r-devel-linux-x86_64-debian-clang 0.4.1 4.48 43.35 47.83 OK
r-devel-linux-x86_64-debian-gcc 0.4.1 3.85 34.30 38.15 OK
r-devel-linux-x86_64-fedora-clang 0.4.1 58.74 NOTE
r-devel-linux-x86_64-fedora-gcc 0.4.1 53.72 NOTE
r-devel-windows-ix86+x86_64 0.4.1 16.00 54.00 70.00 OK
r-patched-linux-x86_64 0.4.1 4.39 42.73 47.12 OK
r-patched-solaris-x86 0.4.1 86.80 NOTE
r-release-linux-x86_64 0.4.1 3.14 41.19 44.33 OK
r-release-windows-ix86+x86_64 0.4.1 7.00 52.00 59.00 OK
r-release-osx-x86_64 0.4.1 NOTE
r-oldrel-windows-ix86+x86_64 0.4.1 8.00 86.00 94.00 OK
r-oldrel-osx-x86_64 0.4.1 NOTE

Check Details

Version: 0.4.1
Check: dependencies in R code
Result: NOTE
    Namespace in Imports field not imported from: ‘shiny’
     All declared Imports should be used.
Flavors: r-devel-linux-x86_64-fedora-clang, r-devel-linux-x86_64-fedora-gcc, r-patched-solaris-x86, r-release-osx-x86_64, r-oldrel-osx-x86_64