CRAN Package Check Results for Package timeseriesdb

Last updated on 2019-07-21 10:46:25 CEST.

Flavor Version Tinstall Tcheck Ttotal Status Flags
r-devel-linux-x86_64-debian-clang 0.4.1 4.58 44.07 48.65 OK
r-devel-linux-x86_64-debian-gcc 0.4.1 3.86 34.68 38.54 OK
r-devel-linux-x86_64-fedora-clang 0.4.1 59.48 NOTE
r-devel-linux-x86_64-fedora-gcc 0.4.1 54.51 NOTE
r-devel-windows-ix86+x86_64 0.4.1 11.00 86.00 97.00 OK
r-patched-linux-x86_64 0.4.1 4.71 41.47 46.18 OK
r-patched-solaris-x86 0.4.1 87.30 NOTE
r-release-linux-x86_64 0.4.1 4.59 42.54 47.13 OK
r-release-windows-ix86+x86_64 0.4.1 11.00 60.00 71.00 OK
r-release-osx-x86_64 0.4.1 NOTE
r-oldrel-windows-ix86+x86_64 0.4.1 12.00 59.00 71.00 OK
r-oldrel-osx-x86_64 0.4.1 NOTE

Check Details

Version: 0.4.1
Check: dependencies in R code
Result: NOTE
    Namespace in Imports field not imported from: ‘shiny’
     All declared Imports should be used.
Flavors: r-devel-linux-x86_64-fedora-clang, r-devel-linux-x86_64-fedora-gcc, r-patched-solaris-x86, r-release-osx-x86_64, r-oldrel-osx-x86_64