CRAN Package Check Results for Package timetools

Last updated on 2017-12-15 04:47:47 CET.

Flavor Version Tinstall Tcheck Ttotal Status Flags
r-devel-linux-x86_64-debian-clang 1.12.3 3.04 27.37 30.41 FAIL
r-devel-linux-x86_64-debian-gcc 1.12.3 2.22 35.85 38.07 OK
r-devel-linux-x86_64-fedora-clang 1.12.3 56.44 OK
r-devel-linux-x86_64-fedora-gcc 1.12.3 53.59 OK
r-devel-windows-ix86+x86_64 1.12.3 17.00 71.00 88.00 OK
r-patched-linux-x86_64 1.12.3 3.00 44.67 47.67 OK
r-patched-solaris-x86 1.12.3 69.80 OK
r-release-linux-x86_64 1.12.3 2.91 44.54 47.45 OK
r-release-windows-ix86+x86_64 1.12.3 12.00 87.00 99.00 OK
r-release-osx-x86_64 1.12.3 OK
r-oldrel-windows-ix86+x86_64 1.12.3 9.00 60.00 69.00 OK
r-oldrel-osx-x86_64 1.12.3 OK

Check Details

Version: 1.12.3
Check: pragmas in C/C++ headers and code
Result: FAIL
    
Flavor: r-devel-linux-x86_64-debian-clang