CRAN Package Check Results for Package timetools

Last updated on 2017-03-30 06:48:22.

Flavor Version Tinstall Tcheck Ttotal Status Flags
r-devel-linux-x86_64-debian-clang 1.9.1 2.11 31.02 33.14 NOTE
r-devel-linux-x86_64-debian-gcc 1.9.1 2.08 30.79 32.87 NOTE
r-devel-linux-x86_64-fedora-clang 1.9.1 60.79 NOTE --no-stop-on-test-error
r-devel-linux-x86_64-fedora-gcc 1.9.1 60.30 NOTE --no-stop-on-test-error
r-devel-macos-x86_64-clang 1.9.1 50.64 NOTE --no-stop-on-test-error
r-devel-windows-ix86+x86_64 1.9.1 10.00 104.00 114.00 OK
r-patched-linux-x86_64 1.9.1 2.04 31.22 33.26 NOTE
r-patched-solaris-sparc 1.9.1 384.40 OK
r-patched-solaris-x86 1.9.1 79.90 OK
r-release-linux-x86_64 1.9.1 1.74 28.70 30.44 OK
r-release-osx-x86_64-mavericks 1.9.1 OK
r-release-windows-ix86+x86_64 1.9.1 6.00 59.00 65.00 OK
r-oldrel-windows-ix86+x86_64 1.9.1 8.00 68.00 76.00 OK

Check Details

Version: 1.9.1
Check: compiled code
Result: NOTE
    File ‘timetools/libs/timetools.so’:
     Found no calls to: ‘R_registerRoutines’, ‘R_useDynamicSymbols’
    
    It is good practice to register native routines and to disable symbol
    search.
    
    See ‘Writing portable packages’ in the ‘Writing R Extensions’ manual.
Flavors: r-devel-linux-x86_64-debian-clang, r-devel-linux-x86_64-debian-gcc, r-patched-linux-x86_64

Version: 1.9.1
Flags: --no-stop-on-test-error
Check: compiled code
Result: NOTE
    File ‘timetools/libs/timetools.so’:
     Found no calls to: ‘R_registerRoutines’, ‘R_useDynamicSymbols’
    
    It is good practice to register native routines and to disable symbol
    search.
    
    See ‘Writing portable packages’ in the ‘Writing R Extensions’ manual.
Flavors: r-devel-linux-x86_64-fedora-clang, r-devel-linux-x86_64-fedora-gcc, r-devel-macos-x86_64-clang