CRAN Package Check Results for Package timevis

Last updated on 2020-07-07 11:51:05 CEST.

Flavor Version Tinstall Tcheck Ttotal Status Flags
r-devel-linux-x86_64-debian-clang 0.5 3.12 39.03 42.15 OK
r-devel-linux-x86_64-debian-gcc 0.5 2.46 31.19 33.65 OK
r-devel-linux-x86_64-fedora-clang 0.5 59.17 NOTE
r-devel-linux-x86_64-fedora-gcc 0.5 50.32 NOTE
r-devel-windows-ix86+x86_64 0.5 11.00 70.00 81.00 OK
r-patched-linux-x86_64 0.5 3.40 39.57 42.97 OK
r-patched-solaris-x86 0.5 78.50 NOTE
r-release-linux-x86_64 0.5 2.63 39.45 42.08 OK
r-release-osx-x86_64 0.5 NOTE
r-release-windows-ix86+x86_64 0.5 8.00 65.00 73.00 OK
r-oldrel-osx-x86_64 0.5 NOTE
r-oldrel-windows-ix86+x86_64 0.5 32.00 101.00 133.00 OK

Check Details

Version: 0.5
Check: dependencies in R code
Result: NOTE
    Namespace in Imports field not imported from: ‘lubridate’
     All declared Imports should be used.
Flavors: r-devel-linux-x86_64-fedora-clang, r-devel-linux-x86_64-fedora-gcc, r-patched-solaris-x86, r-release-osx-x86_64, r-oldrel-osx-x86_64