CRAN Package Check Results for Package timsac

Last updated on 2017-03-27 18:50:21.

Flavor Version Tinstall Tcheck Ttotal Status Flags
r-devel-linux-x86_64-debian-clang 1.3.5 25.65 24.42 50.07 NOTE
r-devel-linux-x86_64-debian-gcc 1.3.5 24.56 24.32 48.88 NOTE
r-devel-linux-x86_64-fedora-clang 1.3.5 77.77 NOTE --no-stop-on-test-error
r-devel-linux-x86_64-fedora-gcc 1.3.5 71.36 NOTE --no-stop-on-test-error
r-devel-macos-x86_64-clang 1.3.5 68.45 NOTE --no-stop-on-test-error
r-devel-windows-ix86+x86_64 1.3.5 117.00 65.00 182.00 OK
r-patched-linux-x86_64 1.3.5 23.36 23.99 47.35 NOTE
r-patched-solaris-sparc 1.3.5 472.40 OK
r-patched-solaris-x86 1.3.5 126.90 OK
r-release-linux-x86_64 1.3.5 22.65 22.11 44.77 OK
r-release-osx-x86_64-mavericks 1.3.5 OK
r-release-windows-ix86+x86_64 1.3.5 80.00 48.00 128.00 OK
r-oldrel-windows-ix86+x86_64 1.3.5 102.00 66.00 168.00 OK

Memtest notes: gcc-ASAN

Check Details

Version: 1.3.5
Check: compiled code
Result: NOTE
    File ‘timsac/libs/timsac.so’:
     Found no calls to: ‘R_registerRoutines’, ‘R_useDynamicSymbols’
    
    It is good practice to register native routines and to disable symbol
    search.
    
    See ‘Writing portable packages’ in the ‘Writing R Extensions’ manual.
Flavors: r-devel-linux-x86_64-debian-clang, r-devel-linux-x86_64-debian-gcc, r-patched-linux-x86_64

Version: 1.3.5
Flags: --no-stop-on-test-error
Check: compiled code
Result: NOTE
    File ‘timsac/libs/timsac.so’:
     Found no calls to: ‘R_registerRoutines’, ‘R_useDynamicSymbols’
    
    It is good practice to register native routines and to disable symbol
    search.
    
    See ‘Writing portable packages’ in the ‘Writing R Extensions’ manual.
Flavors: r-devel-linux-x86_64-fedora-clang, r-devel-linux-x86_64-fedora-gcc, r-devel-macos-x86_64-clang