CRAN Package Check Results for Package timsac

Last updated on 2017-04-24 08:48:24.

Flavor Version Tinstall Tcheck Ttotal Status Flags
r-devel-linux-x86_64-debian-clang 1.3.5 26.00 24.98 50.98 NOTE
r-devel-linux-x86_64-debian-gcc 1.3.5 26.04 24.38 50.42 NOTE
r-devel-linux-x86_64-fedora-clang 1.3.5 80.12 NOTE --no-stop-on-test-error
r-devel-linux-x86_64-fedora-gcc 1.3.5 71.65 NOTE --no-stop-on-test-error
r-devel-windows-ix86+x86_64 1.3.5 132.00 57.00 189.00 OK
r-patched-linux-x86_64 1.3.5 23.77 24.56 48.33 NOTE
r-patched-solaris-sparc 1.3.5 472.40 OK
r-patched-solaris-x86 1.3.5 109.30 OK
r-release-linux-x86_64 1.3.5 23.62 24.26 47.89 NOTE
r-release-windows-ix86+x86_64 1.3.5 117.00 49.00 166.00 OK
r-release-osx-x86_64 1.3.5 OK
r-oldrel-windows-ix86+x86_64 1.3.5 80.00 48.00 128.00 OK
r-oldrel-osx-x86_64 1.3.5 OK

Memtest notes: gcc-ASAN

Check Details

Version: 1.3.5
Check: compiled code
Result: NOTE
    File ‘timsac/libs/timsac.so’:
     Found no calls to: ‘R_registerRoutines’, ‘R_useDynamicSymbols’
    
    It is good practice to register native routines and to disable symbol
    search.
    
    See ‘Writing portable packages’ in the ‘Writing R Extensions’ manual.
Flavors: r-devel-linux-x86_64-debian-clang, r-devel-linux-x86_64-debian-gcc, r-patched-linux-x86_64, r-release-linux-x86_64

Version: 1.3.5
Flags: --no-stop-on-test-error
Check: compiled code
Result: NOTE
    File ‘timsac/libs/timsac.so’:
     Found no calls to: ‘R_registerRoutines’, ‘R_useDynamicSymbols’
    
    It is good practice to register native routines and to disable symbol
    search.
    
    See ‘Writing portable packages’ in the ‘Writing R Extensions’ manual.
Flavors: r-devel-linux-x86_64-fedora-clang, r-devel-linux-x86_64-fedora-gcc