CRAN Package Check Results for Package timsac

Last updated on 2015-08-03 03:48:04.

Flavor Version Tinstall Tcheck Ttotal Status Flags
r-devel-linux-x86_64-debian-clang 1.3.3 22.27 23.90 46.17 NOTE
r-devel-linux-x86_64-debian-gcc 1.3.3 23.60 23.00 46.59 NOTE
r-devel-linux-x86_64-fedora-clang 1.3.3 75.40 NOTE
r-devel-linux-x86_64-fedora-gcc 1.3.3 70.31 NOTE
r-devel-osx-x86_64-clang 1.3.3 64.54 OK
r-devel-windows-ix86+x86_64 1.3.3 108.00 39.00 147.00 NOTE
r-patched-linux-x86_64 1.3.3 23.34 24.05 47.39 OK
r-patched-solaris-sparc 1.3.3 450.50 OK
r-patched-solaris-x86 1.3.3 117.20 OK
r-release-linux-x86_64 1.3.3 23.12 23.54 46.67 OK
r-release-osx-x86_64-mavericks 1.3.3 OK
r-release-windows-ix86+x86_64 1.3.3 107.00 38.00 145.00 OK
r-oldrel-windows-ix86+x86_64 1.3.3 128.00 45.00 173.00 OK

Memtest notes: valgrind

Check Details

Version: 1.3.3
Check: R code for possible problems
Result: NOTE
    autcor: no visible global function definition for ‘abline’
    blocar: no visible global function definition for ‘par’
    bsubst: no visible global function definition for ‘par’
    bsubst: no visible global function definition for ‘hist’
    bsubst: no visible global function definition for ‘abline’
    canarm: no visible global function definition for ‘abline’
    covgen: no visible global function definition for ‘abline’
    decomp: no visible global function definition for ‘par’
    decomp: no visible global function definition for ‘matplot’
    decomp: no visible global function definition for ‘lines’
    exsar: no visible global function definition for ‘abline’
    fftcor: no visible global function definition for ‘par’
    fftcor: no visible global function definition for ‘abline’
    mfilter: no visible global function definition for ‘as.ts’
    mfilter: no visible global function definition for ‘tsp’
    mfilter: no visible global function definition for ‘tsp<-’
    mlocar: no visible global function definition for ‘par’
    mulbar: no visible global function definition for ‘abline’
    mulcor: no visible global function definition for ‘par’
    mulcor: no visible global function definition for ‘abline’
    mulmar: no visible global function definition for ‘par’
    mulmar: no visible global function definition for ‘abline’
    nonst: no visible global function definition for ‘par’
    optsim: no visible global function definition for ‘par’
    optsim: no visible global function definition for ‘abline’
    plot.baysea: no visible global function definition for ‘par’
    plot.baysea: no visible global function definition for ‘plot’
    plot.baysea: no visible global function definition for ‘dev.new’
    plot.baysea: no visible global function definition for ‘sd’
    plot.baysea: no visible global function definition for ‘abline’
    plot.mulspec: no visible global function definition for ‘par’
    plot.mulspec: no visible global function definition for ‘plot’
    prdctr: no visible global function definition for ‘par’
    thirmo: no visible global function definition for ‘abline’
    unibar: no visible global function definition for ‘par’
    unibar: no visible global function definition for ‘abline’
    unimar: no visible global function definition for ‘abline’
    wnoise: no visible global function definition for ‘par’
    wnoise: no visible global function definition for ‘abline’
    Undefined global functions or variables:
     abline as.ts dev.new hist lines matplot par plot sd tsp tsp<-
    Consider adding
     importFrom("grDevices", "dev.new")
     importFrom("graphics", "abline", "hist", "lines", "matplot", "par",
     "plot")
     importFrom("stats", "as.ts", "sd", "tsp", "tsp<-")
    to your NAMESPACE.
Flavors: r-devel-linux-x86_64-debian-clang, r-devel-linux-x86_64-debian-gcc, r-devel-linux-x86_64-fedora-clang, r-devel-linux-x86_64-fedora-gcc, r-devel-windows-ix86+x86_64