CRAN Package Check Results for Package timsac

Last updated on 2017-05-25 07:49:00.

Flavor Version Tinstall Tcheck Ttotal Status Flags
r-devel-linux-x86_64-debian-clang 1.3.5 26.14 25.23 51.37 NOTE
r-devel-linux-x86_64-debian-gcc 1.3.5 24.94 24.41 49.36 NOTE
r-devel-linux-x86_64-fedora-clang 1.3.5 81.28 NOTE --no-stop-on-test-error
r-devel-linux-x86_64-fedora-gcc 1.3.5 71.57 NOTE --no-stop-on-test-error
r-devel-windows-ix86+x86_64 1.3.5 166.00 57.00 223.00 OK
r-patched-linux-x86_64 1.3.5 23.99 24.02 48.01 NOTE
r-patched-solaris-sparc 1.3.5 472.40 OK
r-patched-solaris-x86 1.3.5 106.10 OK
r-release-linux-x86_64 1.3.5 24.02 24.24 48.25 NOTE
r-release-windows-ix86+x86_64 1.3.5 117.00 49.00 166.00 OK
r-release-osx-x86_64 1.3.5 OK
r-oldrel-windows-ix86+x86_64 1.3.5 80.00 48.00 128.00 OK
r-oldrel-osx-x86_64 1.3.5 OK

Additional issues

gcc-ASAN

Check Details

Version: 1.3.5
Check: compiled code
Result: NOTE
    File ‘timsac/libs/timsac.so’:
     Found no calls to: ‘R_registerRoutines’, ‘R_useDynamicSymbols’
    
    It is good practice to register native routines and to disable symbol
    search.
    
    See ‘Writing portable packages’ in the ‘Writing R Extensions’ manual.
Flavors: r-devel-linux-x86_64-debian-clang, r-devel-linux-x86_64-debian-gcc, r-patched-linux-x86_64, r-release-linux-x86_64

Version: 1.3.5
Flags: --no-stop-on-test-error
Check: compiled code
Result: NOTE
    File ‘timsac/libs/timsac.so’:
     Found no calls to: ‘R_registerRoutines’, ‘R_useDynamicSymbols’
    
    It is good practice to register native routines and to disable symbol
    search.
    
    See ‘Writing portable packages’ in the ‘Writing R Extensions’ manual.
Flavors: r-devel-linux-x86_64-fedora-clang, r-devel-linux-x86_64-fedora-gcc