CRAN Package Check Results for Package timsac

Last updated on 2017-11-24 22:51:49 CET.

Flavor Version Tinstall Tcheck Ttotal Status Flags
r-devel-linux-x86_64-debian-clang 1.3.5 27.48 59.17 86.65 NOTE
r-devel-linux-x86_64-debian-gcc 1.3.5 24.51 57.62 82.13 NOTE
r-devel-linux-x86_64-fedora-clang 1.3.5 75.65 NOTE
r-devel-linux-x86_64-fedora-gcc 1.3.5 71.08 NOTE
r-devel-windows-ix86+x86_64 1.3.5 179.00 55.00 234.00 OK
r-patched-linux-x86_64 1.3.5 26.48 63.06 89.54 NOTE
r-patched-solaris-x86 1.3.5 148.90 OK
r-release-linux-x86_64 1.3.5 26.39 64.07 90.47 NOTE
r-release-windows-ix86+x86_64 1.3.5 114.00 55.00 169.00 OK
r-release-osx-x86_64 1.3.5 OK
r-oldrel-windows-ix86+x86_64 1.3.5 80.00 48.00 128.00 OK
r-oldrel-osx-x86_64 1.3.5 OK

Additional issues

gcc-ASAN

Check Details

Version: 1.3.5
Check: compiled code
Result: NOTE
    File ‘timsac/libs/timsac.so’:
     Found no calls to: ‘R_registerRoutines’, ‘R_useDynamicSymbols’
    
    It is good practice to register native routines and to disable symbol
    search.
    
    See ‘Writing portable packages’ in the ‘Writing R Extensions’ manual.
Flavors: r-devel-linux-x86_64-debian-clang, r-devel-linux-x86_64-debian-gcc, r-devel-linux-x86_64-fedora-clang, r-devel-linux-x86_64-fedora-gcc, r-patched-linux-x86_64, r-release-linux-x86_64