CRAN Package Check Results for Package timsac

Last updated on 2018-02-22 04:48:51 CET.

Flavor Version Tinstall Tcheck Ttotal Status Flags
r-devel-linux-x86_64-debian-clang 1.3.5 33.71 32.19 65.90 NOTE
r-devel-linux-x86_64-debian-gcc 1.3.5 26.64 28.22 54.86 NOTE
r-devel-linux-x86_64-fedora-clang 1.3.5 87.61 NOTE
r-devel-linux-x86_64-fedora-gcc 1.3.5 77.13 NOTE
r-devel-windows-ix86+x86_64 1.3.5 180.00 56.00 236.00 OK
r-patched-linux-x86_64 1.3.5 27.60 37.50 65.10 NOTE
r-patched-solaris-x86 1.3.5 107.10 OK
r-release-linux-x86_64 1.3.5 26.03 37.00 63.03 NOTE
r-release-windows-ix86+x86_64 1.3.5 114.00 55.00 169.00 OK
r-release-osx-x86_64 1.3.5 OK
r-oldrel-windows-ix86+x86_64 1.3.5 80.00 48.00 128.00 OK
r-oldrel-osx-x86_64 1.3.5 OK

Additional issues

gcc-ASAN

Check Details

Version: 1.3.5
Check: compiled code
Result: NOTE
    File ‘timsac/libs/timsac.so’:
     Found no calls to: ‘R_registerRoutines’, ‘R_useDynamicSymbols’
    
    It is good practice to register native routines and to disable symbol
    search.
    
    See ‘Writing portable packages’ in the ‘Writing R Extensions’ manual.
Flavors: r-devel-linux-x86_64-debian-clang, r-devel-linux-x86_64-debian-gcc, r-devel-linux-x86_64-fedora-clang, r-devel-linux-x86_64-fedora-gcc, r-patched-linux-x86_64, r-release-linux-x86_64