CRAN Package Check Results for Package timsac

Last updated on 2016-08-29 06:47:27.

Flavor Version Tinstall Tcheck Ttotal Status Flags
r-devel-linux-x86_64-debian-clang 1.3.3 27.01 24.52 51.52 WARN
r-devel-linux-x86_64-debian-gcc 1.3.3 24.26 24.16 48.43 WARN
r-devel-linux-x86_64-fedora-clang 1.3.3 80.58 WARN
r-devel-linux-x86_64-fedora-gcc 1.3.3 71.27 WARN
r-devel-osx-x86_64-clang 1.3.3 65.64 WARN
r-devel-windows-ix86+x86_64 1.3.3 125.00 91.00 216.00 NOTE
r-patched-linux-x86_64 1.3.3 23.08 23.70 46.77 NOTE
r-patched-solaris-sparc 1.3.3 444.00 NOTE
r-patched-solaris-x86 1.3.3 106.50 NOTE
r-release-linux-x86_64 1.3.3 23.86 24.14 48.00 NOTE
r-release-osx-x86_64-mavericks 1.3.3 NOTE
r-release-windows-ix86+x86_64 1.3.3 80.00 62.00 142.00 NOTE
r-oldrel-windows-ix86+x86_64 1.3.3 109.00 58.00 167.00 OK

Memtest notes: valgrind

Check Details

Version: 1.3.3
Check: whether package can be installed
Result: WARN
    Found the following significant warnings:
     Warning: GNU Extension: Nonstandard type declaration REAL*8 at (1)
     Warning: GNU Extension: Nonstandard type declaration INTEGER*4 at (1)
     Warning: GNU Extension: Nonstandard type declaration INTEGER*1 at (1)
     Warning: GNU Extension: Nonstandard type declaration COMPLEX*16 at (1)
Flavors: r-devel-linux-x86_64-debian-clang, r-devel-linux-x86_64-debian-gcc, r-devel-linux-x86_64-fedora-clang, r-devel-linux-x86_64-fedora-gcc, r-devel-osx-x86_64-clang

Version: 1.3.3
Check: R code for possible problems
Result: NOTE
    autcor: no visible global function definition for ‘abline’
    blocar: no visible global function definition for ‘par’
    bsubst: no visible global function definition for ‘par’
    bsubst: no visible global function definition for ‘hist’
    bsubst: no visible global function definition for ‘abline’
    canarm: no visible global function definition for ‘abline’
    covgen: no visible global function definition for ‘abline’
    decomp: no visible global function definition for ‘par’
    decomp: no visible global function definition for ‘matplot’
    decomp: no visible global function definition for ‘lines’
    exsar: no visible global function definition for ‘abline’
    fftcor: no visible global function definition for ‘par’
    fftcor: no visible global function definition for ‘abline’
    mfilter: no visible global function definition for ‘as.ts’
    mfilter: no visible global function definition for ‘tsp’
    mfilter: no visible global function definition for ‘tsp<-’
    mlocar: no visible global function definition for ‘par’
    mulbar: no visible global function definition for ‘abline’
    mulcor: no visible global function definition for ‘par’
    mulcor: no visible global function definition for ‘abline’
    mulmar: no visible global function definition for ‘par’
    mulmar: no visible global function definition for ‘abline’
    nonst: no visible global function definition for ‘par’
    optsim: no visible global function definition for ‘par’
    optsim: no visible global function definition for ‘abline’
    plot.baysea: no visible global function definition for ‘par’
    plot.baysea: no visible global function definition for ‘plot’
    plot.baysea: no visible global function definition for ‘dev.new’
    plot.baysea: no visible global function definition for ‘sd’
    plot.baysea: no visible global function definition for ‘abline’
    plot.mulspec: no visible global function definition for ‘par’
    plot.mulspec: no visible global function definition for ‘plot’
    prdctr: no visible global function definition for ‘par’
    thirmo: no visible global function definition for ‘abline’
    unibar: no visible global function definition for ‘par’
    unibar: no visible global function definition for ‘abline’
    unimar: no visible global function definition for ‘abline’
    wnoise: no visible global function definition for ‘par’
    wnoise: no visible global function definition for ‘abline’
    Undefined global functions or variables:
     abline as.ts dev.new hist lines matplot par plot sd tsp tsp<-
    Consider adding
     importFrom("grDevices", "dev.new")
     importFrom("graphics", "abline", "hist", "lines", "matplot", "par",
     "plot")
     importFrom("stats", "as.ts", "sd", "tsp", "tsp<-")
    to your NAMESPACE file.
Flavors: r-devel-linux-x86_64-debian-clang, r-devel-linux-x86_64-debian-gcc, r-devel-linux-x86_64-fedora-clang, r-devel-linux-x86_64-fedora-gcc, r-devel-osx-x86_64-clang, r-devel-windows-ix86+x86_64, r-patched-linux-x86_64, r-patched-solaris-sparc, r-patched-solaris-x86, r-release-linux-x86_64, r-release-osx-x86_64-mavericks, r-release-windows-ix86+x86_64