CRAN Package Check Results for Package timsac

Last updated on 2017-02-25 17:47:56.

Flavor Version Tinstall Tcheck Ttotal Status Flags
r-devel-linux-x86_64-debian-clang 1.3.5 27.56 24.53 52.09 NOTE
r-devel-linux-x86_64-debian-gcc 1.3.5 25.09 24.74 49.83 NOTE
r-devel-linux-x86_64-fedora-clang 1.3.5 80.72 NOTE --no-stop-on-test-error
r-devel-linux-x86_64-fedora-gcc 1.3.5 72.04 NOTE --no-stop-on-test-error
r-devel-macos-x86_64-clang 1.3.5 69.07 NOTE --no-stop-on-test-error
r-devel-windows-ix86+x86_64 1.3.5 97.00 59.00 156.00 OK
r-patched-linux-x86_64 1.3.5 23.71 22.68 46.39 OK
r-patched-solaris-sparc 1.3.5 430.70 OK
r-patched-solaris-x86 1.3.5 102.30 OK
r-release-linux-x86_64 1.3.5 23.49 22.33 45.83 OK
r-release-osx-x86_64-mavericks 1.3.5 OK
r-release-windows-ix86+x86_64 1.3.5 80.00 48.00 128.00 OK
r-oldrel-windows-ix86+x86_64 1.3.5 102.00 66.00 168.00 OK

Memtest notes: gcc6-ASAN gcc7-ASAN

Check Details

Version: 1.3.5
Check: compiled code
Result: NOTE
    File ‘timsac/libs/timsac.so’:
     Found no calls to: ‘R_registerRoutines’, ‘R_useDynamicSymbols’
    
    It is good practice to register native routines and to disable symbol
    search.
    
    See ‘Writing portable packages’ in the ‘Writing R Extensions’ manual.
Flavors: r-devel-linux-x86_64-debian-clang, r-devel-linux-x86_64-debian-gcc

Version: 1.3.5
Flags: --no-stop-on-test-error
Check: compiled code
Result: NOTE
    File ‘timsac/libs/timsac.so’:
     Found no calls to: ‘R_registerRoutines’, ‘R_useDynamicSymbols’
    
    It is good practice to register native routines and to disable symbol
    search.
    
    See ‘Writing portable packages’ in the ‘Writing R Extensions’ manual.
Flavors: r-devel-linux-x86_64-fedora-clang, r-devel-linux-x86_64-fedora-gcc, r-devel-macos-x86_64-clang