CRAN Package Check Results for Package timsac

Last updated on 2017-09-21 05:49:02.

Flavor Version Tinstall Tcheck Ttotal Status Flags
r-devel-linux-x86_64-debian-clang 1.3.5 20.37 24.49 44.86 NOTE
r-devel-linux-x86_64-debian-gcc 1.3.5 20.94 24.40 45.34 NOTE
r-devel-linux-x86_64-fedora-clang 1.3.5 80.89 NOTE
r-devel-linux-x86_64-fedora-gcc 1.3.5 75.70 NOTE
r-devel-windows-ix86+x86_64 1.3.5 130.00 73.00 203.00 OK
r-patched-linux-x86_64 1.3.5 19.80 24.17 43.97 NOTE
r-patched-solaris-x86 1.3.5 120.50 OK
r-release-linux-x86_64 1.3.5 20.03 24.41 44.45 NOTE
r-release-windows-ix86+x86_64 1.3.5 114.00 55.00 169.00 OK
r-release-osx-x86_64 1.3.5 OK
r-oldrel-windows-ix86+x86_64 1.3.5 80.00 48.00 128.00 OK
r-oldrel-osx-x86_64 1.3.5 OK

Additional issues

gcc-ASAN

Check Details

Version: 1.3.5
Check: compiled code
Result: NOTE
    File ‘timsac/libs/timsac.so’:
     Found no calls to: ‘R_registerRoutines’, ‘R_useDynamicSymbols’
    
    It is good practice to register native routines and to disable symbol
    search.
    
    See ‘Writing portable packages’ in the ‘Writing R Extensions’ manual.
Flavors: r-devel-linux-x86_64-debian-clang, r-devel-linux-x86_64-debian-gcc, r-devel-linux-x86_64-fedora-clang, r-devel-linux-x86_64-fedora-gcc, r-patched-linux-x86_64, r-release-linux-x86_64