CRAN Package Check Results for Package timsac

Last updated on 2017-07-24 05:50:44.

Flavor Version Tinstall Tcheck Ttotal Status Flags
r-devel-linux-x86_64-debian-clang 1.3.5 25.72 34.70 60.42 NOTE
r-devel-linux-x86_64-debian-gcc 1.3.5 27.35 33.85 61.20 NOTE
r-devel-linux-x86_64-fedora-clang 1.3.5 77.55 NOTE
r-devel-linux-x86_64-fedora-gcc 1.3.5 72.24 NOTE
r-devel-windows-ix86+x86_64 1.3.5 166.00 57.00 223.00 OK
r-patched-linux-x86_64 1.3.5 24.74 34.67 59.40 NOTE
r-patched-solaris-x86 1.3.5 110.40 OK
r-release-linux-x86_64 1.3.5 24.85 34.12 58.96 NOTE
r-release-windows-ix86+x86_64 1.3.5 117.00 49.00 166.00 OK
r-release-osx-x86_64 1.3.5 OK
r-oldrel-windows-ix86+x86_64 1.3.5 80.00 48.00 128.00 OK
r-oldrel-osx-x86_64 1.3.5 OK

Additional issues

gcc-ASAN

Check Details

Version: 1.3.5
Check: compiled code
Result: NOTE
    File ‘timsac/libs/timsac.so’:
     Found no calls to: ‘R_registerRoutines’, ‘R_useDynamicSymbols’
    
    It is good practice to register native routines and to disable symbol
    search.
    
    See ‘Writing portable packages’ in the ‘Writing R Extensions’ manual.
Flavors: r-devel-linux-x86_64-debian-clang, r-devel-linux-x86_64-debian-gcc, r-devel-linux-x86_64-fedora-clang, r-devel-linux-x86_64-fedora-gcc, r-patched-linux-x86_64, r-release-linux-x86_64