CRAN Package Check Results for Package tkrgl

Last updated on 2018-05-21 04:49:33 CEST.

Flavor Version Tinstall Tcheck Ttotal Status Flags
r-devel-linux-x86_64-debian-clang 0.8 2.06 27.49 29.55 OK
r-devel-linux-x86_64-debian-gcc 0.8 1.94 24.56 26.50 OK
r-devel-linux-x86_64-fedora-clang 0.8 34.10 OK
r-devel-linux-x86_64-fedora-gcc 0.8 28.21 OK
r-devel-windows-ix86+x86_64 0.8 5.00 69.00 74.00 OK
r-patched-linux-x86_64 0.8 1.93 28.72 30.65 OK
r-patched-solaris-x86 0.8 61.80 OK
r-release-linux-x86_64 0.8 2.31 28.75 31.06 OK
r-release-windows-ix86+x86_64 0.8 6.00 49.00 55.00 OK
r-release-osx-x86_64 0.8 OK
r-oldrel-windows-ix86+x86_64 0.8 5.00 47.00 52.00 OK
r-oldrel-osx-x86_64 0.7 NOTE

Check Details

Version: 0.7
Check: DESCRIPTION meta-information
Result: NOTE
    Malformed Description field: should contain one or more complete sentences.
Flavor: r-oldrel-osx-x86_64

Version: 0.7
Check: dependencies in R code
Result: NOTE
    Packages in Depends field not imported from:
     ‘rgl’ ‘tcltk’
     These packages need to be imported from (in the NAMESPACE file)
     for when this namespace is loaded but not attached.
Flavor: r-oldrel-osx-x86_64

Version: 0.7
Check: R code for possible problems
Result: NOTE
    par3dsave: no visible global function definition for ‘rgl.cur’
    par3dsave : RecordParms: no visible global function definition for
     ‘par3d’
    par3dsave: no visible global function definition for ‘tktoplevel’
    par3dsave: no visible global function definition for ‘tkwm.title’
    par3dsave: no visible global function definition for ‘tklabel’
    par3dsave: no visible global function definition for ‘tkframe’
    par3dsave: no visible global function definition for ‘tkbutton’
    par3dsave : <anonymous>: no visible global function definition for
     ‘tkdestroy’
    par3dsave: no visible global function definition for ‘tkpack’
    par3dsave: no visible global function definition for ‘tkwait.window’
    spin3d: no visible global function definition for ‘rgl.cur’
    spin3d: no visible global function definition for ‘tktoplevel’
    spin3d: no visible global function definition for ‘tkwm.title’
    spin3d: no visible global function definition for ‘tkbutton’
    spin3d : <anonymous>: no visible global function definition for
     ‘tkdestroy’
    spin3d: no visible global function definition for ‘tkpack’
    spinControl: no visible global function definition for ‘rgl.cur’
    spinControl: no visible global function definition for ‘tclVar’
    spinControl : getZooms: no visible global function definition for
     ‘rgl.cur’
    spinControl : getZooms: no visible global function definition for
     ‘rgl.set’
    spinControl : getZooms: no visible global function definition for
     ‘par3d’
    spinControl : rotateUp: no visible global function definition for
     ‘tclObj’
    spinControl : rotateUp: no visible global function definition for
     ‘par3d’
    spinControl : rotateUp: no visible global function definition for
     ‘rotationMatrix’
    spinControl : rotateLeft: no visible global function definition for
     ‘tclObj’
    spinControl : rotateLeft: no visible global function definition for
     ‘par3d’
    spinControl : rotateLeft: no visible global function definition for
     ‘rotationMatrix’
    spinControl : rotateRight: no visible global function definition for
     ‘tclObj’
    spinControl : rotateRight: no visible global function definition for
     ‘par3d’
    spinControl : rotateRight: no visible global function definition for
     ‘rotationMatrix’
    spinControl : rotateSpin: no visible global function definition for
     ‘tclObj’
    spinControl : rotateSpin: no visible global function definition for
     ‘par3d’
    spinControl : rotateSpin: no visible global function definition for
     ‘rotationMatrix’
    spinControl : rotateDown: no visible global function definition for
     ‘tclObj’
    spinControl : rotateDown: no visible global function definition for
     ‘par3d’
    spinControl : rotateDown: no visible global function definition for
     ‘rotationMatrix’
    spinControl : rotate: no visible global function definition for
     ‘rgl.cur’
    spinControl : rotate: no visible global function definition for
     ‘rgl.set’
    spinControl : rotate: no visible global function definition for ‘tcl’
    spinControl : onIdle: no visible global function definition for
     ‘tclObj’
    spinControl : onIdle: no visible global function definition for ‘tcl’
    spinControl : buttonRelease: no visible global function definition for
     ‘tclObj’
    spinControl : buttonRelease: no visible global function definition for
     ‘tcl’
    spinControl : resetAxis: no visible global function definition for
     ‘rgl.cur’
    spinControl : resetAxis: no visible global function definition for
     ‘rgl.set’
    spinControl : resetAxis: no visible global function definition for
     ‘par3d’
    spinControl : setScale: no visible global function definition for
     ‘rgl.cur’
    spinControl : setScale: no visible global function definition for
     ‘rgl.set’
    spinControl : setScale: no visible global function definition for
     ‘tclObj’
    spinControl : setScale: no visible global function definition for
     ‘par3d’
    spinControl: no visible global function definition for ‘tkframe’
    spinControl: no visible global function definition for ‘tkbutton’
    spinControl: no visible global function definition for ‘tkgrid’
    spinControl: no visible global function definition for ‘tklabel’
    spinControl: no visible global function definition for ‘tkbind’
    spinControl: no visible global function definition for ‘tkpack’
    spinControl: no visible global function definition for ‘tkcheckbutton’
    spinControl: no visible global function definition for ‘tkscale’
    Undefined global functions or variables:
     par3d rgl.cur rgl.set rotationMatrix tcl tclObj tclVar tkbind
     tkbutton tkcheckbutton tkdestroy tkframe tkgrid tklabel tkpack
     tkscale tktoplevel tkwait.window tkwm.title
Flavor: r-oldrel-osx-x86_64