CRAN Package Check Results for Package tkrgl

Last updated on 2014-07-24 05:48:34.

Flavor Version Tinstall Tcheck Ttotal Status Flags
r-devel-linux-x86_64-debian-clang 0.7 0.68 10.64 11.32 NOTE
r-devel-linux-x86_64-debian-gcc 0.7 0.66 10.78 11.45 NOTE
r-devel-linux-x86_64-fedora-clang 0.7 23.59 NOTE
r-devel-linux-x86_64-fedora-gcc 0.7 22.24 NOTE
r-devel-osx-x86_64-clang 0.7 25.76 NOTE
r-devel-windows-ix86+x86_64 0.7 4.00 20.00 24.00 NOTE
r-patched-linux-x86_64 0.7 0.73 10.75 11.48 NOTE
r-patched-solaris-sparc 0.7 141.70 NOTE
r-patched-solaris-x86 0.7 33.60 NOTE
r-release-linux-ix86 0.7 1.09 18.50 19.59 NOTE
r-release-linux-x86_64 0.7 0.76 10.89 11.65 NOTE
r-release-osx-x86_64-mavericks 0.7 NOTE
r-release-osx-x86_64-snowleopard 0.7 OK
r-release-windows-ix86+x86_64 0.7 3.00 20.00 23.00 NOTE
r-oldrel-windows-ix86+x86_64 0.7 4.00 22.00 26.00 NOTE

Check Details

Version: 0.7
Check: dependencies in R code
Result: NOTE
    Package in Depends field not imported from: ‘rgl’
     These packages need to be imported from (in the NAMESPACE file)
     for when this namespace is loaded but not attached.
    See the information on DESCRIPTION files in the chapter ‘Creating R
    packages’ of the ‘Writing R Extensions’ manual.
Flavors: r-devel-linux-x86_64-debian-clang, r-devel-linux-x86_64-debian-gcc, r-devel-linux-x86_64-fedora-clang, r-devel-linux-x86_64-fedora-gcc, r-devel-osx-x86_64-clang, r-devel-windows-ix86+x86_64, r-patched-linux-x86_64, r-patched-solaris-sparc, r-patched-solaris-x86, r-release-linux-ix86, r-release-linux-x86_64, r-release-osx-x86_64-mavericks, r-release-windows-ix86+x86_64, r-oldrel-windows-ix86+x86_64

Version: 0.7
Check: Rd line widths
Result: NOTE
    Rd file 'par3dsave.Rd':
     \usage lines wider than 90 characters:
     par3dsave(params = c("userMatrix", "scale", "zoom", "FOV"), times = FALSE, dev = rgl.cur())
    
    These lines will be truncated in the PDF manual.
Flavors: r-devel-linux-x86_64-fedora-clang, r-devel-linux-x86_64-fedora-gcc