CRAN Package Check Results for Package tkrgl

Last updated on 2014-04-24 19:54:10.

Flavor Version Tinstall Tcheck Ttotal Status Flags
r-devel-linux-x86_64-debian-clang 0.7 0.77 11.53 12.30 NOTE
r-devel-linux-x86_64-debian-gcc 0.7 0.84 11.20 12.04 NOTE
r-devel-linux-x86_64-fedora-clang 0.7 23.03 NOTE
r-devel-linux-x86_64-fedora-gcc 0.7 22.37 NOTE
r-devel-osx-x86_64-clang 0.7 26.97 NOTE
r-devel-osx-x86_64-gcc 0.7 NOTE
r-devel-windows-ix86+x86_64 0.7 3.00 19.00 22.00 NOTE
r-patched-linux-x86_64 0.7 0.80 11.21 12.01 NOTE
r-patched-solaris-sparc 0.7 141.70 NOTE
r-patched-solaris-x86 0.7 55.30 NOTE
r-release-linux-ix86 0.7 2.00 26.00 28.00 NOTE
r-release-linux-x86_64 0.7 0.77 11.57 12.34 NOTE
r-release-osx-x86_64-mavericks 0.7 WARN
r-release-osx-x86_64-snowleopard 0.7 OK
r-release-windows-ix86+x86_64 0.7 3.00 19.00 22.00 NOTE
r-oldrel-windows-ix86+x86_64 0.7 3.00 21.00 24.00 NOTE

Check Details

Version: 0.7
Check: dependencies in R code
Result: NOTE
    Package in Depends field not imported from: ‘rgl’
     These packages need to be imported from (in the NAMESPACE file)
     for when this namespace is loaded but not attached.
    See the information on DESCRIPTION files in the chapter ‘Creating R
    packages’ of the ‘Writing R Extensions’ manual.
Flavors: r-devel-linux-x86_64-debian-clang, r-devel-linux-x86_64-debian-gcc, r-devel-linux-x86_64-fedora-clang, r-devel-linux-x86_64-fedora-gcc, r-devel-osx-x86_64-clang, r-devel-osx-x86_64-gcc, r-devel-windows-ix86+x86_64, r-patched-linux-x86_64, r-patched-solaris-sparc, r-patched-solaris-x86, r-release-linux-ix86, r-release-linux-x86_64, r-release-osx-x86_64-mavericks, r-release-windows-ix86+x86_64, r-oldrel-windows-ix86+x86_64

Version: 0.7
Check: Rd line widths
Result: NOTE
    Rd file 'par3dsave.Rd':
     \usage lines wider than 90 characters:
     par3dsave(params = c("userMatrix", "scale", "zoom", "FOV"), times = FALSE, dev = rgl.cur())
    
    These lines will be truncated in the PDF manual.
Flavors: r-devel-linux-x86_64-fedora-clang, r-devel-linux-x86_64-fedora-gcc

Version: 0.7
Check: PDF version of manual
Result: WARNING
    LaTeX errors when creating PDF version.
    This typically indicates Rd problems.
    LaTeX errors found:
    ! LaTeX Error: File `upquote.sty' not found.
    
    Type X to quit or <RETURN> to proceed,
    or enter new name. (Default extension: sty)
    
    5a67fc6f/Rd2.tex:8: ==> Fatal error occurred, no output PDF file produced!
Flavor: r-release-osx-x86_64-mavericks