CRAN Package Check Results for Package tkrplot

Last updated on 2014-04-18 20:48:09.

Flavor Version Tinstall Tcheck Ttotal Status Flags
r-devel-linux-x86_64-debian-clang 0.0-23 1.16 9.90 11.05 NOTE
r-devel-linux-x86_64-debian-gcc NOTE
r-devel-linux-x86_64-fedora-clang 0.0-23 20.52 NOTE
r-devel-linux-x86_64-fedora-gcc 0.0-23 19.22 NOTE
r-devel-macosx-x86_64-clang 0.0-23 25.69 NOTE
r-devel-macosx-x86_64-gcc 0.0-23 OK
r-devel-windows-ix86+x86_64 0.0-23 6.00 22.00 28.00 OK
r-patched-linux-x86_64 0.0-23 1.20 10.03 11.23 NOTE
r-patched-solaris-sparc 0.0-23 130.40 NOTE
r-patched-solaris-x86 0.0-23 47.90 NOTE
r-release-linux-ix86 0.0-23 5.00 23.00 28.00 NOTE
r-release-linux-x86_64 0.0-23 1.15 9.74 10.89 NOTE
r-release-windows-ix86+x86_64 0.0-23 14.00 22.00 36.00 OK
r-oldrel-windows-ix86+x86_64 0.0-23 7.00 23.00 30.00 OK

Check Details

Version: 0.0-23
Check: R code for possible problems
Result: NOTE
    Found an obsolete/platform-specific call in the following function:
     ‘.my.tkdev’
    Found the platform-specific device:
     ‘X11’
    dev.new() is the preferred way to open a new device, in the unlikely
    event one is needed.
Flavors: r-devel-linux-x86_64-debian-clang, r-devel-linux-x86_64-debian-gcc, r-devel-linux-x86_64-fedora-clang, r-devel-linux-x86_64-fedora-gcc, r-devel-macosx-x86_64-clang, r-patched-linux-x86_64, r-patched-solaris-sparc, r-patched-solaris-x86, r-release-linux-ix86, r-release-linux-x86_64