CRAN Package Check Results for Package tkrplot

Last updated on 2017-10-16 23:47:53.

Flavor Version Tinstall Tcheck Ttotal Status Flags
r-devel-linux-x86_64-debian-clang 0.0-23 1.37 12.87 14.23 NOTE
r-devel-linux-x86_64-debian-gcc 0.0-23 1.37 13.30 14.68 NOTE
r-devel-linux-x86_64-fedora-clang 0.0-23 22.16 NOTE
r-devel-linux-x86_64-fedora-gcc 0.0-23 20.56 NOTE
r-devel-windows-ix86+x86_64 0.0-23 13.00 64.00 77.00 NOTE
r-patched-linux-x86_64 0.0-23 1.30 12.39 13.69 NOTE
r-patched-solaris-x86 0.0-23 33.10 NOTE
r-release-linux-x86_64 0.0-23 1.32 12.58 13.89 NOTE
r-release-windows-ix86+x86_64 0.0-23 8.00 34.00 42.00 NOTE
r-release-osx-x86_64 0.0-23 NOTE
r-oldrel-windows-ix86+x86_64 0.0-23 12.00 31.00 43.00 NOTE
r-oldrel-osx-x86_64 0.0-23 WARN

Check Details

Version: 0.0-23
Check: DESCRIPTION meta-information
Result: NOTE
    Malformed Description field: should contain one or more complete sentences.
Flavors: r-devel-linux-x86_64-debian-clang, r-devel-linux-x86_64-debian-gcc, r-devel-linux-x86_64-fedora-clang, r-devel-linux-x86_64-fedora-gcc, r-devel-windows-ix86+x86_64, r-patched-linux-x86_64, r-patched-solaris-x86, r-release-linux-x86_64, r-release-windows-ix86+x86_64, r-release-osx-x86_64, r-oldrel-windows-ix86+x86_64, r-oldrel-osx-x86_64

Version: 0.0-23
Check: R code for possible problems
Result: NOTE
    Found an obsolete/platform-specific call in the following function:
     ‘.my.tkdev’
    Found the platform-specific device:
     ‘X11’
    dev.new() is the preferred way to open a new device, in the unlikely
    event one is needed.
    .my.tkdev: no visible global function definition for ‘X11’
    tkpersp : draw: no visible global function definition for ‘par’
    tkpersp : draw: no visible global function definition for ‘persp’
    Undefined global functions or variables:
     X11 par persp
    Consider adding
     importFrom("grDevices", "X11")
     importFrom("graphics", "par", "persp")
    to your NAMESPACE file.
Flavors: r-devel-linux-x86_64-debian-clang, r-devel-linux-x86_64-debian-gcc, r-devel-linux-x86_64-fedora-clang, r-devel-linux-x86_64-fedora-gcc, r-patched-linux-x86_64, r-patched-solaris-x86, r-release-linux-x86_64

Version: 0.0-23
Check: compiled code
Result: NOTE
    File ‘tkrplot/libs/tkrplot.so’:
     Found no calls to: ‘R_registerRoutines’, ‘R_useDynamicSymbols’
    
    It is good practice to register native routines and to disable symbol
    search.
    
    See ‘Writing portable packages’ in the ‘Writing R Extensions’ manual.
Flavors: r-devel-linux-x86_64-debian-clang, r-devel-linux-x86_64-debian-gcc, r-devel-linux-x86_64-fedora-clang, r-devel-linux-x86_64-fedora-gcc, r-patched-linux-x86_64, r-release-linux-x86_64

Version: 0.0-23
Check: R code for possible problems
Result: NOTE
    .my.tkdev: no visible global function definition for 'win.metafile'
    tkpersp : draw: no visible global function definition for 'par'
    tkpersp : draw: no visible global function definition for 'persp'
    Undefined global functions or variables:
     par persp win.metafile
    Consider adding
     importFrom("grDevices", "win.metafile")
     importFrom("graphics", "par", "persp")
    to your NAMESPACE file.
Flavors: r-devel-windows-ix86+x86_64, r-release-windows-ix86+x86_64, r-oldrel-windows-ix86+x86_64

Version: 0.0-23
Check: R code for possible problems
Result: NOTE
    .my.tkdev: no visible global function definition for ‘X11’
    tkpersp : draw: no visible global function definition for ‘par’
    tkpersp : draw: no visible global function definition for ‘persp’
    Undefined global functions or variables:
     X11 par persp
    Consider adding
     importFrom("grDevices", "X11")
     importFrom("graphics", "par", "persp")
    to your NAMESPACE file.
Flavor: r-release-osx-x86_64

Version: 0.0-23
Check: dependencies in R code
Result: NOTE
    Invalid MIT-MAGIC-COOKIE-1 keyInvalid MIT-MAGIC-COOKIE-1 key
Flavor: r-oldrel-osx-x86_64

Version: 0.0-23
Check: S3 generic/method consistency
Result: WARN
    Invalid MIT-MAGIC-COOKIE-1 keyInvalid MIT-MAGIC-COOKIE-1 key
    See section ‘Generic functions and methods’ in the ‘Writing R
    Extensions’ manual.
Flavor: r-oldrel-osx-x86_64

Version: 0.0-23
Check: replacement functions
Result: WARN
    Invalid MIT-MAGIC-COOKIE-1 keyInvalid MIT-MAGIC-COOKIE-1 key
    The argument of a replacement function which corresponds to the right
    hand side must be named ‘value’.
Flavor: r-oldrel-osx-x86_64

Version: 0.0-23
Check: foreign function calls
Result: NOTE
    Invalid MIT-MAGIC-COOKIE-1 keyInvalid MIT-MAGIC-COOKIE-1 key
    See chapter ‘System and foreign language interfaces’ in the ‘Writing R
    Extensions’ manual.
Flavor: r-oldrel-osx-x86_64

Version: 0.0-23
Check: R code for possible problems
Result: NOTE
    Invalid MIT-MAGIC-COOKIE-1 keyInvalid MIT-MAGIC-COOKIE-1 key.my.tkdev: no visible global function definition for ‘X11’
    tkpersp : draw: no visible global function definition for ‘par’
    tkpersp : draw: no visible global function definition for ‘persp’
    Undefined global functions or variables:
     X11 par persp
    Consider adding
     importFrom("grDevices", "X11")
     importFrom("graphics", "par", "persp")
    to your NAMESPACE file.
Flavor: r-oldrel-osx-x86_64

Version: 0.0-23
Check: for missing documentation entries
Result: WARN
    Invalid MIT-MAGIC-COOKIE-1 keyInvalid MIT-MAGIC-COOKIE-1 key
    All user-level objects in a package should have documentation entries.
    See chapter ‘Writing R documentation files’ in the ‘Writing R
    Extensions’ manual.
Flavor: r-oldrel-osx-x86_64

Version: 0.0-23
Check: for code/documentation mismatches
Result: WARN
    Invalid MIT-MAGIC-COOKIE-1 keyInvalid MIT-MAGIC-COOKIE-1 key
    Invalid MIT-MAGIC-COOKIE-1 keyInvalid MIT-MAGIC-COOKIE-1 key
    Invalid MIT-MAGIC-COOKIE-1 keyInvalid MIT-MAGIC-COOKIE-1 key
Flavor: r-oldrel-osx-x86_64

Version: 0.0-23
Check: Rd \usage sections
Result: NOTE
    Invalid MIT-MAGIC-COOKIE-1 keyInvalid MIT-MAGIC-COOKIE-1 key
    The \usage entries for S3 methods should use the \method markup and not
    their full name.
    See chapter ‘Writing R documentation files’ in the ‘Writing R
    Extensions’ manual.
Flavor: r-oldrel-osx-x86_64