CRAN Package Check Results for Package tkrplot

Last updated on 2016-12-08 06:48:43.

Flavor Version Tinstall Tcheck Ttotal Status Flags
r-devel-linux-x86_64-debian-clang 0.0-23 1.31 11.40 12.71 NOTE
r-devel-linux-x86_64-debian-gcc 0.0-23 1.34 11.38 12.72 NOTE
r-devel-linux-x86_64-fedora-clang 0.0-23 21.46 NOTE --no-stop-on-test-error
r-devel-linux-x86_64-fedora-gcc 0.0-23 20.12 NOTE --no-stop-on-test-error
r-devel-macos-x86_64-clang 0.0-23 20.08 NOTE
r-devel-windows-ix86+x86_64 0.0-23 14.00 34.00 48.00 NOTE
r-patched-linux-x86_64 0.0-23 1.30 9.81 11.11 NOTE
r-patched-solaris-sparc 0.0-23 114.20 NOTE
r-patched-solaris-x86 0.0-23 26.80 NOTE
r-release-linux-x86_64 0.0-23 1.19 9.82 11.01 NOTE
r-release-osx-x86_64-mavericks 0.0-23 WARN
r-release-windows-ix86+x86_64 0.0-23 12.00 31.00 43.00 NOTE
r-oldrel-windows-ix86+x86_64 0.0-23 18.00 48.00 66.00 NOTE

Check Details

Version: 0.0-23
Check: DESCRIPTION meta-information
Result: NOTE
    Malformed Description field: should contain one or more complete sentences.
Flavors: r-devel-linux-x86_64-debian-clang, r-devel-linux-x86_64-debian-gcc, r-devel-macos-x86_64-clang, r-devel-windows-ix86+x86_64, r-patched-linux-x86_64, r-patched-solaris-sparc, r-patched-solaris-x86, r-release-linux-x86_64, r-release-osx-x86_64-mavericks, r-release-windows-ix86+x86_64, r-oldrel-windows-ix86+x86_64

Version: 0.0-23
Check: R code for possible problems
Result: NOTE
    Found an obsolete/platform-specific call in the following function:
     ‘.my.tkdev’
    Found the platform-specific device:
     ‘X11’
    dev.new() is the preferred way to open a new device, in the unlikely
    event one is needed.
    .my.tkdev: no visible global function definition for ‘X11’
    tkpersp : draw: no visible global function definition for ‘par’
    tkpersp : draw: no visible global function definition for ‘persp’
    Undefined global functions or variables:
     X11 par persp
    Consider adding
     importFrom("grDevices", "X11")
     importFrom("graphics", "par", "persp")
    to your NAMESPACE file.
Flavors: r-devel-linux-x86_64-debian-clang, r-devel-linux-x86_64-debian-gcc, r-devel-macos-x86_64-clang, r-patched-linux-x86_64, r-patched-solaris-sparc, r-patched-solaris-x86, r-release-linux-x86_64

Version: 0.0-23
Flags: --no-stop-on-test-error
Check: DESCRIPTION meta-information
Result: NOTE
    Malformed Description field: should contain one or more complete sentences.
Flavors: r-devel-linux-x86_64-fedora-clang, r-devel-linux-x86_64-fedora-gcc

Version: 0.0-23
Flags: --no-stop-on-test-error
Check: R code for possible problems
Result: NOTE
    Found an obsolete/platform-specific call in the following function:
     ‘.my.tkdev’
    Found the platform-specific device:
     ‘X11’
    dev.new() is the preferred way to open a new device, in the unlikely
    event one is needed.
    .my.tkdev: no visible global function definition for ‘X11’
    tkpersp : draw: no visible global function definition for ‘par’
    tkpersp : draw: no visible global function definition for ‘persp’
    Undefined global functions or variables:
     X11 par persp
    Consider adding
     importFrom("grDevices", "X11")
     importFrom("graphics", "par", "persp")
    to your NAMESPACE file.
Flavors: r-devel-linux-x86_64-fedora-clang, r-devel-linux-x86_64-fedora-gcc

Version: 0.0-23
Check: R code for possible problems
Result: NOTE
    .my.tkdev: no visible global function definition for 'win.metafile'
    tkpersp : draw: no visible global function definition for 'par'
    tkpersp : draw: no visible global function definition for 'persp'
    Undefined global functions or variables:
     par persp win.metafile
    Consider adding
     importFrom("grDevices", "win.metafile")
     importFrom("graphics", "par", "persp")
    to your NAMESPACE file.
Flavors: r-devel-windows-ix86+x86_64, r-release-windows-ix86+x86_64

Version: 0.0-23
Check: dependencies in R code
Result: NOTE
    Invalid MIT-MAGIC-COOKIE-1 keyInvalid MIT-MAGIC-COOKIE-1 key
Flavor: r-release-osx-x86_64-mavericks

Version: 0.0-23
Check: S3 generic/method consistency
Result: WARN
    Invalid MIT-MAGIC-COOKIE-1 keyInvalid MIT-MAGIC-COOKIE-1 key
    See section ‘Generic functions and methods’ in the ‘Writing R
    Extensions’ manual.
Flavor: r-release-osx-x86_64-mavericks

Version: 0.0-23
Check: replacement functions
Result: WARN
    Invalid MIT-MAGIC-COOKIE-1 keyInvalid MIT-MAGIC-COOKIE-1 key
    The argument of a replacement function which corresponds to the right
    hand side must be named ‘value’.
Flavor: r-release-osx-x86_64-mavericks

Version: 0.0-23
Check: foreign function calls
Result: NOTE
    Invalid MIT-MAGIC-COOKIE-1 keyInvalid MIT-MAGIC-COOKIE-1 key
    See chapter ‘System and foreign language interfaces’ in the ‘Writing R
    Extensions’ manual.
Flavor: r-release-osx-x86_64-mavericks

Version: 0.0-23
Check: R code for possible problems
Result: NOTE
    Invalid MIT-MAGIC-COOKIE-1 keyInvalid MIT-MAGIC-COOKIE-1 key.my.tkdev: no visible global function definition for ‘X11’
    tkpersp : draw: no visible global function definition for ‘par’
    tkpersp : draw: no visible global function definition for ‘persp’
    Undefined global functions or variables:
     X11 par persp
    Consider adding
     importFrom("grDevices", "X11")
     importFrom("graphics", "par", "persp")
    to your NAMESPACE file.
Flavor: r-release-osx-x86_64-mavericks

Version: 0.0-23
Check: for missing documentation entries
Result: WARN
    Invalid MIT-MAGIC-COOKIE-1 keyInvalid MIT-MAGIC-COOKIE-1 key
    All user-level objects in a package should have documentation entries.
    See chapter ‘Writing R documentation files’ in the ‘Writing R
    Extensions’ manual.
Flavor: r-release-osx-x86_64-mavericks

Version: 0.0-23
Check: for code/documentation mismatches
Result: WARN
    Invalid MIT-MAGIC-COOKIE-1 keyInvalid MIT-MAGIC-COOKIE-1 key
    Invalid MIT-MAGIC-COOKIE-1 keyInvalid MIT-MAGIC-COOKIE-1 key
    Invalid MIT-MAGIC-COOKIE-1 keyInvalid MIT-MAGIC-COOKIE-1 key
Flavor: r-release-osx-x86_64-mavericks

Version: 0.0-23
Check: Rd \usage sections
Result: NOTE
    Invalid MIT-MAGIC-COOKIE-1 keyInvalid MIT-MAGIC-COOKIE-1 key
    The \usage entries for S3 methods should use the \method markup and not
    their full name.
    See chapter ‘Writing R documentation files’ in the ‘Writing R
    Extensions’ manual.
Flavor: r-release-osx-x86_64-mavericks