CRAN Package Check Results for Package tkrplot

Last updated on 2015-08-29 17:48:28.

Flavor Version Tinstall Tcheck Ttotal Status Flags
r-devel-linux-x86_64-debian-clang 0.0-23 1.10 9.29 10.39 NOTE
r-devel-linux-x86_64-debian-gcc 0.0-23 1.11 9.41 10.52 NOTE
r-devel-linux-x86_64-fedora-clang 0.0-23 19.55 NOTE
r-devel-linux-x86_64-fedora-gcc 0.0-23 18.53 NOTE
r-devel-osx-x86_64-clang 0.0-23 21.31 NOTE
r-devel-windows-ix86+x86_64 0.0-23 9.00 32.00 41.00 NOTE
r-patched-linux-x86_64 0.0-23 1.22 9.38 10.60 NOTE
r-patched-solaris-sparc 0.0-23 134.60 NOTE
r-patched-solaris-x86 0.0-23 33.10 NOTE
r-release-linux-x86_64 0.0-23 1.16 9.50 10.66 NOTE
r-release-osx-x86_64-mavericks 0.0-23 WARN
r-release-windows-ix86+x86_64 0.0-23 7.00 22.00 29.00 NOTE
r-oldrel-windows-ix86+x86_64 0.0-23 9.00 23.00 32.00 OK

Check Details

Version: 0.0-23
Check: DESCRIPTION meta-information
Result: NOTE
    Malformed Description field: should contain one or more complete sentences.
Flavors: r-devel-linux-x86_64-debian-clang, r-devel-linux-x86_64-debian-gcc, r-devel-linux-x86_64-fedora-clang, r-devel-linux-x86_64-fedora-gcc, r-devel-osx-x86_64-clang, r-devel-windows-ix86+x86_64, r-patched-linux-x86_64, r-patched-solaris-sparc, r-patched-solaris-x86, r-release-linux-x86_64, r-release-osx-x86_64-mavericks, r-release-windows-ix86+x86_64

Version: 0.0-23
Check: R code for possible problems
Result: NOTE
    Found an obsolete/platform-specific call in the following function:
     ‘.my.tkdev’
    Found the platform-specific device:
     ‘X11’
    dev.new() is the preferred way to open a new device, in the unlikely
    event one is needed.
    .my.tkdev: no visible global function definition for ‘X11’
    tkpersp : draw: no visible global function definition for ‘par’
    tkpersp : draw: no visible global function definition for ‘persp’
    Undefined global functions or variables:
     X11 par persp
    Consider adding
     importFrom("grDevices", "X11")
     importFrom("graphics", "par", "persp")
    to your NAMESPACE.
Flavors: r-devel-linux-x86_64-debian-clang, r-devel-linux-x86_64-debian-gcc, r-devel-linux-x86_64-fedora-clang, r-devel-linux-x86_64-fedora-gcc

Version: 0.0-23
Check: R code for possible problems
Result: NOTE
    Found an obsolete/platform-specific call in the following function:
     ‘.my.tkdev’
    Found the platform-specific device:
     ‘X11’
    dev.new() is the preferred way to open a new device, in the unlikely
    event one is needed.
Flavors: r-devel-osx-x86_64-clang, r-patched-linux-x86_64, r-patched-solaris-sparc, r-patched-solaris-x86, r-release-linux-x86_64

Version: 0.0-23
Check: R code for possible problems
Result: NOTE
    .my.tkdev: no visible global function definition for 'win.metafile'
    tkpersp : draw: no visible global function definition for 'par'
    tkpersp : draw: no visible global function definition for 'persp'
    Undefined global functions or variables:
     par persp win.metafile
    Consider adding
     importFrom("grDevices", "win.metafile")
     importFrom("graphics", "par", "persp")
    to your NAMESPACE.
Flavor: r-devel-windows-ix86+x86_64

Version: 0.0-23
Check: whether package can be installed
Result: WARN
    Found the following significant warnings:
     Warning: loading Rplot failed
Flavor: r-release-osx-x86_64-mavericks