CRAN Package Check Results for Package tkrplot

Last updated on 2015-03-05 06:46:53.

Flavor Version Tinstall Tcheck Ttotal Status Flags
r-devel-linux-x86_64-debian-clang 0.0-23 1.20 9.42 10.62 NOTE
r-devel-linux-x86_64-debian-gcc 0.0-23 1.15 9.32 10.46 NOTE
r-devel-linux-x86_64-fedora-clang 0.0-23 20.97 NOTE
r-devel-linux-x86_64-fedora-gcc 0.0-23 18.72 NOTE
r-devel-osx-x86_64-clang 0.0-23 25.62 NOTE
r-devel-windows-ix86+x86_64 0.0-23 9.00 22.00 31.00 NOTE
r-patched-linux-x86_64 0.0-23 1.17 10.30 11.47 NOTE
r-patched-solaris-sparc 0.0-23 155.10 NOTE
r-patched-solaris-x86 0.0-23 36.80 NOTE
r-release-linux-ix86 0.0-23 2.46 16.96 19.42 NOTE
r-release-linux-x86_64 0.0-23 1.24 9.80 11.04 NOTE
r-release-osx-x86_64-mavericks 0.0-23 OK
r-release-windows-ix86+x86_64 0.0-23 7.00 27.00 34.00 OK
r-oldrel-windows-ix86+x86_64 0.0-23 7.00 23.00 30.00 OK

Check Details

Version: 0.0-23
Check: DESCRIPTION meta-information
Result: NOTE
    Malformed Description field: should contain one or more complete sentences.
Flavors: r-devel-linux-x86_64-debian-clang, r-devel-linux-x86_64-debian-gcc, r-devel-linux-x86_64-fedora-clang, r-devel-linux-x86_64-fedora-gcc, r-devel-osx-x86_64-clang, r-devel-windows-ix86+x86_64

Version: 0.0-23
Check: R code for possible problems
Result: NOTE
    Found an obsolete/platform-specific call in the following function:
     ‘.my.tkdev’
    Found the platform-specific device:
     ‘X11’
    dev.new() is the preferred way to open a new device, in the unlikely
    event one is needed.
Flavors: r-devel-linux-x86_64-debian-clang, r-devel-linux-x86_64-debian-gcc, r-devel-linux-x86_64-fedora-clang, r-devel-linux-x86_64-fedora-gcc, r-devel-osx-x86_64-clang, r-patched-linux-x86_64, r-patched-solaris-sparc, r-patched-solaris-x86, r-release-linux-ix86, r-release-linux-x86_64