CRAN Package Check Results for Package tkrplot

Last updated on 2014-08-27 11:51:06.

Flavor Version Tinstall Tcheck Ttotal Status Flags
r-devel-linux-x86_64-debian-clang 0.0-23 1.07 9.65 10.72 NOTE
r-devel-linux-x86_64-debian-gcc 0.0-23 1.06 9.18 10.25 NOTE
r-devel-linux-x86_64-fedora-clang 0.0-23 21.12 NOTE
r-devel-linux-x86_64-fedora-gcc 0.0-23 19.34 NOTE
r-devel-osx-x86_64-clang 0.0-23 24.40 NOTE
r-devel-windows-ix86+x86_64 0.0-23 6.00 22.00 28.00 OK
r-patched-linux-x86_64 0.0-23 1.08 9.39 10.47 NOTE
r-patched-solaris-sparc 0.0-23 128.00 NOTE
r-patched-solaris-x86 0.0-23 34.40 NOTE
r-release-linux-ix86 0.0-23 1.88 16.48 18.36 NOTE
r-release-linux-x86_64 0.0-23 1.14 9.82 10.96 NOTE
r-release-osx-x86_64-mavericks 0.0-23 OK
r-release-windows-ix86+x86_64 0.0-23 8.00 30.00 38.00 OK
r-oldrel-windows-ix86+x86_64 0.0-23 7.00 23.00 30.00 OK

Check Details

Version: 0.0-23
Check: R code for possible problems
Result: NOTE
    Found an obsolete/platform-specific call in the following function:
     ‘.my.tkdev’
    Found the platform-specific device:
     ‘X11’
    dev.new() is the preferred way to open a new device, in the unlikely
    event one is needed.
Flavors: r-devel-linux-x86_64-debian-clang, r-devel-linux-x86_64-debian-gcc, r-devel-linux-x86_64-fedora-clang, r-devel-linux-x86_64-fedora-gcc, r-devel-osx-x86_64-clang, r-patched-linux-x86_64, r-patched-solaris-sparc, r-patched-solaris-x86, r-release-linux-ix86, r-release-linux-x86_64