CRAN Package Check Results for Package tkrplot

Last updated on 2014-12-20 16:49:13.

Flavor Version Tinstall Tcheck Ttotal Status Flags
r-devel-linux-x86_64-debian-clang 0.0-23 1.22 10.29 11.51 NOTE
r-devel-linux-x86_64-debian-gcc 0.0-23 1.20 9.78 10.98 NOTE
r-devel-linux-x86_64-fedora-clang 0.0-23 23.22 NOTE
r-devel-linux-x86_64-fedora-gcc 0.0-23 20.28 NOTE
r-devel-osx-x86_64-clang 0.0-23 26.59 NOTE
r-devel-windows-ix86+x86_64 0.0-23 11.00 28.00 39.00 OK
r-patched-linux-x86_64 0.0-23 1.24 10.08 11.32 NOTE
r-patched-solaris-sparc 0.0-23 162.00 NOTE
r-patched-solaris-x86 0.0-23 34.70 NOTE
r-release-linux-ix86 0.0-23 1.99 16.43 18.42 NOTE
r-release-linux-x86_64 0.0-23 1.28 9.89 11.17 NOTE
r-release-osx-x86_64-mavericks 0.0-23 OK
r-release-windows-ix86+x86_64 0.0-23 7.00 27.00 34.00 OK
r-oldrel-windows-ix86+x86_64 0.0-23 7.00 23.00 30.00 OK

Check Details

Version: 0.0-23
Check: R code for possible problems
Result: NOTE
    Found an obsolete/platform-specific call in the following function:
     ‘.my.tkdev’
    Found the platform-specific device:
     ‘X11’
    dev.new() is the preferred way to open a new device, in the unlikely
    event one is needed.
Flavors: r-devel-linux-x86_64-debian-clang, r-devel-linux-x86_64-debian-gcc, r-devel-linux-x86_64-fedora-clang, r-devel-linux-x86_64-fedora-gcc, r-devel-osx-x86_64-clang, r-patched-linux-x86_64, r-patched-solaris-sparc, r-patched-solaris-x86, r-release-linux-ix86, r-release-linux-x86_64