CRAN Package Check Results for Package tkrplot

Last updated on 2015-04-26 09:46:39.

Flavor Version Tinstall Tcheck Ttotal Status Flags
r-devel-linux-x86_64-debian-clang 0.0-23 1.60 9.43 11.03 NOTE
r-devel-linux-x86_64-debian-gcc 0.0-23 1.22 9.37 10.59 NOTE
r-devel-linux-x86_64-fedora-clang 0.0-23 20.64 NOTE
r-devel-linux-x86_64-fedora-gcc 0.0-23 19.72 NOTE
r-devel-osx-x86_64-clang 0.0-23 25.83 NOTE
r-devel-windows-ix86+x86_64 0.0-23 6.00 23.00 29.00 NOTE
r-patched-linux-x86_64 0.0-23 1.15 9.50 10.65 NOTE
r-patched-solaris-sparc 0.0-23 143.40 NOTE
r-patched-solaris-x86 0.0-23 31.60 NOTE
r-release-linux-x86_64 0.0-23 1.26 10.05 11.31 NOTE
r-release-osx-x86_64-mavericks 0.0-23 NOTE
r-release-osx-x86_64-snowleopard 0.0-23 NOTE
r-release-windows-ix86+x86_64 0.0-23 5.00 26.00 31.00 NOTE
r-oldrel-windows-ix86+x86_64 0.0-23 9.00 23.00 32.00 OK

Check Details

Version: 0.0-23
Check: DESCRIPTION meta-information
Result: NOTE
    Malformed Description field: should contain one or more complete sentences.
Flavors: r-devel-linux-x86_64-fedora-gcc, r-devel-windows-ix86+x86_64, r-release-windows-ix86+x86_64

Version: 0.0-23
Check: R code for possible problems
Result: NOTE
    Found an obsolete/platform-specific call in the following function:
     ‘.my.tkdev’
    Found the platform-specific device:
     ‘X11’
    dev.new() is the preferred way to open a new device, in the unlikely
    event one is needed.
Flavor: r-devel-linux-x86_64-fedora-gcc