CRAN Package Check Results for Package tkrplot

Last updated on 2014-09-21 11:48:28.

Flavor Version Tinstall Tcheck Ttotal Status Flags
r-devel-linux-x86_64-debian-clang 0.0-23 1.09 9.88 10.98 NOTE
r-devel-linux-x86_64-debian-gcc 0.0-23 1.07 9.75 10.82 NOTE
r-devel-linux-x86_64-fedora-clang 0.0-23 20.88 NOTE
r-devel-linux-x86_64-fedora-gcc 0.0-23 19.48 NOTE
r-devel-osx-x86_64-clang 0.0-23 27.30 NOTE
r-devel-windows-ix86+x86_64 0.0-23 7.00 22.00 29.00 OK
r-patched-linux-x86_64 0.0-23 1.10 9.63 10.73 NOTE
r-patched-solaris-sparc 0.0-23 128.00 NOTE
r-patched-solaris-x86 0.0-23 36.10 NOTE
r-release-linux-ix86 0.0-23 1.97 16.63 18.60 NOTE
r-release-linux-x86_64 0.0-23 1.17 9.88 11.04 NOTE
r-release-osx-x86_64-mavericks 0.0-23 OK
r-release-windows-ix86+x86_64 0.0-23 8.00 30.00 38.00 OK
r-oldrel-windows-ix86+x86_64 0.0-23 7.00 23.00 30.00 OK

Check Details

Version: 0.0-23
Check: R code for possible problems
Result: NOTE
    Found an obsolete/platform-specific call in the following function:
     ‘.my.tkdev’
    Found the platform-specific device:
     ‘X11’
    dev.new() is the preferred way to open a new device, in the unlikely
    event one is needed.
Flavors: r-devel-linux-x86_64-debian-clang, r-devel-linux-x86_64-debian-gcc, r-devel-linux-x86_64-fedora-clang, r-devel-linux-x86_64-fedora-gcc, r-devel-osx-x86_64-clang, r-patched-linux-x86_64, r-patched-solaris-sparc, r-patched-solaris-x86, r-release-linux-ix86, r-release-linux-x86_64