CRAN Package Check Results for Package tkrplot

Last updated on 2014-07-30 11:49:58.

Flavor Version Tinstall Tcheck Ttotal Status Flags
r-devel-linux-x86_64-debian-clang 0.0-23 1.10 9.59 10.69 NOTE
r-devel-linux-x86_64-debian-gcc 0.0-23 1.03 9.46 10.49 NOTE
r-devel-linux-x86_64-fedora-clang 0.0-23 20.79 NOTE
r-devel-linux-x86_64-fedora-gcc 0.0-23 18.73 NOTE
r-devel-osx-x86_64-clang 0.0-23 25.19 NOTE
r-devel-windows-ix86+x86_64 0.0-23 6.00 22.00 28.00 OK
r-patched-linux-x86_64 0.0-23 1.08 9.39 10.48 NOTE
r-patched-solaris-sparc 0.0-23 130.40 NOTE
r-patched-solaris-x86 0.0-23 34.40 NOTE
r-release-linux-ix86 0.0-23 1.91 16.28 18.19 NOTE
r-release-linux-x86_64 0.0-23 1.16 10.07 11.23 NOTE
r-release-osx-x86_64-mavericks 0.0-23 OK
r-release-windows-ix86+x86_64 0.0-23 8.00 30.00 38.00 OK
r-oldrel-windows-ix86+x86_64 0.0-23 7.00 23.00 30.00 OK

Check Details

Version: 0.0-23
Check: R code for possible problems
Result: NOTE
    Found an obsolete/platform-specific call in the following function:
     .my.tkdev
    Found the platform-specific device:
     X11
    dev.new() is the preferred way to open a new device, in the unlikely
    event one is needed.
Flavors: r-devel-linux-x86_64-debian-clang, r-devel-linux-x86_64-debian-gcc, r-devel-linux-x86_64-fedora-clang, r-devel-linux-x86_64-fedora-gcc, r-devel-osx-x86_64-clang, r-patched-linux-x86_64, r-patched-solaris-sparc, r-patched-solaris-x86, r-release-linux-ix86, r-release-linux-x86_64