CRAN Package Check Results for Package tkrplot

Last updated on 2015-05-24 10:47:15.

Flavor Version Tinstall Tcheck Ttotal Status Flags
r-devel-linux-x86_64-debian-clang 0.0-23 1.13 9.48 10.61 NOTE
r-devel-linux-x86_64-debian-gcc 0.0-23 1.12 9.29 10.42 NOTE
r-devel-linux-x86_64-fedora-clang 0.0-23 20.78 NOTE
r-devel-linux-x86_64-fedora-gcc 0.0-23 19.09 NOTE
r-devel-osx-x86_64-clang 0.0-23 26.12 NOTE
r-devel-windows-ix86+x86_64 0.0-23 6.00 21.00 27.00 NOTE
r-patched-linux-x86_64 0.0-23 1.15 9.66 10.82 NOTE
r-patched-solaris-sparc 0.0-23 141.60 NOTE
r-patched-solaris-x86 0.0-23 31.90 NOTE
r-release-linux-x86_64 0.0-23 1.16 9.31 10.48 NOTE
r-release-osx-x86_64-mavericks 0.0-23 WARN
r-release-osx-x86_64-snowleopard 0.0-23 NOTE
r-release-windows-ix86+x86_64 0.0-23 5.00 26.00 31.00 NOTE
r-oldrel-windows-ix86+x86_64 0.0-23 9.00 23.00 32.00 OK

Check Details

Version: 0.0-23
Check: DESCRIPTION meta-information
Result: NOTE
    Malformed Description field: should contain one or more complete sentences.
Flavors: r-devel-linux-x86_64-debian-clang, r-devel-linux-x86_64-debian-gcc, r-devel-linux-x86_64-fedora-clang, r-devel-linux-x86_64-fedora-gcc, r-devel-osx-x86_64-clang, r-devel-windows-ix86+x86_64, r-patched-linux-x86_64, r-patched-solaris-sparc, r-patched-solaris-x86, r-release-linux-x86_64, r-release-osx-x86_64-mavericks, r-release-osx-x86_64-snowleopard, r-release-windows-ix86+x86_64

Version: 0.0-23
Check: R code for possible problems
Result: NOTE
    Found an obsolete/platform-specific call in the following function:
     ‘.my.tkdev’
    Found the platform-specific device:
     ‘X11’
    dev.new() is the preferred way to open a new device, in the unlikely
    event one is needed.
Flavors: r-devel-linux-x86_64-debian-clang, r-devel-linux-x86_64-debian-gcc, r-devel-linux-x86_64-fedora-clang, r-devel-linux-x86_64-fedora-gcc, r-devel-osx-x86_64-clang, r-patched-linux-x86_64, r-patched-solaris-sparc, r-patched-solaris-x86, r-release-linux-x86_64

Version: 0.0-23
Check: whether package can be installed
Result: WARN
    Found the following significant warnings:
     Warning: loading Rplot failed
Flavor: r-release-osx-x86_64-mavericks