CRAN Package Check Results for Package tkrplot

Last updated on 2014-11-27 23:48:53.

Flavor Version Tinstall Tcheck Ttotal Status Flags
r-devel-linux-x86_64-debian-clang 0.0-23 1.20 9.93 11.13 NOTE
r-devel-linux-x86_64-debian-gcc 0.0-23 1.11 10.75 11.86 NOTE
r-devel-linux-x86_64-fedora-clang 0.0-23 22.66 NOTE
r-devel-linux-x86_64-fedora-gcc 0.0-23 21.04 NOTE
r-devel-osx-x86_64-clang 0.0-23 27.58 NOTE
r-devel-windows-ix86+x86_64 0.0-23 9.00 22.00 31.00 OK
r-patched-linux-x86_64 0.0-23 1.26 10.20 11.46 NOTE
r-patched-solaris-sparc 0.0-23 162.00 NOTE
r-patched-solaris-x86 0.0-23 35.90 NOTE
r-release-linux-ix86 0.0-23 1.98 16.25 18.23 NOTE
r-release-linux-x86_64 0.0-23 1.19 10.04 11.23 NOTE
r-release-osx-x86_64-mavericks 0.0-23 OK
r-release-windows-ix86+x86_64 0.0-23 7.00 27.00 34.00 OK
r-oldrel-windows-ix86+x86_64 0.0-23 7.00 23.00 30.00 OK

Check Details

Version: 0.0-23
Check: R code for possible problems
Result: NOTE
    Found an obsolete/platform-specific call in the following function:
     ‘.my.tkdev’
    Found the platform-specific device:
     ‘X11’
    dev.new() is the preferred way to open a new device, in the unlikely
    event one is needed.
Flavors: r-devel-linux-x86_64-debian-clang, r-devel-linux-x86_64-debian-gcc, r-devel-linux-x86_64-fedora-clang, r-devel-linux-x86_64-fedora-gcc, r-devel-osx-x86_64-clang, r-patched-linux-x86_64, r-patched-solaris-sparc, r-patched-solaris-x86, r-release-linux-ix86, r-release-linux-x86_64