CRAN Package Check Results for Package tlars

Last updated on 2022-11-28 05:52:38 CET.

Flavor Version Tinstall Tcheck Ttotal Status Flags
r-devel-linux-x86_64-debian-clang 0.0.1 54.07 110.11 164.18 OK
r-devel-linux-x86_64-debian-gcc 0.0.1 48.81 85.13 133.94 OK
r-devel-linux-x86_64-fedora-clang 0.0.1 228.27 OK
r-devel-linux-x86_64-fedora-gcc 0.0.1 225.71 OK
r-devel-windows-x86_64 0.0.1 54.00 170.00 224.00 OK
r-patched-linux-x86_64 0.0.1 48.18 110.57 158.75 OK
r-release-linux-x86_64 0.0.1 50.59 92.53 143.12 OK
r-release-macos-arm64 0.0.1 73.00 NOTE
r-release-macos-x86_64 0.0.1 96.00 NOTE
r-release-windows-x86_64 0.0.1 50.00 176.00 226.00 OK
r-oldrel-macos-arm64 0.0.1 64.00 NOTE
r-oldrel-macos-x86_64 0.0.1 101.00 NOTE
r-oldrel-windows-ix86+x86_64 0.0.1 137.00 190.00 327.00 NOTE

Check Details

Version: 0.0.1
Check: installed package size
Result: NOTE
     installed size is 7.5Mb
     sub-directories of 1Mb or more:
     doc 2.3Mb
     libs 4.7Mb
Flavors: r-release-macos-arm64, r-release-macos-x86_64, r-oldrel-macos-arm64, r-oldrel-macos-x86_64, r-oldrel-windows-ix86+x86_64