CRAN Package Check Results for Package tlemix

Last updated on 2016-05-28 23:47:57.

Flavor Version Tinstall Tcheck Ttotal Status Flags
r-devel-linux-x86_64-debian-gcc 0.1.3 0.72 12.75 13.47 NOTE
r-devel-linux-x86_64-fedora-clang 0.1.3 23.21 NOTE
r-devel-linux-x86_64-fedora-gcc 0.1.3 21.59 NOTE
r-devel-osx-x86_64-clang 0.1.3 27.85 NOTE
r-devel-windows-ix86+x86_64 0.1.3 3.00 32.00 35.00 NOTE
r-patched-linux-x86_64 0.1.3 0.73 12.57 13.30 NOTE
r-patched-solaris-sparc 0.1.3 148.90 NOTE
r-patched-solaris-x86 0.1.3 34.40 NOTE
r-release-linux-x86_64 0.1.3 0.70 12.52 13.23 NOTE
r-release-osx-x86_64-mavericks 0.1.3 NOTE
r-release-windows-ix86+x86_64 0.1.3 3.00 34.00 37.00 NOTE
r-oldrel-windows-ix86+x86_64 0.1.3 3.00 44.00 47.00 NOTE

Check Details

Version: 0.1.3
Check: R code for possible problems
Result: NOTE
    FLXmclust.Density: no visible global function definition for ‘dmvnorm’
    FLXmclust.Estimate: no visible global function definition for ‘flexmix’
    FLXmclust.Estimate: no visible global function definition for
     ‘FLXmclust’
    coefmclust: no visible global function definition for ‘parameters’
    flexmix.Density: no visible global function definition for
     ‘model.matrix’
    flexmix.Density: no visible global function definition for
     ‘model.response’
    flexmix.Density: no visible global function definition for
     ‘model.frame’
    flexmix.Density: no visible global function definition for ‘dnorm’
    flexmix.Density: no visible global function definition for ‘dpois’
    flexmix.Density: no visible global function definition for ‘dbinom’
    flexmix.Estimate: no visible global function definition for ‘flexmix’
    flexmix.Estimate: no visible global function definition for ‘FLXglm’
    tleplot,TLE-data.frame: no visible global function definition for
     ‘legend’
    Undefined global functions or variables:
     FLXglm FLXmclust dbinom dmvnorm dnorm dpois flexmix legend
     model.frame model.matrix model.response parameters
    Consider adding
     importFrom("graphics", "legend")
     importFrom("stats", "dbinom", "dnorm", "dpois", "model.frame",
     "model.matrix", "model.response")
    to your NAMESPACE file.
Flavors: r-devel-linux-x86_64-debian-gcc, r-devel-linux-x86_64-fedora-clang, r-devel-linux-x86_64-fedora-gcc, r-devel-osx-x86_64-clang, r-devel-windows-ix86+x86_64, r-patched-linux-x86_64, r-patched-solaris-sparc, r-patched-solaris-x86, r-release-linux-x86_64, r-release-osx-x86_64-mavericks, r-release-windows-ix86+x86_64

Version: 0.1.3
Check: R code for possible problems
Result: NOTE
    FLXmclust.Density: no visible global function definition for 'dmvnorm'
    FLXmclust.Estimate: no visible global function definition for 'flexmix'
    FLXmclust.Estimate: no visible global function definition for
     'FLXmclust'
    coefmclust: no visible global function definition for 'parameters'
    flexmix.Estimate: no visible global function definition for 'flexmix'
    flexmix.Estimate: no visible global function definition for 'FLXglm'
Flavor: r-oldrel-windows-ix86+x86_64