CRAN Package Check Results for Package tlemix

Last updated on 2015-04-21 02:48:50.

Flavor Version Tinstall Tcheck Ttotal Status Flags
r-devel-linux-x86_64-debian-clang 0.1.3 0.82 12.50 13.32 NOTE
r-devel-linux-x86_64-debian-gcc 0.1.3 0.74 12.40 13.14 NOTE
r-devel-linux-x86_64-fedora-clang 0.1.3 25.91 NOTE
r-devel-linux-x86_64-fedora-gcc 0.1.3 24.19 NOTE
r-devel-osx-x86_64-clang 0.1.3 29.76 NOTE
r-devel-windows-ix86+x86_64 0.1.3 3.00 29.00 32.00 NOTE
r-patched-linux-x86_64 0.1.3 0.72 12.46 13.18 NOTE
r-patched-solaris-sparc 0.1.3 163.60 NOTE
r-patched-solaris-x86 0.1.3 36.40 NOTE
r-release-linux-x86_64 0.1.3 0.74 12.28 13.02 NOTE
r-release-osx-x86_64-mavericks 0.1.3 NOTE
r-release-osx-x86_64-snowleopard 0.1.3 NOTE
r-release-windows-ix86+x86_64 0.1.3 2.00 20.00 22.00 NOTE
r-oldrel-windows-ix86+x86_64 0.1.3 2.00 22.00 24.00 NOTE

Check Details

Version: 0.1.3
Check: R code for possible problems
Result: NOTE
    FLXmclust.Density: no visible global function definition for ‘dmvnorm’
    FLXmclust.Estimate: no visible global function definition for ‘flexmix’
    FLXmclust.Estimate: no visible global function definition for
     ‘FLXmclust’
    coefmclust: no visible global function definition for ‘parameters’
    flexmix.Estimate: no visible global function definition for ‘flexmix’
    flexmix.Estimate: no visible global function definition for ‘FLXglm’
Flavors: r-devel-linux-x86_64-debian-clang, r-devel-linux-x86_64-debian-gcc, r-devel-linux-x86_64-fedora-clang, r-devel-linux-x86_64-fedora-gcc, r-devel-osx-x86_64-clang, r-devel-windows-ix86+x86_64, r-patched-linux-x86_64, r-patched-solaris-sparc, r-patched-solaris-x86, r-release-linux-x86_64, r-release-osx-x86_64-mavericks, r-release-osx-x86_64-snowleopard, r-release-windows-ix86+x86_64, r-oldrel-windows-ix86+x86_64