CRAN Package Check Results for Package tlemix

Last updated on 2015-01-28 15:47:25.

Flavor Version Tinstall Tcheck Ttotal Status Flags
r-devel-linux-x86_64-debian-clang 0.1.3 0.78 13.00 13.78 NOTE
r-devel-linux-x86_64-debian-gcc 0.1.3 0.79 12.42 13.21 NOTE
r-devel-linux-x86_64-fedora-clang 0.1.3 30.96 NOTE
r-devel-linux-x86_64-fedora-gcc 0.1.3 27.78 NOTE
r-devel-osx-x86_64-clang 0.1.3 31.53 NOTE
r-devel-windows-ix86+x86_64 0.1.3 4.00 22.00 26.00 NOTE
r-patched-linux-x86_64 0.1.3 0.92 13.33 14.25 NOTE
r-patched-solaris-sparc 0.1.3 161.50 NOTE
r-patched-solaris-x86 0.1.3 40.80 NOTE
r-release-linux-ix86 0.1.3 1.14 19.64 20.78 NOTE
r-release-linux-x86_64 0.1.3 1.14 13.58 14.71 NOTE
r-release-osx-x86_64-mavericks 0.1.3 NOTE
r-release-windows-ix86+x86_64 0.1.3 3.00 22.00 25.00 NOTE
r-oldrel-windows-ix86+x86_64 0.1.3 3.00 25.00 28.00 OK

Check Details

Version: 0.1.3
Check: R code for possible problems
Result: NOTE
    FLXmclust.Density: no visible global function definition for ‘dmvnorm’
    FLXmclust.Estimate: no visible global function definition for ‘flexmix’
    FLXmclust.Estimate: no visible global function definition for
     ‘FLXmclust’
    coefmclust: no visible global function definition for ‘parameters’
    flexmix.Estimate: no visible global function definition for ‘flexmix’
    flexmix.Estimate: no visible global function definition for ‘FLXglm’
Flavors: r-devel-linux-x86_64-debian-clang, r-devel-linux-x86_64-debian-gcc, r-devel-linux-x86_64-fedora-clang, r-devel-linux-x86_64-fedora-gcc, r-devel-osx-x86_64-clang, r-devel-windows-ix86+x86_64, r-patched-linux-x86_64, r-patched-solaris-sparc, r-patched-solaris-x86, r-release-linux-ix86, r-release-linux-x86_64, r-release-osx-x86_64-mavericks, r-release-windows-ix86+x86_64