CRAN Package Check Results for Package tlemix

Last updated on 2016-07-31 04:51:57.

Flavor Version Tinstall Tcheck Ttotal Status Flags
r-devel-linux-x86_64-debian-clang 0.1.3 0.78 12.86 13.64 NOTE
r-devel-linux-x86_64-debian-gcc 0.1.3 0.70 12.63 13.34 NOTE
r-devel-linux-x86_64-fedora-clang 0.1.3 22.73 NOTE
r-devel-linux-x86_64-fedora-gcc 0.1.3 20.87 NOTE
r-devel-osx-x86_64-clang 0.1.3 20.76 NOTE
r-devel-windows-ix86+x86_64 0.1.3 3.00 32.00 35.00 NOTE
r-patched-linux-x86_64 0.1.3 0.70 12.69 13.39 NOTE
r-patched-solaris-sparc 0.1.3 148.10 NOTE
r-patched-solaris-x86 0.1.3 32.60 NOTE
r-release-linux-x86_64 0.1.3 0.87 15.22 16.09 NOTE
r-release-osx-x86_64-mavericks 0.1.3 NOTE
r-release-windows-ix86+x86_64 0.1.3 5.00 40.00 45.00 NOTE
r-oldrel-windows-ix86+x86_64 0.1.3 5.00 38.00 43.00 NOTE

Check Details

Version: 0.1.3
Check: R code for possible problems
Result: NOTE
    FLXmclust.Density: no visible global function definition for ‘dmvnorm’
    FLXmclust.Estimate: no visible global function definition for ‘flexmix’
    FLXmclust.Estimate: no visible global function definition for
     ‘FLXmclust’
    coefmclust: no visible global function definition for ‘parameters’
    flexmix.Density: no visible global function definition for
     ‘model.matrix’
    flexmix.Density: no visible global function definition for
     ‘model.response’
    flexmix.Density: no visible global function definition for
     ‘model.frame’
    flexmix.Density: no visible global function definition for ‘dnorm’
    flexmix.Density: no visible global function definition for ‘dpois’
    flexmix.Density: no visible global function definition for ‘dbinom’
    flexmix.Estimate: no visible global function definition for ‘flexmix’
    flexmix.Estimate: no visible global function definition for ‘FLXglm’
    tleplot,TLE-data.frame: no visible global function definition for
     ‘legend’
    Undefined global functions or variables:
     FLXglm FLXmclust dbinom dmvnorm dnorm dpois flexmix legend
     model.frame model.matrix model.response parameters
    Consider adding
     importFrom("graphics", "legend")
     importFrom("stats", "dbinom", "dnorm", "dpois", "model.frame",
     "model.matrix", "model.response")
    to your NAMESPACE file.
Flavors: r-devel-linux-x86_64-debian-clang, r-devel-linux-x86_64-debian-gcc, r-devel-linux-x86_64-fedora-clang, r-devel-linux-x86_64-fedora-gcc, r-devel-osx-x86_64-clang, r-devel-windows-ix86+x86_64, r-patched-linux-x86_64, r-patched-solaris-sparc, r-patched-solaris-x86, r-release-linux-x86_64, r-release-osx-x86_64-mavericks, r-release-windows-ix86+x86_64

Version: 0.1.3
Check: R code for possible problems
Result: NOTE
    FLXmclust.Density: no visible global function definition for 'dmvnorm'
    FLXmclust.Estimate: no visible global function definition for 'flexmix'
    FLXmclust.Estimate: no visible global function definition for
     'FLXmclust'
    coefmclust: no visible global function definition for 'parameters'
    flexmix.Estimate: no visible global function definition for 'flexmix'
    flexmix.Estimate: no visible global function definition for 'FLXglm'
Flavor: r-oldrel-windows-ix86+x86_64