CRAN Package Check Results for Package tlemix

Last updated on 2015-05-28 11:48:46.

Flavor Version Tinstall Tcheck Ttotal Status Flags
r-devel-linux-x86_64-debian-clang 0.1.3 0.83 12.38 13.21 NOTE
r-devel-linux-x86_64-debian-gcc 0.1.3 0.73 13.18 13.91 NOTE
r-devel-linux-x86_64-fedora-clang 0.1.3 25.65 NOTE
r-devel-linux-x86_64-fedora-gcc 0.1.3 23.92 NOTE
r-devel-osx-x86_64-clang 0.1.3 30.96 NOTE
r-devel-windows-ix86+x86_64 0.1.3 3.00 22.00 25.00 NOTE
r-patched-linux-x86_64 0.1.3 0.75 12.29 13.04 NOTE
r-patched-solaris-sparc 0.1.3 164.90 NOTE
r-patched-solaris-x86 0.1.3 36.70 NOTE
r-release-linux-x86_64 0.1.3 0.73 12.42 13.14 NOTE
r-release-osx-x86_64-mavericks 0.1.3 NOTE
r-release-osx-x86_64-snowleopard 0.1.3 NOTE
r-release-windows-ix86+x86_64 0.1.3 4.00 21.00 25.00 NOTE
r-oldrel-windows-ix86+x86_64 0.1.3 3.00 24.00 27.00 NOTE

Check Details

Version: 0.1.3
Check: R code for possible problems
Result: NOTE
    FLXmclust.Density: no visible global function definition for ‘dmvnorm’
    FLXmclust.Estimate: no visible global function definition for ‘flexmix’
    FLXmclust.Estimate: no visible global function definition for
     ‘FLXmclust’
    coefmclust: no visible global function definition for ‘parameters’
    flexmix.Estimate: no visible global function definition for ‘flexmix’
    flexmix.Estimate: no visible global function definition for ‘FLXglm’
Flavors: r-devel-linux-x86_64-debian-clang, r-devel-linux-x86_64-debian-gcc, r-devel-linux-x86_64-fedora-clang, r-devel-linux-x86_64-fedora-gcc, r-devel-osx-x86_64-clang, r-devel-windows-ix86+x86_64, r-patched-linux-x86_64, r-patched-solaris-sparc, r-patched-solaris-x86, r-release-linux-x86_64, r-release-osx-x86_64-mavericks, r-release-osx-x86_64-snowleopard, r-release-windows-ix86+x86_64, r-oldrel-windows-ix86+x86_64