CRAN Package Check Results for Package tlemix

Last updated on 2015-03-04 19:50:34.

Flavor Version Tinstall Tcheck Ttotal Status Flags
r-devel-linux-x86_64-debian-clang 0.1.3 1.03 12.38 13.41 NOTE
r-devel-linux-x86_64-debian-gcc 0.1.3 0.99 12.13 13.12 NOTE
r-devel-linux-x86_64-fedora-clang 0.1.3 26.32 NOTE
r-devel-linux-x86_64-fedora-gcc 0.1.3 23.85 NOTE
r-devel-osx-x86_64-clang 0.1.3 29.96 NOTE
r-devel-windows-ix86+x86_64 0.1.3 3.00 23.00 26.00 NOTE
r-patched-linux-x86_64 0.1.3 0.81 13.77 14.58 NOTE
r-patched-solaris-sparc 0.1.3 192.00 NOTE
r-patched-solaris-x86 0.1.3 42.00 NOTE
r-release-linux-ix86 0.1.3 1.12 19.98 21.10 NOTE
r-release-linux-x86_64 0.1.3 0.83 13.10 13.93 NOTE
r-release-osx-x86_64-mavericks 0.1.3 NOTE
r-release-windows-ix86+x86_64 0.1.3 3.00 24.00 27.00 NOTE
r-oldrel-windows-ix86+x86_64 0.1.3 3.00 26.00 29.00 OK

Check Details

Version: 0.1.3
Check: R code for possible problems
Result: NOTE
    FLXmclust.Density: no visible global function definition for ‘dmvnorm’
    FLXmclust.Estimate: no visible global function definition for ‘flexmix’
    FLXmclust.Estimate: no visible global function definition for
     ‘FLXmclust’
    coefmclust: no visible global function definition for ‘parameters’
    flexmix.Estimate: no visible global function definition for ‘flexmix’
    flexmix.Estimate: no visible global function definition for ‘FLXglm’
Flavors: r-devel-linux-x86_64-debian-clang, r-devel-linux-x86_64-debian-gcc, r-devel-linux-x86_64-fedora-clang, r-devel-linux-x86_64-fedora-gcc, r-devel-osx-x86_64-clang, r-devel-windows-ix86+x86_64, r-patched-linux-x86_64, r-patched-solaris-sparc, r-patched-solaris-x86, r-release-linux-ix86, r-release-linux-x86_64, r-release-osx-x86_64-mavericks, r-release-windows-ix86+x86_64