CRAN Package Check Results for Package tlemix

Last updated on 2014-08-29 14:47:14.

Flavor Version Tinstall Tcheck Ttotal Status Flags
r-devel-linux-x86_64-debian-clang 0.1.3 0.85 12.48 13.33 NOTE
r-devel-linux-x86_64-debian-gcc 0.1.3 0.88 12.10 12.99 NOTE
r-devel-linux-x86_64-fedora-clang 0.1.3 26.59 NOTE
r-devel-linux-x86_64-fedora-gcc 0.1.3 24.69 NOTE
r-devel-osx-x86_64-clang 0.1.3 26.84 NOTE
r-devel-windows-ix86+x86_64 0.1.3 3.00 22.00 25.00 NOTE
r-patched-linux-x86_64 0.1.3 0.86 13.36 14.22 OK
r-patched-solaris-sparc 0.1.3 168.10 OK
r-patched-solaris-x86 0.1.3 42.30 OK
r-release-linux-ix86 0.1.3 1.22 20.48 21.70 OK
r-release-linux-x86_64 0.1.3 0.90 13.82 14.72 OK
r-release-osx-x86_64-mavericks 0.1.3 OK
r-release-windows-ix86+x86_64 0.1.3 2.00 22.00 24.00 OK
r-oldrel-windows-ix86+x86_64 0.1.3 3.00 26.00 29.00 OK

Check Details

Version: 0.1.3
Check: R code for possible problems
Result: NOTE
    FLXmclust.Density: no visible global function definition for ‘dmvnorm’
    FLXmclust.Estimate: no visible global function definition for ‘flexmix’
    FLXmclust.Estimate: no visible global function definition for
     ‘FLXmclust’
    coefmclust: no visible global function definition for ‘parameters’
    flexmix.Estimate: no visible global function definition for ‘flexmix’
    flexmix.Estimate: no visible global function definition for ‘FLXglm’
Flavors: r-devel-linux-x86_64-debian-clang, r-devel-linux-x86_64-debian-gcc, r-devel-linux-x86_64-fedora-clang, r-devel-linux-x86_64-fedora-gcc, r-devel-osx-x86_64-clang, r-devel-windows-ix86+x86_64