CRAN Package Check Results for Package tlemix

Last updated on 2014-10-31 08:47:20.

Flavor Version Tinstall Tcheck Ttotal Status Flags
r-devel-linux-x86_64-debian-clang 0.1.3 0.85 13.31 14.16 NOTE
r-devel-linux-x86_64-debian-gcc 0.1.3 0.83 13.10 13.93 NOTE
r-devel-linux-x86_64-fedora-clang 0.1.3 28.78 NOTE
r-devel-linux-x86_64-fedora-gcc 0.1.3 26.93 NOTE
r-devel-osx-x86_64-clang 0.1.3 31.28 NOTE
r-devel-windows-ix86+x86_64 0.1.3 2.00 22.00 24.00 NOTE
r-patched-linux-x86_64 0.1.3 0.82 13.34 14.16 NOTE
r-patched-solaris-sparc 0.1.3 185.30 NOTE
r-patched-solaris-x86 0.1.3 41.40 NOTE
r-release-linux-ix86 0.1.3 1.31 20.74 22.06 OK
r-release-linux-x86_64 0.1.3 1.11 14.10 15.22 OK
r-release-osx-x86_64-mavericks 0.1.3 OK
r-release-windows-ix86+x86_64 0.1.3 3.00 23.00 26.00 OK
r-oldrel-windows-ix86+x86_64 0.1.3 3.00 22.00 25.00 OK

Check Details

Version: 0.1.3
Check: R code for possible problems
Result: NOTE
    FLXmclust.Density: no visible global function definition for ‘dmvnorm’
    FLXmclust.Estimate: no visible global function definition for ‘flexmix’
    FLXmclust.Estimate: no visible global function definition for
     ‘FLXmclust’
    coefmclust: no visible global function definition for ‘parameters’
    flexmix.Estimate: no visible global function definition for ‘flexmix’
    flexmix.Estimate: no visible global function definition for ‘FLXglm’
Flavors: r-devel-linux-x86_64-debian-clang, r-devel-linux-x86_64-debian-gcc, r-devel-linux-x86_64-fedora-clang, r-devel-linux-x86_64-fedora-gcc, r-devel-osx-x86_64-clang, r-devel-windows-ix86+x86_64, r-patched-linux-x86_64, r-patched-solaris-sparc, r-patched-solaris-x86