CRAN Package Check Results for Package tlemix

Last updated on 2014-09-18 21:46:59.

Flavor Version Tinstall Tcheck Ttotal Status Flags
r-devel-linux-x86_64-debian-clang 0.1.3 0.87 12.54 13.40 NOTE
r-devel-linux-x86_64-debian-gcc 0.1.3 0.80 12.36 13.16 NOTE
r-devel-linux-x86_64-fedora-clang 0.1.3 28.40 NOTE
r-devel-linux-x86_64-fedora-gcc 0.1.3 25.09 NOTE
r-devel-osx-x86_64-clang 0.1.3 27.28 NOTE
r-devel-windows-ix86+x86_64 0.1.3 3.00 20.00 23.00 NOTE
r-patched-linux-x86_64 0.1.3 0.83 13.93 14.76 OK
r-patched-solaris-sparc 0.1.3 168.10 OK
r-patched-solaris-x86 0.1.3 44.20 OK
r-release-linux-ix86 0.1.3 1.22 21.01 22.23 OK
r-release-linux-x86_64 0.1.3 0.87 14.18 15.05 OK
r-release-osx-x86_64-mavericks 0.1.3 OK
r-release-windows-ix86+x86_64 0.1.3 3.00 22.00 25.00 OK
r-oldrel-windows-ix86+x86_64 0.1.3 3.00 25.00 28.00 OK

Check Details

Version: 0.1.3
Check: R code for possible problems
Result: NOTE
    FLXmclust.Density: no visible global function definition for ‘dmvnorm’
    FLXmclust.Estimate: no visible global function definition for ‘flexmix’
    FLXmclust.Estimate: no visible global function definition for
     ‘FLXmclust’
    coefmclust: no visible global function definition for ‘parameters’
    flexmix.Estimate: no visible global function definition for ‘flexmix’
    flexmix.Estimate: no visible global function definition for ‘FLXglm’
Flavors: r-devel-linux-x86_64-debian-clang, r-devel-linux-x86_64-debian-gcc, r-devel-linux-x86_64-fedora-clang, r-devel-linux-x86_64-fedora-gcc, r-devel-osx-x86_64-clang, r-devel-windows-ix86+x86_64