CRAN Package Check Results for Package tlemix

Last updated on 2014-12-18 21:47:23.

Flavor Version Tinstall Tcheck Ttotal Status Flags
r-devel-linux-x86_64-debian-clang 0.1.3 0.83 13.24 14.08 NOTE
r-devel-linux-x86_64-debian-gcc 0.1.3 0.89 12.90 13.79 NOTE
r-devel-linux-x86_64-fedora-clang 0.1.3 29.62 NOTE
r-devel-linux-x86_64-fedora-gcc 0.1.3 27.16 NOTE
r-devel-osx-x86_64-clang 0.1.3 31.87 NOTE
r-devel-windows-ix86+x86_64 0.1.3 5.00 29.00 34.00 NOTE
r-patched-linux-x86_64 0.1.3 0.85 13.30 14.14 NOTE
r-patched-solaris-sparc 0.1.3 185.30 NOTE
r-patched-solaris-x86 0.1.3 42.50 NOTE
r-release-linux-ix86 0.1.3 1.12 19.13 20.26 NOTE
r-release-linux-x86_64 0.1.3 0.85 13.49 14.34 NOTE
r-release-osx-x86_64-mavericks 0.1.3 OK
r-release-windows-ix86+x86_64 0.1.3 3.00 22.00 25.00 NOTE
r-oldrel-windows-ix86+x86_64 0.1.3 3.00 24.00 27.00 OK

Check Details

Version: 0.1.3
Check: R code for possible problems
Result: NOTE
    FLXmclust.Density: no visible global function definition for ‘dmvnorm’
    FLXmclust.Estimate: no visible global function definition for ‘flexmix’
    FLXmclust.Estimate: no visible global function definition for
     ‘FLXmclust’
    coefmclust: no visible global function definition for ‘parameters’
    flexmix.Estimate: no visible global function definition for ‘flexmix’
    flexmix.Estimate: no visible global function definition for ‘FLXglm’
Flavors: r-devel-linux-x86_64-debian-clang, r-devel-linux-x86_64-debian-gcc, r-devel-linux-x86_64-fedora-clang, r-devel-linux-x86_64-fedora-gcc, r-devel-osx-x86_64-clang, r-devel-windows-ix86+x86_64, r-patched-linux-x86_64, r-patched-solaris-sparc, r-patched-solaris-x86, r-release-linux-ix86, r-release-linux-x86_64, r-release-windows-ix86+x86_64