CRAN Package Check Results for Package tlmec

Last updated on 2014-04-24 03:47:56.

Flavor Version Tinstall Tcheck Ttotal Status Flags
r-devel-linux-x86_64-debian-clang 0.0-2 0.58 13.58 14.16 NOTE
r-devel-linux-x86_64-debian-gcc 0.0-2 0.62 13.49 14.11 NOTE
r-devel-linux-x86_64-fedora-clang 0.0-2 26.88 NOTE
r-devel-linux-x86_64-fedora-gcc 0.0-2 25.61 NOTE
r-devel-osx-x86_64-clang 0.0-2 29.61 NOTE
r-devel-osx-x86_64-gcc 0.0-2 NOTE
r-devel-windows-ix86+x86_64 0.0-2 2.00 21.00 23.00 NOTE
r-patched-linux-x86_64 0.0-2 0.59 13.40 13.99 NOTE
r-patched-solaris-sparc 0.0-2 154.00 NOTE
r-patched-solaris-x86 0.0-2 37.30 NOTE
r-release-linux-ix86 0.0-2 2.00 27.00 29.00 NOTE
r-release-linux-x86_64 0.0-2 0.62 13.40 14.02 NOTE
r-release-osx-x86_64-mavericks 0.0-2 WARN
r-release-osx-x86_64-snowleopard 0.0-2 NOTE
r-release-windows-ix86+x86_64 0.0-2 4.00 22.00 26.00 NOTE
r-oldrel-windows-ix86+x86_64 0.0-2 3.00 21.00 24.00 NOTE

Check Details

Version: 0.0-2
Check: dependencies in R code
Result: NOTE
    'library' or 'require' call to ‘mvtnorm’ which was already attached by Depends.
     Please remove these calls from your code.
    Package in Depends field not imported from: ‘mvtnorm’
     These packages need to be imported from (in the NAMESPACE file)
     for when this namespace is loaded but not attached.
    See the information on DESCRIPTION files in the chapter ‘Creating R
    packages’ of the ‘Writing R Extensions’ manual.
Flavors: r-devel-linux-x86_64-debian-clang, r-devel-linux-x86_64-debian-gcc, r-devel-linux-x86_64-fedora-clang, r-devel-linux-x86_64-fedora-gcc, r-devel-osx-x86_64-clang, r-devel-osx-x86_64-gcc, r-devel-windows-ix86+x86_64, r-patched-linux-x86_64, r-patched-solaris-sparc, r-patched-solaris-x86, r-release-linux-ix86, r-release-linux-x86_64, r-release-osx-x86_64-mavericks, r-release-windows-ix86+x86_64, r-oldrel-windows-ix86+x86_64

Version: 0.0-2
Check: Rd line widths
Result: NOTE
    Rd file 'UTIdata.Rd':
     \examples lines wider than 100 characters:
     x = cbind((UTIdata$Fup==0)+0, (UTIdata$Fup==1)+0, (UTIdata$Fup==3)+0, (UTIdata$Fup==6)+0, (UTIdata$Fup==9)+0, (UTIdata$Fup==12)+0, (UTI ... [TRUNCATED]
    
    These lines will be truncated in the PDF manual.
Flavors: r-devel-linux-x86_64-fedora-clang, r-devel-linux-x86_64-fedora-gcc

Version: 0.0-2
Check: PDF version of manual
Result: WARNING
    LaTeX errors when creating PDF version.
    This typically indicates Rd problems.
    LaTeX errors found:
    ! LaTeX Error: File `upquote.sty' not found.
    
    Type X to quit or <RETURN> to proceed,
    or enter new name. (Default extension: sty)
    
    5006ced6/Rd2.tex:8: ==> Fatal error occurred, no output PDF file produced!
Flavor: r-release-osx-x86_64-mavericks

Version: 0.0-2
Check: dependencies in R code
Result: NOTE
    'library' or 'require' call to 'mvtnorm' which was already attached by Depends.
     Please remove these calls from your code.
    See the information on DESCRIPTION files in the chapter 'Creating R
    packages' of the 'Writing R Extensions' manual.
Flavor: r-release-osx-x86_64-snowleopard