CRAN Package Check Results for Package tlmec

Last updated on 2014-07-30 20:48:54.

Flavor Version Tinstall Tcheck Ttotal Status Flags
r-devel-linux-x86_64-debian-clang 0.0-2 0.53 12.85 13.38 NOTE
r-devel-linux-x86_64-debian-gcc 0.0-2 0.53 13.11 13.64 NOTE
r-devel-linux-x86_64-fedora-clang 0.0-2 26.48 NOTE
r-devel-linux-x86_64-fedora-gcc 0.0-2 24.62 NOTE
r-devel-osx-x86_64-clang 0.0-2 28.36 NOTE
r-devel-windows-ix86+x86_64 0.0-2 2.00 24.00 26.00 NOTE
r-patched-linux-x86_64 0.0-2 0.55 12.77 13.32 NOTE
r-patched-solaris-sparc 0.0-2 150.00 NOTE
r-patched-solaris-x86 0.0-2 37.70 NOTE
r-release-linux-ix86 0.0-2 0.85 18.99 19.84 NOTE
r-release-linux-x86_64 0.0-2 0.56 13.14 13.70 NOTE
r-release-osx-x86_64-mavericks 0.0-2 NOTE
r-release-osx-x86_64-snowleopard 0.0-2 NOTE
r-release-windows-ix86+x86_64 0.0-2 3.00 32.00 35.00 NOTE
r-oldrel-windows-ix86+x86_64 0.0-2 2.00 22.00 24.00 NOTE

Check Details

Version: 0.0-2
Check: dependencies in R code
Result: NOTE
    'library' or 'require' call to mvtnorm which was already attached by Depends.
     Please remove these calls from your code.
    Package in Depends field not imported from: mvtnorm
     These packages need to be imported from (in the NAMESPACE file)
     for when this namespace is loaded but not attached.
    See the information on DESCRIPTION files in the chapter Creating R
    packages of the Writing R Extensions manual.
Flavors: r-devel-linux-x86_64-debian-clang, r-devel-linux-x86_64-debian-gcc, r-devel-linux-x86_64-fedora-clang, r-devel-linux-x86_64-fedora-gcc, r-devel-osx-x86_64-clang, r-devel-windows-ix86+x86_64, r-patched-linux-x86_64, r-patched-solaris-sparc, r-patched-solaris-x86, r-release-linux-ix86, r-release-linux-x86_64, r-release-osx-x86_64-mavericks, r-release-windows-ix86+x86_64, r-oldrel-windows-ix86+x86_64

Version: 0.0-2
Check: Rd line widths
Result: NOTE
    Rd file 'UTIdata.Rd':
     \examples lines wider than 100 characters:
     x = cbind((UTIdata$Fup==0)+0, (UTIdata$Fup==1)+0, (UTIdata$Fup==3)+0, (UTIdata$Fup==6)+0, (UTIdata$Fup==9)+0, (UTIdata$Fup==12)+0, (UTI ... [TRUNCATED]
    
    These lines will be truncated in the PDF manual.
Flavors: r-devel-linux-x86_64-fedora-clang, r-devel-linux-x86_64-fedora-gcc

Version: 0.0-2
Check: dependencies in R code
Result: NOTE
    'library' or 'require' call to 'mvtnorm' which was already attached by Depends.
     Please remove these calls from your code.
    See the information on DESCRIPTION files in the chapter 'Creating R
    packages' of the 'Writing R Extensions' manual.
Flavor: r-release-osx-x86_64-snowleopard