CRAN Package Check Results for Package tlnise

Last updated on 2015-09-05 06:48:33.

Flavor Version Tinstall Tcheck Ttotal Status Flags
r-devel-linux-x86_64-debian-clang 2.0 2.27 9.87 12.14 NOTE
r-devel-linux-x86_64-debian-gcc 2.0 2.20 9.60 11.80 NOTE
r-devel-linux-x86_64-fedora-clang 2.0 21.76 NOTE
r-devel-linux-x86_64-fedora-gcc 2.0 20.67 NOTE
r-devel-osx-x86_64-clang 2.0 20.07 NOTE
r-devel-windows-ix86+x86_64 2.0 11.00 27.00 38.00 NOTE
r-patched-linux-x86_64 2.0 2.28 10.20 12.48 NOTE
r-patched-solaris-sparc 2.0 156.20 NOTE
r-patched-solaris-x86 2.0 38.40 NOTE
r-release-linux-x86_64 2.0 2.32 10.12 12.44 NOTE
r-release-osx-x86_64-mavericks 2.0 NOTE
r-release-windows-ix86+x86_64 2.0 9.00 25.00 34.00 NOTE
r-oldrel-windows-ix86+x86_64 2.0 11.00 27.00 38.00 NOTE

Check Details

Version: 2.0
Check: dependencies in R code
Result: NOTE
    'library' or 'require' call to ‘MASS’ in package code.
     Please use :: or requireNamespace() instead.
     See section 'Suggested packages' in the 'Writing R Extensions' manual.
Flavors: r-devel-linux-x86_64-debian-clang, r-devel-linux-x86_64-debian-gcc, r-devel-linux-x86_64-fedora-clang, r-devel-linux-x86_64-fedora-gcc, r-devel-osx-x86_64-clang, r-devel-windows-ix86+x86_64, r-patched-linux-x86_64, r-patched-solaris-sparc, r-patched-solaris-x86, r-release-linux-x86_64, r-release-osx-x86_64-mavericks, r-release-windows-ix86+x86_64, r-oldrel-windows-ix86+x86_64

Version: 2.0
Check: R code for possible problems
Result: NOTE
    drawSample : <anonymous>: no visible global function definition for
     ‘mvrnorm’
    drawSample0 : <anonymous>: no visible global function definition for
     ‘mvrnorm’
    rscwish: no visible global function definition for ‘qchisq’
    sampleGamma: no visible binding for global variable ‘weighted.mean’
    tlnise: no visible global function definition for ‘runif’
    tlnise: no visible global function definition for ‘pchisq’
    Undefined global functions or variables:
     mvrnorm pchisq qchisq runif weighted.mean
    Consider adding
     importFrom("stats", "pchisq", "qchisq", "runif", "weighted.mean")
    to your NAMESPACE.
Flavors: r-devel-linux-x86_64-debian-clang, r-devel-linux-x86_64-debian-gcc, r-devel-linux-x86_64-fedora-clang, r-devel-linux-x86_64-fedora-gcc, r-devel-windows-ix86+x86_64

Version: 2.0
Check: R code for possible problems
Result: NOTE
    drawSample : <anonymous>: no visible global function definition for
     ‘mvrnorm’
    drawSample0 : <anonymous>: no visible global function definition for
     ‘mvrnorm’
    Undefined global functions or variables:
     mvrnorm
Flavor: r-devel-osx-x86_64-clang

Version: 2.0
Check: R code for possible problems
Result: NOTE
    drawSample : <anonymous>: no visible global function definition for
     ‘mvrnorm’
    drawSample0 : <anonymous>: no visible global function definition for
     ‘mvrnorm’
Flavors: r-patched-linux-x86_64, r-patched-solaris-sparc, r-patched-solaris-x86, r-release-linux-x86_64, r-release-osx-x86_64-mavericks, r-release-windows-ix86+x86_64, r-oldrel-windows-ix86+x86_64