CRAN Package Check Results for Package tlnise

Last updated on 2014-11-27 05:47:54.

Flavor Version Tinstall Tcheck Ttotal Status Flags
r-devel-linux-x86_64-debian-clang 2.0 2.34 11.08 13.43 NOTE
r-devel-linux-x86_64-debian-gcc 2.0 2.65 11.26 13.91 NOTE
r-devel-linux-x86_64-fedora-clang 2.0 25.81 NOTE
r-devel-linux-x86_64-fedora-gcc 2.0 24.14 NOTE
r-devel-osx-x86_64-clang 2.0 27.91 NOTE
r-devel-windows-ix86+x86_64 2.0 6.00 23.00 29.00 NOTE
r-patched-linux-x86_64 2.0 2.30 10.94 13.24 NOTE
r-patched-solaris-sparc 2.0 163.70 NOTE
r-patched-solaris-x86 2.0 41.80 NOTE
r-release-linux-ix86 2.0 3.72 16.15 19.87 NOTE
r-release-linux-x86_64 2.0 2.31 10.75 13.06 NOTE
r-release-osx-x86_64-mavericks 2.0 OK
r-release-windows-ix86+x86_64 2.0 6.00 24.00 30.00 NOTE
r-oldrel-windows-ix86+x86_64 2.0 7.00 24.00 31.00 OK

Check Details

Version: 2.0
Check: R code for possible problems
Result: NOTE
    drawSample : <anonymous>: no visible global function definition for
     ‘mvrnorm’
    drawSample0 : <anonymous>: no visible global function definition for
     ‘mvrnorm’
Flavors: r-devel-linux-x86_64-debian-clang, r-devel-linux-x86_64-debian-gcc, r-devel-linux-x86_64-fedora-clang, r-devel-linux-x86_64-fedora-gcc, r-devel-osx-x86_64-clang, r-devel-windows-ix86+x86_64, r-patched-linux-x86_64, r-patched-solaris-sparc, r-patched-solaris-x86, r-release-linux-ix86, r-release-linux-x86_64, r-release-windows-ix86+x86_64