CRAN Package Check Results for Package tlnise

Last updated on 2014-09-21 00:46:56.

Flavor Version Tinstall Tcheck Ttotal Status Flags
r-devel-linux-x86_64-debian-clang 2.0 2.59 10.65 13.24 NOTE
r-devel-linux-x86_64-debian-gcc 2.0 2.20 10.32 12.51 NOTE
r-devel-linux-x86_64-fedora-clang 2.0 25.21 NOTE
r-devel-linux-x86_64-fedora-gcc 2.0 21.74 NOTE
r-devel-osx-x86_64-clang 2.0 27.27 NOTE
r-devel-windows-ix86+x86_64 2.0 7.00 20.00 27.00 NOTE
r-patched-linux-x86_64 2.0 2.21 10.58 12.80 OK
r-patched-solaris-sparc 2.0 152.50 OK
r-patched-solaris-x86 2.0 43.30 OK
r-release-linux-ix86 2.0 3.87 16.60 20.47 OK
r-release-linux-x86_64 2.0 2.66 10.81 13.48 OK
r-release-osx-x86_64-mavericks 2.0 OK
r-release-windows-ix86+x86_64 2.0 7.00 22.00 29.00 OK
r-oldrel-windows-ix86+x86_64 2.0 8.00 25.00 33.00 OK

Check Details

Version: 2.0
Check: R code for possible problems
Result: NOTE
    drawSample : <anonymous>: no visible global function definition for
     ‘mvrnorm’
    drawSample0 : <anonymous>: no visible global function definition for
     ‘mvrnorm’
Flavors: r-devel-linux-x86_64-debian-clang, r-devel-linux-x86_64-debian-gcc, r-devel-linux-x86_64-fedora-clang, r-devel-linux-x86_64-fedora-gcc, r-devel-osx-x86_64-clang, r-devel-windows-ix86+x86_64