CRAN Package Check Results for Package tlnise

Last updated on 2014-04-23 17:47:56.

Flavor Version Tinstall Tcheck Ttotal Status Flags
r-devel-linux-x86_64-debian-clang 2.0 2.18 10.86 13.04 OK
r-devel-linux-x86_64-debian-gcc 2.0 2.18 10.88 13.06 OK
r-devel-linux-x86_64-fedora-clang 2.0 24.61 OK
r-devel-linux-x86_64-fedora-gcc 2.0 23.50 OK
r-devel-osx-x86_64-clang 2.0 26.17 OK
r-devel-osx-x86_64-gcc 2.0 OK
r-devel-windows-ix86+x86_64 2.0 7.00 22.00 29.00 OK
r-patched-linux-x86_64 2.0 2.18 10.64 12.82 OK
r-patched-solaris-sparc 2.0 153.10 OK
r-patched-solaris-x86 2.0 41.50 OK
r-release-linux-ix86 2.0 3.00 24.00 27.00 OK
r-release-linux-x86_64 2.0 2.14 10.71 12.86 OK
r-release-osx-x86_64-mavericks 2.0 WARN
r-release-windows-ix86+x86_64 2.0 6.00 22.00 28.00 OK
r-oldrel-windows-ix86+x86_64 2.0 7.00 23.00 30.00 OK

Check Details

Version: 2.0
Check: PDF version of manual
Result: WARNING
    LaTeX errors when creating PDF version.
    This typically indicates Rd problems.
    LaTeX errors found:
    ! LaTeX Error: File `upquote.sty' not found.
    
    Type X to quit or <RETURN> to proceed,
    or enter new name. (Default extension: sty)
    
    3d3af43b/Rd2.tex:8: ==> Fatal error occurred, no output PDF file produced!
Flavor: r-release-osx-x86_64-mavericks