CRAN Package Check Results for Package tlnise

Last updated on 2014-08-21 11:15:18.

Flavor Version Tinstall Tcheck Ttotal Status Flags
r-devel-linux-x86_64-debian-clang 2.0 2.18 10.18 12.36 OK
r-devel-linux-x86_64-debian-gcc 2.0 2.22 10.14 12.35 OK
r-devel-linux-x86_64-fedora-clang 2.0 23.86 NOTE
r-devel-linux-x86_64-fedora-gcc 2.0 22.36 NOTE
r-devel-osx-x86_64-clang 2.0 24.39 NOTE
r-devel-windows-ix86+x86_64 2.0 7.00 23.00 30.00 OK
r-patched-linux-x86_64 2.0 2.19 10.90 13.10 OK
r-patched-solaris-sparc 2.0 152.50 OK
r-patched-solaris-x86 2.0 39.90 OK
r-release-linux-ix86 2.0 3.86 17.18 21.04 OK
r-release-linux-x86_64 2.0 2.25 10.79 13.04 OK
r-release-osx-x86_64-mavericks 2.0 OK
r-release-windows-ix86+x86_64 2.0 7.00 23.00 30.00 OK
r-oldrel-windows-ix86+x86_64 2.0 7.00 25.00 32.00 OK

Check Details

Version: 2.0
Check: R code for possible problems
Result: NOTE
    drawSample : <anonymous>: no visible global function definition for
     ‘mvrnorm’
    drawSample0 : <anonymous>: no visible global function definition for
     ‘mvrnorm’
Flavors: r-devel-linux-x86_64-fedora-clang, r-devel-linux-x86_64-fedora-gcc, r-devel-osx-x86_64-clang