CRAN Package Check Results for Package tlnise

Last updated on 2015-05-26 11:48:48.

Flavor Version Tinstall Tcheck Ttotal Status Flags
r-devel-linux-x86_64-debian-clang 2.0 2.20 10.98 13.18 NOTE
r-devel-linux-x86_64-debian-gcc 2.0 2.19 9.96 12.16 NOTE
r-devel-linux-x86_64-fedora-clang 2.0 22.91 NOTE
r-devel-linux-x86_64-fedora-gcc 2.0 21.72 NOTE
r-devel-osx-x86_64-clang 2.0 25.83 NOTE
r-devel-windows-ix86+x86_64 2.0 7.00 23.00 30.00 NOTE
r-patched-linux-x86_64 2.0 2.18 9.94 12.12 NOTE
r-patched-solaris-sparc 2.0 160.10 NOTE
r-patched-solaris-x86 2.0 38.40 NOTE
r-release-linux-x86_64 2.0 2.28 10.05 12.33 NOTE
r-release-osx-x86_64-mavericks 2.0 NOTE
r-release-osx-x86_64-snowleopard 2.0 NOTE
r-release-windows-ix86+x86_64 2.0 8.00 22.00 30.00 NOTE
r-oldrel-windows-ix86+x86_64 2.0 7.00 39.00 46.00 NOTE

Check Details

Version: 2.0
Check: dependencies in R code
Result: NOTE
    'library' or 'require' call to ‘MASS’ in package code.
     Please use :: or requireNamespace() instead.
     See section 'Suggested packages' in the 'Writing R Extensions' manual.
Flavors: r-devel-linux-x86_64-debian-clang, r-devel-linux-x86_64-debian-gcc, r-devel-linux-x86_64-fedora-clang, r-devel-linux-x86_64-fedora-gcc, r-devel-osx-x86_64-clang, r-devel-windows-ix86+x86_64, r-patched-linux-x86_64, r-patched-solaris-sparc, r-patched-solaris-x86, r-release-linux-x86_64, r-release-osx-x86_64-mavericks, r-release-osx-x86_64-snowleopard, r-release-windows-ix86+x86_64, r-oldrel-windows-ix86+x86_64

Version: 2.0
Check: R code for possible problems
Result: NOTE
    drawSample : <anonymous>: no visible global function definition for
     ‘mvrnorm’
    drawSample0 : <anonymous>: no visible global function definition for
     ‘mvrnorm’
Flavors: r-devel-linux-x86_64-debian-clang, r-devel-linux-x86_64-debian-gcc, r-devel-linux-x86_64-fedora-clang, r-devel-linux-x86_64-fedora-gcc, r-devel-osx-x86_64-clang, r-devel-windows-ix86+x86_64, r-patched-linux-x86_64, r-patched-solaris-sparc, r-patched-solaris-x86, r-release-linux-x86_64, r-release-osx-x86_64-mavericks, r-release-osx-x86_64-snowleopard, r-release-windows-ix86+x86_64, r-oldrel-windows-ix86+x86_64