CRAN Package Check Results for Package tlnise

Last updated on 2014-10-26 05:47:30.

Flavor Version Tinstall Tcheck Ttotal Status Flags
r-devel-linux-x86_64-debian-clang 2.0 2.32 10.97 13.29 NOTE
r-devel-linux-x86_64-debian-gcc 2.0 2.30 10.66 12.96 NOTE
r-devel-linux-x86_64-fedora-clang 2.0 25.08 NOTE
r-devel-linux-x86_64-fedora-gcc 2.0 23.19 NOTE
r-devel-osx-x86_64-clang 2.0 27.10 NOTE
r-devel-windows-ix86+x86_64 2.0 7.00 24.00 31.00 NOTE
r-patched-linux-x86_64 2.0 2.33 10.89 13.22 NOTE
r-patched-solaris-sparc 2.0 163.70 NOTE
r-patched-solaris-x86 2.0 42.60 NOTE
r-release-linux-ix86 2.0 4.05 16.68 20.73 OK
r-release-linux-x86_64 2.0 2.26 10.82 13.08 OK
r-release-osx-x86_64-mavericks 2.0 OK
r-release-windows-ix86+x86_64 2.0 7.00 22.00 29.00 OK
r-oldrel-windows-ix86+x86_64 2.0 8.00 24.00 32.00 OK

Check Details

Version: 2.0
Check: R code for possible problems
Result: NOTE
    drawSample : <anonymous>: no visible global function definition for
     ‘mvrnorm’
    drawSample0 : <anonymous>: no visible global function definition for
     ‘mvrnorm’
Flavors: r-devel-linux-x86_64-debian-clang, r-devel-linux-x86_64-debian-gcc, r-devel-linux-x86_64-fedora-clang, r-devel-linux-x86_64-fedora-gcc, r-devel-osx-x86_64-clang, r-devel-windows-ix86+x86_64, r-patched-linux-x86_64, r-patched-solaris-sparc, r-patched-solaris-x86