CRAN Package Check Results for Package tlnise

Last updated on 2015-06-30 06:47:22.

Flavor Version Tinstall Tcheck Ttotal Status Flags
r-devel-linux-x86_64-debian-clang 2.0 2.78 9.82 12.60 NOTE
r-devel-linux-x86_64-debian-gcc 2.0 2.20 9.89 12.10 NOTE
r-devel-linux-x86_64-fedora-clang 2.0 21.49 NOTE
r-devel-linux-x86_64-fedora-gcc 2.0 20.91 NOTE
r-devel-osx-x86_64-clang 2.0 20.56 NOTE
r-devel-windows-ix86+x86_64 2.0 11.00 21.00 32.00 NOTE
r-patched-linux-x86_64 2.0 2.24 10.20 12.44 NOTE
r-patched-solaris-sparc 2.0 160.10 NOTE
r-patched-solaris-x86 2.0 38.20 NOTE
r-release-linux-x86_64 2.0 2.20 10.13 12.33 NOTE
r-release-osx-x86_64-mavericks 2.0 NOTE
r-release-windows-ix86+x86_64 2.0 9.00 25.00 34.00 NOTE
r-oldrel-windows-ix86+x86_64 2.0 10.00 39.00 49.00 NOTE

Check Details

Version: 2.0
Check: dependencies in R code
Result: NOTE
    'library' or 'require' call to ‘MASS’ in package code.
     Please use :: or requireNamespace() instead.
     See section 'Suggested packages' in the 'Writing R Extensions' manual.
Flavors: r-devel-linux-x86_64-debian-clang, r-devel-linux-x86_64-debian-gcc, r-devel-linux-x86_64-fedora-clang, r-devel-linux-x86_64-fedora-gcc, r-devel-osx-x86_64-clang, r-devel-windows-ix86+x86_64, r-patched-linux-x86_64, r-patched-solaris-sparc, r-patched-solaris-x86, r-release-linux-x86_64, r-release-osx-x86_64-mavericks, r-release-windows-ix86+x86_64, r-oldrel-windows-ix86+x86_64

Version: 2.0
Check: R code for possible problems
Result: NOTE
    drawSample : <anonymous>: no visible global function definition for
     ‘mvrnorm’
    drawSample0 : <anonymous>: no visible global function definition for
     ‘mvrnorm’
    rscwish: no visible global function definition for ‘qchisq’
    sampleGamma: no visible binding for global variable ‘weighted.mean’
    tlnise: no visible global function definition for ‘runif’
    tlnise: no visible global function definition for ‘pchisq’
Flavors: r-devel-linux-x86_64-debian-clang, r-devel-linux-x86_64-debian-gcc, r-devel-windows-ix86+x86_64

Version: 2.0
Check: R code for possible problems
Result: NOTE
    drawSample : <anonymous>: no visible global function definition for
     ‘mvrnorm’
    drawSample0 : <anonymous>: no visible global function definition for
     ‘mvrnorm’
Flavors: r-devel-linux-x86_64-fedora-clang, r-devel-linux-x86_64-fedora-gcc, r-devel-osx-x86_64-clang, r-patched-linux-x86_64, r-patched-solaris-sparc, r-patched-solaris-x86, r-release-linux-x86_64, r-release-osx-x86_64-mavericks, r-release-windows-ix86+x86_64, r-oldrel-windows-ix86+x86_64