CRAN Package Check Results for Package tlnise

Last updated on 2015-01-27 01:48:18.

Flavor Version Tinstall Tcheck Ttotal Status Flags
r-devel-linux-x86_64-debian-clang 2.0 2.28 10.30 12.58 NOTE
r-devel-linux-x86_64-debian-gcc 2.0 2.24 10.00 12.24 NOTE
r-devel-linux-x86_64-fedora-clang 2.0 27.69 NOTE
r-devel-linux-x86_64-fedora-gcc 2.0 26.16 NOTE
r-devel-osx-x86_64-clang 2.0 27.68 NOTE
r-devel-windows-ix86+x86_64 2.0 8.00 21.00 29.00 NOTE
r-patched-linux-x86_64 2.0 2.39 10.86 13.25 NOTE
r-patched-solaris-sparc 2.0 157.60 NOTE
r-patched-solaris-x86 2.0 41.70 NOTE
r-release-linux-ix86 2.0 3.73 16.61 20.34 NOTE
r-release-linux-x86_64 2.0 2.30 10.68 12.97 NOTE
r-release-osx-x86_64-mavericks 2.0 NOTE
r-release-windows-ix86+x86_64 2.0 10.00 23.00 33.00 NOTE
r-oldrel-windows-ix86+x86_64 2.0 12.00 27.00 39.00 OK

Check Details

Version: 2.0
Check: dependencies in R code
Result: NOTE
    'library' or 'require' call to ‘MASS’ in package code.
     Please use :: or requireNamespace() instead.
     See section 'Suggested packages' in the 'Writing R Extensions' manual.
Flavors: r-devel-linux-x86_64-debian-clang, r-devel-linux-x86_64-debian-gcc, r-devel-linux-x86_64-fedora-clang, r-devel-linux-x86_64-fedora-gcc, r-devel-osx-x86_64-clang, r-devel-windows-ix86+x86_64

Version: 2.0
Check: R code for possible problems
Result: NOTE
    drawSample : <anonymous>: no visible global function definition for
     ‘mvrnorm’
    drawSample0 : <anonymous>: no visible global function definition for
     ‘mvrnorm’
Flavors: r-devel-linux-x86_64-debian-clang, r-devel-linux-x86_64-debian-gcc, r-devel-linux-x86_64-fedora-clang, r-devel-linux-x86_64-fedora-gcc, r-devel-osx-x86_64-clang, r-devel-windows-ix86+x86_64, r-patched-linux-x86_64, r-patched-solaris-sparc, r-patched-solaris-x86, r-release-linux-ix86, r-release-linux-x86_64, r-release-osx-x86_64-mavericks, r-release-windows-ix86+x86_64