CRAN Package Check Results for Package tlnise

Last updated on 2014-12-18 19:50:50.

Flavor Version Tinstall Tcheck Ttotal Status Flags
r-devel-linux-x86_64-debian-clang 2.0 2.32 10.76 13.08 NOTE
r-devel-linux-x86_64-debian-gcc 2.0 2.26 10.60 12.87 NOTE
r-devel-linux-x86_64-fedora-clang 2.0 26.17 NOTE
r-devel-linux-x86_64-fedora-gcc 2.0 23.56 NOTE
r-devel-osx-x86_64-clang 2.0 27.30 NOTE
r-devel-windows-ix86+x86_64 2.0 7.00 23.00 30.00 NOTE
r-patched-linux-x86_64 2.0 2.40 11.36 13.76 NOTE
r-patched-solaris-sparc 2.0 163.70 NOTE
r-patched-solaris-x86 2.0 42.60 NOTE
r-release-linux-ix86 2.0 3.72 16.14 19.86 NOTE
r-release-linux-x86_64 2.0 2.29 10.70 12.99 NOTE
r-release-osx-x86_64-mavericks 2.0 OK
r-release-windows-ix86+x86_64 2.0 8.00 25.00 33.00 NOTE
r-oldrel-windows-ix86+x86_64 2.0 7.00 25.00 32.00 OK

Check Details

Version: 2.0
Check: R code for possible problems
Result: NOTE
    drawSample : <anonymous>: no visible global function definition for
     ‘mvrnorm’
    drawSample0 : <anonymous>: no visible global function definition for
     ‘mvrnorm’
Flavors: r-devel-linux-x86_64-debian-clang, r-devel-linux-x86_64-debian-gcc, r-devel-linux-x86_64-fedora-clang, r-devel-linux-x86_64-fedora-gcc, r-devel-osx-x86_64-clang, r-devel-windows-ix86+x86_64, r-patched-linux-x86_64, r-patched-solaris-sparc, r-patched-solaris-x86, r-release-linux-ix86, r-release-linux-x86_64, r-release-windows-ix86+x86_64