CRAN Package Check Results for Package tlnise

Last updated on 2016-12-10 22:48:52.

Flavor Version Tinstall Tcheck Ttotal Status Flags
r-devel-linux-x86_64-debian-clang 2.0-2 2.47 12.47 14.95 WARN
r-devel-linux-x86_64-debian-gcc 2.0-2 2.42 12.33 14.75 WARN
r-devel-linux-x86_64-fedora-clang 2.0-2 25.15 WARN --no-stop-on-test-error
r-devel-linux-x86_64-fedora-gcc 2.0-2 23.70 WARN --no-stop-on-test-error
r-devel-macos-x86_64-clang 2.0-2 22.01 WARN --no-stop-on-test-error
r-devel-windows-ix86+x86_64 2.0-2 12.00 51.00 63.00 OK
r-patched-linux-x86_64 2.0-2 2.26 10.56 12.82 OK
r-patched-solaris-sparc 2.0-2 139.80 OK
r-patched-solaris-x86 2.0-2 33.00 OK
r-release-linux-x86_64 2.0-2 2.22 10.24 12.47 OK
r-release-osx-x86_64-mavericks 2.0-2 OK
r-release-windows-ix86+x86_64 2.0-2 12.00 32.00 44.00 OK
r-oldrel-windows-ix86+x86_64 2.0-2 12.00 32.00 44.00 OK

Check Details

Version: 2.0-2
Check: whether package can be installed
Result: WARN
    Found the following significant warnings:
     Warning: Integer division truncated to constant ‘67108861’ at (1) [-Winteger-division]
Flavors: r-devel-linux-x86_64-debian-clang, r-devel-linux-x86_64-debian-gcc

Version: 2.0-2
Flags: --no-stop-on-test-error
Check: whether package can be installed
Result: WARN
    Found the following significant warnings:
     Warning: Integer division truncated to constant ‘67108861’ at (1) [-Winteger-division]
Flavors: r-devel-linux-x86_64-fedora-clang, r-devel-linux-x86_64-fedora-gcc, r-devel-macos-x86_64-clang