CRAN Package Check Results for Package tlnise

Last updated on 2015-03-03 05:47:10.

Flavor Version Tinstall Tcheck Ttotal Status Flags
r-devel-linux-x86_64-debian-clang 2.0 2.28 10.28 12.56 NOTE
r-devel-linux-x86_64-debian-gcc 2.0 2.23 10.18 12.41 NOTE
r-devel-linux-x86_64-fedora-clang 2.0 22.87 NOTE
r-devel-linux-x86_64-fedora-gcc 2.0 21.61 NOTE
r-devel-osx-x86_64-clang 2.0 26.23 NOTE
r-devel-windows-ix86+x86_64 2.0 13.00 30.00 43.00 NOTE
r-patched-linux-x86_64 2.0 2.30 11.31 13.60 NOTE
r-patched-solaris-sparc 2.0 204.70 NOTE
r-patched-solaris-x86 2.0 42.30 NOTE
r-release-linux-ix86 2.0 4.09 16.97 21.06 NOTE
r-release-linux-x86_64 2.0 2.37 11.10 13.47 NOTE
r-release-osx-x86_64-mavericks 2.0 NOTE
r-release-windows-ix86+x86_64 2.0 13.00 26.00 39.00 NOTE
r-oldrel-windows-ix86+x86_64 2.0 8.00 25.00 33.00 OK

Check Details

Version: 2.0
Check: dependencies in R code
Result: NOTE
    'library' or 'require' call to ‘MASS’ in package code.
     Please use :: or requireNamespace() instead.
     See section 'Suggested packages' in the 'Writing R Extensions' manual.
Flavors: r-devel-linux-x86_64-debian-clang, r-devel-linux-x86_64-debian-gcc, r-devel-linux-x86_64-fedora-clang, r-devel-linux-x86_64-fedora-gcc, r-devel-osx-x86_64-clang, r-devel-windows-ix86+x86_64, r-patched-linux-x86_64, r-patched-solaris-sparc, r-patched-solaris-x86

Version: 2.0
Check: R code for possible problems
Result: NOTE
    drawSample : <anonymous>: no visible global function definition for
     ‘mvrnorm’
    drawSample0 : <anonymous>: no visible global function definition for
     ‘mvrnorm’
Flavors: r-devel-linux-x86_64-debian-clang, r-devel-linux-x86_64-debian-gcc, r-devel-linux-x86_64-fedora-clang, r-devel-linux-x86_64-fedora-gcc, r-devel-osx-x86_64-clang, r-devel-windows-ix86+x86_64, r-patched-linux-x86_64, r-patched-solaris-sparc, r-patched-solaris-x86, r-release-linux-ix86, r-release-linux-x86_64, r-release-osx-x86_64-mavericks, r-release-windows-ix86+x86_64