CRAN Package Check Results for Package tm

Last updated on 2018-02-20 07:48:33 CET.

Flavor Version Tinstall Tcheck Ttotal Status Flags
r-devel-linux-x86_64-debian-clang 0.7-3 24.45 44.62 69.07 NOTE
r-devel-linux-x86_64-debian-gcc 0.7-3 20.48 38.19 58.67 NOTE
r-devel-linux-x86_64-fedora-clang 0.7-3 103.30 NOTE
r-devel-linux-x86_64-fedora-gcc 0.7-3 93.22 NOTE
r-devel-windows-ix86+x86_64 0.7-3 55.00 99.00 154.00 NOTE
r-patched-linux-x86_64 0.7-3 21.23 51.53 72.76 NOTE
r-patched-solaris-x86 0.7-3 111.60 NOTE
r-release-linux-x86_64 0.7-3 20.51 50.78 71.29 NOTE
r-release-windows-ix86+x86_64 0.7-3 79.00 134.00 213.00 NOTE
r-release-osx-x86_64 0.7-3 NOTE
r-oldrel-windows-ix86+x86_64 0.7-3 79.00 121.00 200.00 NOTE
r-oldrel-osx-x86_64 0.7-3 NOTE

Check Details

Version: 0.7-3
Check: package dependencies
Result: NOTE
    Packages suggested but not available for checking:
     ‘Rcampdf’ ‘tm.lexicon.GeneralInquirer’
Flavors: r-devel-linux-x86_64-debian-clang, r-devel-linux-x86_64-debian-gcc, r-devel-linux-x86_64-fedora-clang, r-devel-linux-x86_64-fedora-gcc, r-patched-linux-x86_64, r-patched-solaris-x86, r-release-linux-x86_64

Version: 0.7-3
Check: package dependencies
Result: NOTE
    Packages suggested but not available for checking:
     'Rcampdf' 'Rpoppler' 'tm.lexicon.GeneralInquirer'
Flavors: r-devel-windows-ix86+x86_64, r-release-windows-ix86+x86_64, r-release-osx-x86_64, r-oldrel-windows-ix86+x86_64, r-oldrel-osx-x86_64

Version: 0.7-3
Check: Rd cross-references
Result: NOTE
    Package unavailable to check Rd xrefs: 'Rpoppler'
Flavors: r-devel-windows-ix86+x86_64, r-release-windows-ix86+x86_64, r-release-osx-x86_64, r-oldrel-windows-ix86+x86_64, r-oldrel-osx-x86_64