CRAN Package Check Results for Package tm

Last updated on 2021-09-27 11:50:06 CEST.

Flavor Version Tinstall Tcheck Ttotal Status Flags
r-devel-linux-x86_64-debian-clang 0.7-8 33.74 64.51 98.25 NOTE
r-devel-linux-x86_64-debian-gcc 0.7-8 22.64 49.27 71.91 NOTE
r-devel-linux-x86_64-fedora-clang 0.7-8 137.38 NOTE
r-devel-linux-x86_64-fedora-gcc 0.7-8 117.77 NOTE
r-devel-windows-x86_64 0.7-8 33.00 90.00 123.00 NOTE
r-devel-windows-x86_64-gcc10-UCRT 0.7-8 NOTE
r-patched-linux-x86_64 0.7-8 28.95 62.19 91.14 NOTE
r-patched-solaris-x86 0.7-8 144.00 NOTE
r-release-linux-x86_64 0.7-8 26.49 62.46 88.95 NOTE
r-release-macos-arm64 0.7-8 NOTE
r-release-macos-x86_64 0.7-8 NOTE
r-release-windows-ix86+x86_64 0.7-8 76.00 105.00 181.00 NOTE
r-oldrel-macos-x86_64 0.7-8 NOTE
r-oldrel-windows-ix86+x86_64 0.7-8 94.00 98.00 192.00 NOTE

Check Details

Version: 0.7-8
Check: package dependencies
Result: NOTE
    Packages suggested but not available for checking:
     'Rcampdf', 'tm.lexicon.GeneralInquirer'
Flavors: r-devel-linux-x86_64-debian-clang, r-devel-linux-x86_64-debian-gcc, r-devel-linux-x86_64-fedora-clang, r-devel-linux-x86_64-fedora-gcc, r-patched-linux-x86_64, r-patched-solaris-x86, r-release-linux-x86_64

Version: 0.7-8
Check: Rd cross-references
Result: NOTE
    Undeclared packages ‘tm.plugin.dc’, ‘readtext’, ‘graph’, ‘tau’, ‘tokenizers’ in Rd xrefs
Flavor: r-devel-linux-x86_64-fedora-clang

Version: 0.7-8
Check: package dependencies
Result: NOTE
    Packages suggested but not available for checking:
     'Rcampdf', 'Rpoppler', 'tm.lexicon.GeneralInquirer'
Flavors: r-devel-windows-x86_64, r-devel-windows-x86_64-gcc10-UCRT, r-release-macos-arm64, r-release-macos-x86_64, r-release-windows-ix86+x86_64, r-oldrel-macos-x86_64, r-oldrel-windows-ix86+x86_64

Version: 0.7-8
Check: Rd cross-references
Result: NOTE
    Package unavailable to check Rd xrefs: 'Rpoppler'
Flavors: r-devel-windows-x86_64, r-devel-windows-x86_64-gcc10-UCRT, r-release-macos-arm64, r-release-macos-x86_64, r-release-windows-ix86+x86_64, r-oldrel-macos-x86_64, r-oldrel-windows-ix86+x86_64