CRAN Package Check Results for Package tm

Last updated on 2019-06-17 16:47:53 CEST.

Flavor Version Tinstall Tcheck Ttotal Status Flags
r-devel-linux-x86_64-debian-clang 0.7-6 28.73 52.88 81.61 NOTE
r-devel-linux-x86_64-debian-gcc 0.7-6 20.81 42.18 62.99 NOTE
r-devel-linux-x86_64-fedora-clang 0.7-6 106.83 NOTE
r-devel-linux-x86_64-fedora-gcc 0.7-6 97.82 NOTE
r-devel-windows-ix86+x86_64 0.7-6 100.00 109.00 209.00 NOTE
r-patched-linux-x86_64 0.7-6 22.90 52.61 75.51 NOTE
r-patched-solaris-x86 0.7-6 137.90 NOTE
r-release-linux-x86_64 0.7-6 25.64 53.08 78.72 NOTE
r-release-windows-ix86+x86_64 0.7-6 69.00 152.00 221.00 NOTE
r-release-osx-x86_64 0.7-6 NOTE
r-oldrel-windows-ix86+x86_64 0.7-6 59.00 139.00 198.00 NOTE
r-oldrel-osx-x86_64 0.7-6 NOTE

Check Details

Version: 0.7-6
Check: package dependencies
Result: NOTE
    Packages suggested but not available for checking:
     'Rcampdf', 'tm.lexicon.GeneralInquirer'
Flavors: r-devel-linux-x86_64-debian-clang, r-devel-linux-x86_64-debian-gcc, r-devel-linux-x86_64-fedora-clang, r-devel-linux-x86_64-fedora-gcc, r-patched-linux-x86_64, r-patched-solaris-x86, r-release-linux-x86_64

Version: 0.7-6
Check: package dependencies
Result: NOTE
    Packages suggested but not available for checking:
     'Rcampdf', 'Rpoppler', 'tm.lexicon.GeneralInquirer'
Flavors: r-devel-windows-ix86+x86_64, r-release-windows-ix86+x86_64

Version: 0.7-6
Check: Rd cross-references
Result: NOTE
    Package unavailable to check Rd xrefs: 'Rpoppler'
Flavors: r-devel-windows-ix86+x86_64, r-release-windows-ix86+x86_64, r-oldrel-windows-ix86+x86_64, r-oldrel-osx-x86_64

Version: 0.7-6
Check: package dependencies
Result: NOTE
    Packages suggested but not available for checking:
     'Rcampdf', 'Rgraphviz', 'Rpoppler', 'tm.lexicon.GeneralInquirer'
Flavor: r-release-osx-x86_64

Version: 0.7-6
Check: Rd cross-references
Result: NOTE
    Packages unavailable to check Rd xrefs: ‘graph’, ‘Rpoppler’
Flavor: r-release-osx-x86_64

Version: 0.7-6
Check: package dependencies
Result: NOTE
    Packages suggested but not available for checking:
     'Rcampdf' 'Rpoppler' 'tm.lexicon.GeneralInquirer'
Flavors: r-oldrel-windows-ix86+x86_64, r-oldrel-osx-x86_64