CRAN Package Check Results for Package tm

Last updated on 2016-04-30 18:47:08.

Flavor Version Tinstall Tcheck Ttotal Status Flags
r-devel-linux-x86_64-debian-gcc 0.6-2 1.58 25.53 27.12 NOTE
r-devel-linux-x86_64-fedora-clang 0.6-2 47.48 NOTE
r-devel-linux-x86_64-fedora-gcc 0.6-2 44.55 NOTE
r-devel-osx-x86_64-clang 0.6-2 61.26 NOTE
r-devel-windows-ix86+x86_64 0.6-2 8.00 66.00 74.00 NOTE
r-patched-linux-x86_64 0.6-2 1.39 25.27 26.66 NOTE
r-patched-solaris-sparc 0.6-2 327.40 NOTE
r-patched-solaris-x86 0.6-2 66.10 NOTE
r-release-linux-x86_64 0.6-2 1.50 27.38 28.87 NOTE
r-release-osx-x86_64-mavericks 0.6-2 WARN
r-release-windows-ix86+x86_64 0.6-2 9.00 71.00 80.00 NOTE
r-oldrel-windows-ix86+x86_64 0.6-2 20.00 93.00 113.00 WARN

Check Details

Version: 0.6-2
Check: package dependencies
Result: NOTE
    Packages suggested but not available for checking:
     ‘Rcampdf’ ‘tm.lexicon.GeneralInquirer’
Flavors: r-devel-linux-x86_64-debian-gcc, r-devel-linux-x86_64-fedora-clang, r-devel-linux-x86_64-fedora-gcc, r-patched-linux-x86_64, r-release-linux-x86_64

Version: 0.6-2
Check: package dependencies
Result: NOTE
    Packages suggested but not available for checking:
     ‘Rcampdf’ ‘Rpoppler’ ‘tm.lexicon.GeneralInquirer’
Flavors: r-devel-osx-x86_64-clang, r-devel-windows-ix86+x86_64, r-patched-solaris-sparc, r-patched-solaris-x86, r-release-osx-x86_64-mavericks, r-release-windows-ix86+x86_64, r-oldrel-windows-ix86+x86_64

Version: 0.6-2
Check: Rd cross-references
Result: NOTE
    Package unavailable to check Rd xrefs: ‘Rpoppler’
Flavors: r-devel-osx-x86_64-clang, r-devel-windows-ix86+x86_64, r-patched-solaris-sparc, r-patched-solaris-x86, r-release-osx-x86_64-mavericks, r-release-windows-ix86+x86_64, r-oldrel-windows-ix86+x86_64

Version: 0.6-2
Check: S3 generic/method consistency
Result: WARN
    Warning: declared S3 method '.print_via_format' not found
    Warning: declared S3 method '.print_via_format' not found
    Warning: declared S3 method '.print_via_format' not found
    Warning: declared S3 method '.print_via_format' not found
    See section ‘Generic functions and methods’ in the ‘Writing R
    Extensions’ manual.
Flavors: r-release-osx-x86_64-mavericks, r-oldrel-windows-ix86+x86_64