Last updated on 2021-02-28 22:47:19 CET.
Flavor | Version | Tinstall | Tcheck | Ttotal | Status | Flags |
---|---|---|---|---|---|---|
r-devel-linux-x86_64-debian-clang | 0.7-8 | NOTE | ||||
r-devel-linux-x86_64-debian-gcc | 0.7-8 | 24.29 | 49.22 | 73.51 | NOTE | |
r-devel-linux-x86_64-fedora-clang | 0.7-8 | 137.06 | NOTE | |||
r-devel-linux-x86_64-fedora-gcc | 0.7-8 | 116.73 | NOTE | |||
r-devel-windows-ix86+x86_64 | 0.7-8 | 61.00 | 105.00 | 166.00 | NOTE | |
r-patched-linux-x86_64 | 0.7-8 | 27.63 | 61.50 | 89.13 | NOTE | |
r-patched-solaris-x86 | 0.7-8 | 139.50 | NOTE | |||
r-release-linux-x86_64 | 0.7-8 | 32.83 | 60.88 | 93.71 | NOTE | |
r-release-macos-x86_64 | 0.7-8 | NOTE | ||||
r-release-windows-ix86+x86_64 | 0.7-8 | 62.00 | 129.00 | 191.00 | NOTE | |
r-oldrel-macos-x86_64 | 0.7-8 | NOTE | ||||
r-oldrel-windows-ix86+x86_64 | 0.7-8 | 51.00 | 101.00 | 152.00 | NOTE |
Version: 0.7-8
Check: package dependencies
Result: NOTE
Packages suggested but not available for checking:
'Rcampdf', 'tm.lexicon.GeneralInquirer'
Flavors: r-devel-linux-x86_64-debian-clang, r-devel-linux-x86_64-debian-gcc, r-devel-linux-x86_64-fedora-clang, r-devel-linux-x86_64-fedora-gcc, r-patched-linux-x86_64, r-patched-solaris-x86, r-release-linux-x86_64
Version: 0.7-8
Check: Rd cross-references
Result: NOTE
Undeclared packages ‘tm.plugin.dc’, ‘readtext’, ‘graph’, ‘tau’, ‘tokenizers’ in Rd xrefs
Flavor: r-devel-linux-x86_64-fedora-clang
Version: 0.7-8
Check: package dependencies
Result: NOTE
Packages suggested but not available for checking:
'Rcampdf', 'Rpoppler', 'tm.lexicon.GeneralInquirer'
Flavors: r-devel-windows-ix86+x86_64, r-release-macos-x86_64, r-release-windows-ix86+x86_64, r-oldrel-macos-x86_64, r-oldrel-windows-ix86+x86_64
Version: 0.7-8
Check: Rd cross-references
Result: NOTE
Package unavailable to check Rd xrefs: 'Rpoppler'
Flavors: r-devel-windows-ix86+x86_64, r-release-macos-x86_64, r-release-windows-ix86+x86_64, r-oldrel-macos-x86_64, r-oldrel-windows-ix86+x86_64