CRAN Package Check Results for Package tm

Last updated on 2014-07-25 01:48:53.

Flavor Version Tinstall Tcheck Ttotal Status Flags
r-devel-linux-x86_64-debian-clang 0.6 1.60 28.51 30.11 NOTE
r-devel-linux-x86_64-debian-gcc 0.6 1.63 27.08 28.71 NOTE
r-devel-linux-x86_64-fedora-clang 0.6 63.91 NOTE
r-devel-linux-x86_64-fedora-gcc 0.6 61.68 NOTE
r-devel-osx-x86_64-clang 0.6 66.24 NOTE
r-devel-windows-ix86+x86_64 0.6 7.00 64.00 71.00 NOTE
r-patched-linux-x86_64 0.6 1.56 27.25 28.82 NOTE
r-patched-solaris-sparc 0.6 374.70 NOTE
r-patched-solaris-x86 0.6 89.80 NOTE
r-release-linux-ix86 0.6 2.20 44.76 46.96 NOTE
r-release-linux-x86_64 0.6 1.62 27.54 29.16 NOTE
r-release-osx-x86_64-mavericks 0.6 NOTE
r-release-osx-x86_64-snowleopard 0.6 NOTE
r-release-windows-ix86+x86_64 0.6 11.00 83.00 94.00 NOTE
r-oldrel-windows-ix86+x86_64 0.5-10 9.00 53.00 62.00 NOTE

Check Details

Version: 0.6
Check: package dependencies
Result: NOTE
    Packages suggested but not available for checking:
     ‘Rcampdf’ ‘tm.lexicon.GeneralInquirer’
Flavors: r-devel-linux-x86_64-debian-clang, r-devel-linux-x86_64-debian-gcc, r-devel-linux-x86_64-fedora-clang, r-devel-linux-x86_64-fedora-gcc, r-patched-linux-x86_64, r-release-linux-ix86, r-release-linux-x86_64

Version: 0.6
Check: package dependencies
Result: NOTE
    Packages suggested but not available for checking:
     ‘Rcampdf’ ‘Rpoppler’ ‘tm.lexicon.GeneralInquirer’
Flavors: r-devel-osx-x86_64-clang, r-devel-windows-ix86+x86_64, r-patched-solaris-sparc, r-patched-solaris-x86, r-release-osx-x86_64-snowleopard, r-release-windows-ix86+x86_64

Version: 0.6
Check: Rd cross-references
Result: NOTE
    Package unavailable to check Rd xrefs: ‘Rpoppler’
Flavors: r-devel-osx-x86_64-clang, r-devel-windows-ix86+x86_64, r-patched-solaris-x86, r-release-osx-x86_64-snowleopard, r-release-windows-ix86+x86_64

Version: 0.6
Check: Rd cross-references
Result: NOTE
    Packages unavailable to check Rd xrefs: ‘tm.plugin.dc’, ‘Rpoppler’
Flavor: r-patched-solaris-sparc

Version: 0.6
Check: package dependencies
Result: NOTE
    Packages suggested but not available for checking:
     ‘Rcampdf’ ‘Rgraphviz’ ‘Rpoppler’ ‘tm.lexicon.GeneralInquirer’
Flavor: r-release-osx-x86_64-mavericks

Version: 0.6
Check: Rd cross-references
Result: NOTE
    Packages unavailable to check Rd xrefs: ‘graph’, ‘Rpoppler’
Flavor: r-release-osx-x86_64-mavericks

Version: 0.5-10
Check: package dependencies
Result: NOTE
    Packages suggested but not available for checking: 'Rcampdf' 'Rpoppler'
Flavor: r-oldrel-windows-ix86+x86_64

Version: 0.5-10
Check: Rd cross-references
Result: NOTE
    Package unavailable to check Rd xrefs: 'Rpoppler'
Flavor: r-oldrel-windows-ix86+x86_64