Last updated on 2019-12-08 11:47:32 CET.
Flavor | Version | Tinstall | Tcheck | Ttotal | Status | Flags |
---|---|---|---|---|---|---|
r-devel-linux-x86_64-debian-clang | 0.7-6 | 30.63 | 57.04 | 87.67 | NOTE | |
r-devel-linux-x86_64-debian-gcc | 0.7-6 | 21.58 | 44.58 | 66.16 | NOTE | |
r-devel-linux-x86_64-fedora-clang | 0.7-6 | 115.23 | NOTE | |||
r-devel-linux-x86_64-fedora-gcc | 0.7-6 | 107.68 | NOTE | |||
r-devel-windows-ix86+x86_64 | 0.7-6 | 64.00 | 155.00 | 219.00 | NOTE | |
r-devel-windows-ix86+x86_64-gcc8 | 0.7-6 | 65.00 | 121.00 | 186.00 | NOTE | |
r-patched-linux-x86_64 | 0.7-6 | 25.34 | 52.75 | 78.09 | NOTE | |
r-patched-solaris-x86 | 0.7-6 | 130.20 | NOTE | |||
r-release-linux-x86_64 | 0.7-6 | 26.32 | 53.53 | 79.85 | NOTE | |
r-release-windows-ix86+x86_64 | 0.7-6 | 86.00 | 113.00 | 199.00 | NOTE | |
r-release-osx-x86_64 | 0.7-6 | NOTE | ||||
r-oldrel-windows-ix86+x86_64 | 0.7-6 | 60.00 | 141.00 | 201.00 | NOTE | |
r-oldrel-osx-x86_64 | 0.7-6 | NOTE |
Version: 0.7-6
Check: package dependencies
Result: NOTE
Packages suggested but not available for checking:
'Rcampdf', 'tm.lexicon.GeneralInquirer'
Flavors: r-devel-linux-x86_64-debian-clang, r-devel-linux-x86_64-debian-gcc, r-devel-linux-x86_64-fedora-clang, r-devel-linux-x86_64-fedora-gcc, r-patched-linux-x86_64, r-patched-solaris-x86, r-release-linux-x86_64
Version: 0.7-6
Check: package dependencies
Result: NOTE
Packages suggested but not available for checking:
'Rcampdf', 'Rpoppler', 'tm.lexicon.GeneralInquirer'
Flavors: r-devel-windows-ix86+x86_64, r-devel-windows-ix86+x86_64-gcc8, r-release-windows-ix86+x86_64
Version: 0.7-6
Check: Rd cross-references
Result: NOTE
Package unavailable to check Rd xrefs: 'Rpoppler'
Flavors: r-devel-windows-ix86+x86_64, r-devel-windows-ix86+x86_64-gcc8, r-release-windows-ix86+x86_64, r-oldrel-windows-ix86+x86_64, r-oldrel-osx-x86_64
Version: 0.7-6
Check: package dependencies
Result: NOTE
Packages suggested but not available for checking:
'Rcampdf', 'Rgraphviz', 'Rpoppler', 'tm.lexicon.GeneralInquirer'
Flavor: r-release-osx-x86_64
Version: 0.7-6
Check: Rd cross-references
Result: NOTE
Packages unavailable to check Rd xrefs: ‘graph’, ‘Rpoppler’
Flavor: r-release-osx-x86_64
Version: 0.7-6
Check: package dependencies
Result: NOTE
Packages suggested but not available for checking:
'Rcampdf' 'Rpoppler' 'tm.lexicon.GeneralInquirer'
Flavors: r-oldrel-windows-ix86+x86_64, r-oldrel-osx-x86_64