CRAN Package Check Results for Package tm

Last updated on 2019-01-21 08:49:32 CET.

Flavor Version Tinstall Tcheck Ttotal Status Flags
r-devel-linux-x86_64-debian-clang 0.7-6 28.20 53.25 81.45 NOTE
r-devel-linux-x86_64-debian-gcc 0.7-6 20.94 42.67 63.61 NOTE
r-devel-linux-x86_64-fedora-clang 0.7-6 103.77 NOTE
r-devel-linux-x86_64-fedora-gcc 0.7-6 96.75 NOTE
r-devel-windows-ix86+x86_64 0.7-6 79.00 135.00 214.00 NOTE
r-patched-linux-x86_64 0.7-6 26.39 49.00 75.39 NOTE
r-patched-solaris-x86 0.7-6 117.90 NOTE
r-release-linux-x86_64 0.7-6 27.13 48.90 76.03 NOTE
r-release-windows-ix86+x86_64 0.7-6 77.00 128.00 205.00 NOTE
r-release-osx-x86_64 0.7-6 NOTE
r-oldrel-windows-ix86+x86_64 0.7-6 88.00 153.00 241.00 WARN
r-oldrel-osx-x86_64 0.7-6 WARN

Check Details

Version: 0.7-6
Check: package dependencies
Result: NOTE
    Packages suggested but not available for checking:
     'Rcampdf', 'tm.lexicon.GeneralInquirer'
Flavors: r-devel-linux-x86_64-debian-clang, r-devel-linux-x86_64-debian-gcc, r-devel-linux-x86_64-fedora-clang, r-devel-linux-x86_64-fedora-gcc

Version: 0.7-6
Check: package dependencies
Result: NOTE
    Packages suggested but not available for checking:
     'Rcampdf', 'Rpoppler', 'tm.lexicon.GeneralInquirer'
Flavor: r-devel-windows-ix86+x86_64

Version: 0.7-6
Check: Rd cross-references
Result: NOTE
    Package unavailable to check Rd xrefs: 'Rpoppler'
Flavors: r-devel-windows-ix86+x86_64, r-release-windows-ix86+x86_64, r-release-osx-x86_64

Version: 0.7-6
Check: package dependencies
Result: NOTE
    Packages suggested but not available for checking:
     ‘Rcampdf’ ‘tm.lexicon.GeneralInquirer’
Flavors: r-patched-linux-x86_64, r-patched-solaris-x86, r-release-linux-x86_64

Version: 0.7-6
Check: package dependencies
Result: NOTE
    Packages suggested but not available for checking:
     'Rcampdf' 'Rpoppler' 'tm.lexicon.GeneralInquirer'
Flavors: r-release-windows-ix86+x86_64, r-release-osx-x86_64, r-oldrel-windows-ix86+x86_64, r-oldrel-osx-x86_64

Version: 0.7-6
Check: Rd cross-references
Result: WARN
    Package unavailable to check Rd xrefs: 'Rpoppler'
    Missing link or links in documentation object 'hpc.Rd':
     '[parallel:getDefaultCluster]{getDefaultCluster}'
    
    See section 'Cross-references' in the 'Writing R Extensions' manual.
Flavors: r-oldrel-windows-ix86+x86_64, r-oldrel-osx-x86_64