CRAN Package Check Results for Package tm

Last updated on 2018-09-23 10:46:41 CEST.

Flavor Version Tinstall Tcheck Ttotal Status Flags
r-devel-linux-x86_64-debian-clang 0.7-5 26.22 52.08 78.30 NOTE
r-devel-linux-x86_64-debian-gcc 0.7-5 22.86 42.39 65.25 NOTE
r-devel-linux-x86_64-fedora-clang 0.7-5 104.75 NOTE
r-devel-linux-x86_64-fedora-gcc 0.7-5 97.24 NOTE
r-devel-windows-ix86+x86_64 0.7-5 75.00 104.00 179.00 NOTE
r-patched-linux-x86_64 0.7-5 28.91 48.70 77.61 NOTE
r-patched-solaris-x86 0.7-5 120.50 NOTE
r-release-linux-x86_64 0.7-5 27.51 48.35 75.86 NOTE
r-release-windows-ix86+x86_64 0.7-5 58.00 145.00 203.00 NOTE
r-release-osx-x86_64 0.7-5 NOTE
r-oldrel-windows-ix86+x86_64 0.7-5 57.00 127.00 184.00 NOTE
r-oldrel-osx-x86_64 0.7-5 NOTE

Check Details

Version: 0.7-5
Check: package dependencies
Result: NOTE
    Packages suggested but not available for checking:
     ‘Rcampdf’ ‘tm.lexicon.GeneralInquirer’
Flavors: r-devel-linux-x86_64-debian-clang, r-devel-linux-x86_64-debian-gcc, r-devel-linux-x86_64-fedora-clang, r-devel-linux-x86_64-fedora-gcc, r-patched-linux-x86_64, r-patched-solaris-x86, r-release-linux-x86_64

Version: 0.7-5
Check: package dependencies
Result: NOTE
    Packages suggested but not available for checking:
     'Rcampdf' 'Rpoppler' 'tm.lexicon.GeneralInquirer'
Flavors: r-devel-windows-ix86+x86_64, r-release-windows-ix86+x86_64, r-release-osx-x86_64, r-oldrel-windows-ix86+x86_64, r-oldrel-osx-x86_64

Version: 0.7-5
Check: Rd cross-references
Result: NOTE
    Package unavailable to check Rd xrefs: 'Rpoppler'
Flavors: r-devel-windows-ix86+x86_64, r-release-windows-ix86+x86_64, r-release-osx-x86_64, r-oldrel-windows-ix86+x86_64, r-oldrel-osx-x86_64