CRAN Package Check Results for Package tm

Last updated on 2015-07-06 14:49:00.

Flavor Version Tinstall Tcheck Ttotal Status Flags
r-devel-linux-x86_64-debian-clang 0.6-2 1.50 24.70 26.20 NOTE
r-devel-linux-x86_64-debian-gcc 0.6-2 1.41 24.65 26.06 NOTE
r-devel-linux-x86_64-fedora-clang 0.6-2 52.76 NOTE
r-devel-linux-x86_64-fedora-gcc 0.6-2 49.40 NOTE
r-devel-osx-x86_64-clang 0.6-2 50.09 NOTE
r-devel-windows-ix86+x86_64 0.6-2 8.00 56.00 64.00 NOTE
r-patched-linux-x86_64 0.6-2 1.54 25.14 26.68 NOTE
r-patched-solaris-sparc 0.6-2 337.10 NOTE
r-patched-solaris-x86 0.6-2 76.90 NOTE
r-release-linux-x86_64 0.6-2 1.46 24.88 26.34 NOTE
r-release-osx-x86_64-mavericks 0.6-2 ERROR
r-release-windows-ix86+x86_64 0.6-2 11.00 68.00 79.00 NOTE
r-oldrel-windows-ix86+x86_64 0.6-2 11.00 78.00 89.00 WARN

Check Details

Version: 0.6-2
Check: package dependencies
Result: NOTE
    Packages suggested but not available for checking:
     ‘Rcampdf’ ‘tm.lexicon.GeneralInquirer’
Flavors: r-devel-linux-x86_64-debian-clang, r-devel-linux-x86_64-debian-gcc, r-devel-linux-x86_64-fedora-clang, r-devel-linux-x86_64-fedora-gcc, r-patched-linux-x86_64, r-release-linux-x86_64

Version: 0.6-2
Check: package dependencies
Result: NOTE
    Packages suggested but not available for checking:
     ‘Rcampdf’ ‘Rpoppler’ ‘tm.lexicon.GeneralInquirer’
Flavors: r-devel-osx-x86_64-clang, r-devel-windows-ix86+x86_64, r-patched-solaris-sparc, r-patched-solaris-x86, r-release-osx-x86_64-mavericks, r-release-windows-ix86+x86_64, r-oldrel-windows-ix86+x86_64

Version: 0.6-2
Check: Rd cross-references
Result: NOTE
    Package unavailable to check Rd xrefs: ‘Rpoppler’
Flavors: r-devel-osx-x86_64-clang, r-devel-windows-ix86+x86_64, r-patched-solaris-sparc, r-patched-solaris-x86, r-release-osx-x86_64-mavericks, r-release-windows-ix86+x86_64, r-oldrel-windows-ix86+x86_64

Version: 0.6-2
Check: S3 generic/method consistency
Result: WARN
    Warning: declared S3 method '.print_via_format' not found
    Warning: declared S3 method '.print_via_format' not found
    Warning: declared S3 method '.print_via_format' not found
    Warning: declared S3 method '.print_via_format' not found
    See section ‘Generic functions and methods’ in the ‘Writing R
    Extensions’ manual.
Flavors: r-release-osx-x86_64-mavericks, r-oldrel-windows-ix86+x86_64

Version: 0.6-2
Check: examples
Result: ERROR
    Running examples in ‘tm-Ex.R’ failed
    The error most likely occurred in:
    
    > ### Name: readPDF
    > ### Title: Read In a PDF Document
    > ### Aliases: readPDF
    > ### Keywords: file
    >
    > ### ** Examples
    >
    > uri <- sprintf("file://%s", system.file(file.path("doc", "tm.pdf"), package = "tm"))
    > if(all(file.exists(Sys.which(c("pdfinfo", "pdftotext"))))) {
    + pdf <- readPDF(control = list(text = "-layout"))(elem = list(uri = uri),
    + language = "en",
    + id = "id1")
    + content(pdf)[1:13]
    + }
    > VCorpus(URISource(uri, mode = ""),
    + readerControl = list(reader = readPDF(engine = "ghostscript")))
    sh: : command not found
    Error in system2(gs_cmd, c("-dNODISPLAY -q", sprintf("-sFile=%s", shQuote(file)), :
     error in running command
    Calls: VCorpus ... mapply -> <Anonymous> -> <Anonymous> -> pdf_info -> system2
    Execution halted
Flavor: r-release-osx-x86_64-mavericks