CRAN Package Check Results for Package tm

Last updated on 2016-06-27 10:48:11.

Flavor Version Tinstall Tcheck Ttotal Status Flags
r-devel-linux-x86_64-debian-gcc 0.6-2 1.38 24.57 25.95 NOTE
r-devel-linux-x86_64-fedora-clang 0.6-2 47.96 NOTE
r-devel-linux-x86_64-fedora-gcc 0.6-2 46.44 NOTE
r-devel-osx-x86_64-clang 0.6-2 43.82 NOTE
r-devel-windows-ix86+x86_64 0.6-2 8.00 67.00 75.00 NOTE
r-patched-linux-x86_64 0.6-2 1.59 26.10 27.69 NOTE
r-patched-solaris-sparc 0.6-2 299.00 ERROR
r-patched-solaris-x86 0.6-2 67.10 NOTE
r-release-linux-x86_64 0.6-2 1.73 26.03 27.76 NOTE
r-release-osx-x86_64-mavericks 0.6-2 NOTE
r-release-windows-ix86+x86_64 0.6-2 16.00 83.00 99.00 NOTE
r-oldrel-windows-ix86+x86_64 0.6-2 13.00 119.00 132.00 NOTE

Check Details

Version: 0.6-2
Check: package dependencies
Result: NOTE
    Packages suggested but not available for checking:
     ‘Rcampdf’ ‘tm.lexicon.GeneralInquirer’
Flavors: r-devel-linux-x86_64-debian-gcc, r-devel-linux-x86_64-fedora-clang, r-devel-linux-x86_64-fedora-gcc, r-patched-linux-x86_64, r-release-linux-x86_64

Version: 0.6-2
Check: package dependencies
Result: NOTE
    Packages suggested but not available for checking:
     ‘Rcampdf’ ‘Rpoppler’ ‘tm.lexicon.GeneralInquirer’
Flavors: r-devel-osx-x86_64-clang, r-devel-windows-ix86+x86_64, r-patched-solaris-sparc, r-patched-solaris-x86, r-release-osx-x86_64-mavericks, r-release-windows-ix86+x86_64, r-oldrel-windows-ix86+x86_64

Version: 0.6-2
Check: Rd cross-references
Result: NOTE
    Package unavailable to check Rd xrefs: ‘Rpoppler’
Flavors: r-devel-osx-x86_64-clang, r-devel-windows-ix86+x86_64, r-patched-solaris-sparc, r-patched-solaris-x86, r-release-osx-x86_64-mavericks, r-release-windows-ix86+x86_64, r-oldrel-windows-ix86+x86_64

Version: 0.6-2
Check: examples
Result: ERROR
    Running examples in ‘tm-Ex.R’ failed
    The error most likely occurred in:
    
    > ### Name: readPDF
    > ### Title: Read In a PDF Document
    > ### Aliases: readPDF
    > ### Keywords: file
    >
    > ### ** Examples
    >
    > uri <- sprintf("file://%s", system.file(file.path("doc", "tm.pdf"), package = "tm"))
    > if(all(file.exists(Sys.which(c("pdfinfo", "pdftotext"))))) {
    + pdf <- readPDF(control = list(text = "-layout"))(elem = list(uri = uri),
    + language = "en",
    + id = "id1")
    + content(pdf)[1:13]
    + }
     [1] " Introduction to the tm Package"
     [2] " Text Mining in R"
     [3] " Ingo Feinerer"
     [4] " July 3, 2015"
     [5] ""
     [6] ""
     [7] "Introduction"
     [8] "This vignette gives a short introduction to text mining in R utilizing the text mining framework provided by"
     [9] "the tm package. We present methods for data import, corpus handling, preprocessing, metadata management,"
    [10] "and creation of term-document matrices. Our focus is on the main aspects of getting started with text mining"
    [11] "in R--an in-depth description of the text mining infrastructure offered by tm was published in the Journal of"
    [12] "Statistical Software (Feinerer et al., 2008). An introductory article on text mining in R was published in R"
    [13] "News (Feinerer, 2008)."
    > VCorpus(URISource(uri, mode = ""),
    + readerControl = list(reader = readPDF(engine = "ghostscript")))
    Error in pdf_text(uri) : Ghostscript failed, with output:
    
    
    Introduction to the tm Package
    
    Text Mining in R
    
    Ingo Feinerer
    
    July 3, 2015
    
    Introduction
    This vignette gives a short introduction to text mining in R utilizing the text mining framework provided by
    the tm package. We present methods for data import, corpus handling, preprocessing, metadata management,
    and creation of term-document matrices. Our focus is on the main aspects of getting started with text mining
    in R--an in-depth description of the text mining infrastructure offered by tm was published in the Journal of
    Statistical Software (Feinerer et al., 2008). An introductory article on text mining in R was published in R
    News (Feinerer, 2008).
    
    Data Import
    The main structure for managing documents in tm is a so-called Corpus, representing a collection of text
    documents. A corpus is an abstract concept, and there can exist several implementations in parallel. The
    default implementation is the so-called VCorpus (short for Volatile Corpus)
    Calls: VCorpus -> mapply -> <Anonymous> -> <Anonymous> -> pdf_text
    Execution halted
Flavor: r-patched-solaris-sparc