CRAN Package Check Results for Package tm

Last updated on 2014-12-20 17:51:19.

Flavor Version Tinstall Tcheck Ttotal Status Flags
r-devel-linux-x86_64-debian-clang 0.6 2.18 26.79 28.96 NOTE
r-devel-linux-x86_64-debian-gcc 0.6 1.63 25.96 27.59 NOTE
r-devel-linux-x86_64-fedora-clang 0.6 60.73 NOTE
r-devel-linux-x86_64-fedora-gcc 0.6 56.44 NOTE
r-devel-osx-x86_64-clang 0.6 68.91 NOTE
r-devel-windows-ix86+x86_64 0.6 10.00 71.00 81.00 NOTE
r-patched-linux-x86_64 0.6 1.61 27.15 28.76 NOTE
r-patched-solaris-sparc 0.6 368.70 NOTE
r-patched-solaris-x86 0.6 85.40 NOTE
r-release-linux-ix86 0.6 2.14 37.33 39.47 NOTE
r-release-linux-x86_64 0.6 1.61 26.84 28.45 NOTE
r-release-osx-x86_64-mavericks 0.6 NOTE
r-release-osx-x86_64-snowleopard 0.6 NOTE
r-release-windows-ix86+x86_64 0.6 9.00 62.00 71.00 NOTE
r-oldrel-windows-ix86+x86_64 0.5-10 9.00 53.00 62.00 NOTE

Check Details

Version: 0.6
Check: package dependencies
Result: NOTE
    Packages suggested but not available for checking:
     ‘Rcampdf’ ‘tm.lexicon.GeneralInquirer’
Flavors: r-devel-linux-x86_64-debian-clang, r-devel-linux-x86_64-debian-gcc, r-devel-linux-x86_64-fedora-clang, r-devel-linux-x86_64-fedora-gcc, r-patched-linux-x86_64, r-release-linux-ix86, r-release-linux-x86_64

Version: 0.6
Check: package dependencies
Result: NOTE
    Packages suggested but not available for checking:
     ‘Rcampdf’ ‘Rpoppler’ ‘tm.lexicon.GeneralInquirer’
Flavors: r-devel-osx-x86_64-clang, r-devel-windows-ix86+x86_64, r-patched-solaris-sparc, r-patched-solaris-x86, r-release-osx-x86_64-snowleopard, r-release-windows-ix86+x86_64

Version: 0.6
Check: Rd cross-references
Result: NOTE
    Package unavailable to check Rd xrefs: ‘Rpoppler’
Flavors: r-devel-osx-x86_64-clang, r-devel-windows-ix86+x86_64, r-patched-solaris-sparc, r-patched-solaris-x86, r-release-osx-x86_64-snowleopard, r-release-windows-ix86+x86_64

Version: 0.6
Check: package dependencies
Result: NOTE
    Packages suggested but not available for checking:
     ‘Rcampdf’ ‘Rgraphviz’ ‘Rpoppler’ ‘tm.lexicon.GeneralInquirer’
Flavor: r-release-osx-x86_64-mavericks

Version: 0.6
Check: Rd cross-references
Result: NOTE
    Packages unavailable to check Rd xrefs: ‘graph’, ‘Rpoppler’
Flavor: r-release-osx-x86_64-mavericks

Version: 0.5-10
Check: package dependencies
Result: NOTE
    Packages suggested but not available for checking: 'Rcampdf' 'Rpoppler'
Flavor: r-oldrel-windows-ix86+x86_64

Version: 0.5-10
Check: Rd cross-references
Result: NOTE
    Package unavailable to check Rd xrefs: 'Rpoppler'
Flavor: r-oldrel-windows-ix86+x86_64