CRAN Package Check Results for Package tm

Last updated on 2017-12-11 08:49:05 CET.

Flavor Version Tinstall Tcheck Ttotal Status Flags
r-devel-linux-x86_64-debian-clang 0.7-3 21.10 41.83 62.93 NOTE
r-devel-linux-x86_64-debian-gcc 0.7-3 18.41 39.55 57.96 NOTE
r-devel-linux-x86_64-fedora-clang 0.7-3 93.98 NOTE
r-devel-linux-x86_64-fedora-gcc 0.7-3 88.89 NOTE
r-devel-windows-ix86+x86_64 0.7-3 83.00 92.00 175.00 NOTE
r-patched-linux-x86_64 0.7-3 21.72 50.45 72.17 NOTE
r-patched-solaris-x86 0.7-3 106.40 NOTE
r-release-linux-x86_64 0.7-3 22.46 50.23 72.69 NOTE
r-release-windows-ix86+x86_64 0.7-3 61.00 89.00 150.00 NOTE
r-release-osx-x86_64 0.7-3 NOTE
r-oldrel-windows-ix86+x86_64 0.7-3 74.00 106.00 180.00 NOTE
r-oldrel-osx-x86_64 0.7-3 NOTE

Check Details

Version: 0.7-3
Check: package dependencies
Result: NOTE
    Packages suggested but not available for checking:
     ‘Rcampdf’ ‘tm.lexicon.GeneralInquirer’
Flavors: r-devel-linux-x86_64-debian-clang, r-devel-linux-x86_64-debian-gcc, r-devel-linux-x86_64-fedora-clang, r-devel-linux-x86_64-fedora-gcc, r-patched-linux-x86_64, r-patched-solaris-x86, r-release-linux-x86_64

Version: 0.7-3
Check: package dependencies
Result: NOTE
    Packages suggested but not available for checking:
     'Rcampdf' 'Rpoppler' 'tm.lexicon.GeneralInquirer'
Flavors: r-devel-windows-ix86+x86_64, r-release-windows-ix86+x86_64, r-release-osx-x86_64, r-oldrel-windows-ix86+x86_64, r-oldrel-osx-x86_64

Version: 0.7-3
Check: Rd cross-references
Result: NOTE
    Package unavailable to check Rd xrefs: 'Rpoppler'
Flavors: r-devel-windows-ix86+x86_64, r-release-windows-ix86+x86_64, r-release-osx-x86_64, r-oldrel-windows-ix86+x86_64, r-oldrel-osx-x86_64