CRAN Package Check Results for Package tm

Last updated on 2014-04-23 17:47:56.

Flavor Version Tinstall Tcheck Ttotal Status Flags
r-devel-linux-x86_64-debian-clang 0.5-10 1.98 28.53 30.51 NOTE
r-devel-linux-x86_64-debian-gcc 0.5-10 1.91 28.52 30.42 NOTE
r-devel-linux-x86_64-fedora-clang 0.5-10 63.56 NOTE
r-devel-linux-x86_64-fedora-gcc 0.5-10 61.18 NOTE
r-devel-osx-x86_64-clang 0.5-10 69.94 NOTE
r-devel-osx-x86_64-gcc 0.5-10 ERROR
r-devel-windows-ix86+x86_64 0.5-10 8.00 54.00 62.00 NOTE
r-patched-linux-x86_64 0.5-10 1.79 28.49 30.28 NOTE
r-patched-solaris-sparc 0.5-10 374.00 NOTE
r-patched-solaris-x86 0.5-10 86.50 NOTE
r-release-linux-ix86 0.5-10 3.00 57.00 60.00 NOTE
r-release-linux-x86_64 0.5-10 1.65 28.82 30.47 NOTE
r-release-osx-x86_64-mavericks 0.5-10 WARN
r-release-osx-x86_64-snowleopard 0.5-10 NOTE
r-release-windows-ix86+x86_64 0.5-10 7.00 56.00 63.00 NOTE
r-oldrel-windows-ix86+x86_64 0.5-10 8.00 55.00 63.00 NOTE

Check Details

Version: 0.5-10
Check: package dependencies
Result: NOTE
    Package suggested but not available for checking: ‘Rcampdf’
Flavors: r-devel-linux-x86_64-debian-clang, r-devel-linux-x86_64-debian-gcc, r-devel-linux-x86_64-fedora-clang, r-devel-linux-x86_64-fedora-gcc, r-patched-linux-x86_64, r-release-linux-ix86, r-release-linux-x86_64

Version: 0.5-10
Check: package dependencies
Result: NOTE
    Packages suggested but not available for checking: ‘Rcampdf’ ‘Rpoppler’
Flavors: r-devel-osx-x86_64-clang, r-devel-windows-ix86+x86_64, r-patched-solaris-sparc, r-patched-solaris-x86, r-release-windows-ix86+x86_64, r-oldrel-windows-ix86+x86_64

Version: 0.5-10
Check: Rd cross-references
Result: NOTE
    Package unavailable to check Rd xrefs: ‘Rpoppler’
Flavors: r-devel-osx-x86_64-clang, r-devel-windows-ix86+x86_64, r-patched-solaris-sparc, r-patched-solaris-x86, r-release-windows-ix86+x86_64, r-oldrel-windows-ix86+x86_64

Version: 0.5-10
Check: package dependencies
Result: NOTE
    Packages suggested but not available for checking:
     ‘proxy’ ‘Rcampdf’ ‘Rgraphviz’ ‘Rpoppler’ ‘XML’
Flavor: r-devel-osx-x86_64-gcc

Version: 0.5-10
Check: Rd cross-references
Result: NOTE
    Packages unavailable to check Rd xrefs: ‘graph’, ‘Rpoppler’
Flavors: r-devel-osx-x86_64-gcc, r-release-osx-x86_64-mavericks, r-release-osx-x86_64-snowleopard

Version: 0.5-10
Check: examples
Result: ERROR
    Running examples in ‘tm-Ex.R’ failed
    The error most likely occurred in:
    
    > ### Name: ReutersSource
    > ### Title: Reuters-21578 XML Source
    > ### Aliases: ReutersSource
    >
    > ### ** Examples
    >
    > reuters21578 <- system.file("texts", "reuters-21578.xml", package = "tm")
    > rs <- ReutersSource(reuters21578)
    Error in loadNamespace(name) : there is no package called ‘XML’
    Calls: ReutersSource ... tryCatch -> tryCatchList -> tryCatchOne -> <Anonymous>
    Execution halted
Flavor: r-devel-osx-x86_64-gcc

Version: 0.5-10
Check: package dependencies
Result: NOTE
    Packages suggested but not available for checking:
     ‘Rcampdf’ ‘Rgraphviz’ ‘Rpoppler’
Flavors: r-release-osx-x86_64-mavericks, r-release-osx-x86_64-snowleopard

Version: 0.5-10
Check: PDF version of manual
Result: WARNING
    LaTeX errors when creating PDF version.
    This typically indicates Rd problems.
    LaTeX errors found:
    ! LaTeX Error: File `upquote.sty' not found.
    
    Type X to quit or <RETURN> to proceed,
    or enter new name. (Default extension: sty)
    
    419f79f/Rd2.tex:8: ==> Fatal error occurred, no output PDF file produced!
Flavor: r-release-osx-x86_64-mavericks