CRAN Package Check Results for Package tm

Last updated on 2020-04-05 21:47:16 CEST.

Flavor Version Tinstall Tcheck Ttotal Status Flags
r-devel-linux-x86_64-debian-clang 0.7-7 41.14 57.30 98.44 NOTE
r-devel-linux-x86_64-debian-gcc 0.7-7 0.43 2.50 2.93 ERROR
r-devel-linux-x86_64-fedora-clang 0.7-7 119.87 NOTE
r-devel-linux-x86_64-fedora-gcc 0.7-7 111.50 NOTE
r-devel-windows-ix86+x86_64 0.7-7 64.00 105.00 169.00 NOTE
r-devel-windows-ix86+x86_64-gcc8 0.7-7 62.00 116.00 178.00 NOTE
r-patched-linux-x86_64 0.7-7 32.65 57.14 89.79 NOTE
r-patched-solaris-x86 0.7-7 141.10 NOTE
r-release-linux-x86_64 0.7-7 32.05 53.56 85.61 NOTE
r-release-windows-ix86+x86_64 0.7-7 69.00 143.00 212.00 NOTE
r-release-osx-x86_64 0.7-7 NOTE
r-oldrel-windows-ix86+x86_64 0.7-7 84.00 102.00 186.00 NOTE
r-oldrel-osx-x86_64 0.7-7 NOTE

Check Details

Version: 0.7-7
Check: package dependencies
Result: NOTE
    Packages suggested but not available for checking:
     'Rcampdf', 'tm.lexicon.GeneralInquirer'
Flavors: r-devel-linux-x86_64-debian-clang, r-devel-linux-x86_64-debian-gcc, r-devel-linux-x86_64-fedora-clang, r-devel-linux-x86_64-fedora-gcc, r-patched-linux-x86_64, r-patched-solaris-x86, r-release-linux-x86_64

Version: 0.7-7
Check: whether package can be installed
Result: ERROR
    Installation failed.
Flavor: r-devel-linux-x86_64-debian-gcc

Version: 0.7-7
Check: package dependencies
Result: NOTE
    Packages suggested but not available for checking:
     'Rcampdf', 'Rpoppler', 'tm.lexicon.GeneralInquirer'
Flavors: r-devel-windows-ix86+x86_64, r-devel-windows-ix86+x86_64-gcc8, r-release-windows-ix86+x86_64, r-release-osx-x86_64

Version: 0.7-7
Check: Rd cross-references
Result: NOTE
    Package unavailable to check Rd xrefs: 'Rpoppler'
Flavors: r-devel-windows-ix86+x86_64, r-devel-windows-ix86+x86_64-gcc8, r-release-windows-ix86+x86_64, r-release-osx-x86_64, r-oldrel-windows-ix86+x86_64, r-oldrel-osx-x86_64

Version: 0.7-7
Check: package dependencies
Result: NOTE
    Packages suggested but not available for checking:
     'Rcampdf' 'Rpoppler' 'tm.lexicon.GeneralInquirer'
Flavors: r-oldrel-windows-ix86+x86_64, r-oldrel-osx-x86_64