CRAN Package Check Results for Package tm

Last updated on 2018-04-27 04:51:11 CEST.

Flavor Version Tinstall Tcheck Ttotal Status Flags
r-devel-linux-x86_64-debian-clang 0.7-3 23.60 43.13 66.73 NOTE
r-devel-linux-x86_64-debian-gcc 0.7-3 21.19 38.72 59.91 NOTE
r-devel-linux-x86_64-fedora-clang 0.7-3 98.44 NOTE
r-devel-linux-x86_64-fedora-gcc 0.7-3 91.99 NOTE
r-devel-windows-ix86+x86_64 0.7-3 79.00 136.00 215.00 NOTE
r-patched-linux-x86_64 0.7-3 23.32 48.17 71.49 NOTE
r-patched-solaris-x86 0.7-3 123.80 NOTE
r-release-linux-x86_64 0.7-3 25.65 48.31 73.96 NOTE
r-release-windows-ix86+x86_64 0.7-3 79.00 136.00 215.00 NOTE
r-release-osx-x86_64 0.7-3 NOTE
r-oldrel-windows-ix86+x86_64 0.7-3 61.00 108.00 169.00 NOTE
r-oldrel-osx-x86_64 0.7-3 NOTE

Check Details

Version: 0.7-3
Check: package dependencies
Result: NOTE
    Packages suggested but not available for checking:
     ‘Rcampdf’ ‘tm.lexicon.GeneralInquirer’
Flavors: r-devel-linux-x86_64-debian-clang, r-devel-linux-x86_64-debian-gcc, r-devel-linux-x86_64-fedora-clang, r-devel-linux-x86_64-fedora-gcc, r-patched-linux-x86_64, r-patched-solaris-x86, r-release-linux-x86_64

Version: 0.7-3
Check: package dependencies
Result: NOTE
    Packages suggested but not available for checking:
     'Rcampdf' 'Rpoppler' 'tm.lexicon.GeneralInquirer'
Flavors: r-devel-windows-ix86+x86_64, r-release-windows-ix86+x86_64, r-oldrel-windows-ix86+x86_64, r-oldrel-osx-x86_64

Version: 0.7-3
Check: Rd cross-references
Result: NOTE
    Package unavailable to check Rd xrefs: 'Rpoppler'
Flavors: r-devel-windows-ix86+x86_64, r-release-windows-ix86+x86_64, r-oldrel-windows-ix86+x86_64, r-oldrel-osx-x86_64

Version: 0.7-3
Check: package dependencies
Result: NOTE
    Packages suggested but not available for checking:
     ‘Rcampdf’ ‘Rgraphviz’ ‘Rpoppler’ ‘tm.lexicon.GeneralInquirer’
Flavor: r-release-osx-x86_64

Version: 0.7-3
Check: Rd cross-references
Result: NOTE
    Packages unavailable to check Rd xrefs: ‘graph’, ‘Rpoppler’
Flavor: r-release-osx-x86_64