CRAN Package Check Results for Package tm

Last updated on 2018-07-19 18:49:43 CEST.

Flavor Version Tinstall Tcheck Ttotal Status Flags
r-devel-linux-x86_64-debian-clang 0.7-4 24.70 44.62 69.32 NOTE
r-devel-linux-x86_64-debian-gcc 0.7-4 20.22 40.89 61.11 NOTE
r-devel-linux-x86_64-fedora-clang 0.7-4 107.01 NOTE
r-devel-linux-x86_64-fedora-gcc 0.7-4 95.81 NOTE
r-devel-windows-ix86+x86_64 0.7-4 52.00 128.00 180.00 NOTE
r-patched-linux-x86_64 0.7-4 26.29 48.77 75.06 NOTE
r-patched-solaris-x86 0.7-4 128.10 NOTE
r-release-linux-x86_64 0.7-4 24.17 49.04 73.21 NOTE
r-release-windows-ix86+x86_64 0.7-4 83.00 95.00 178.00 NOTE
r-release-osx-x86_64 0.7-4 NOTE
r-oldrel-windows-ix86+x86_64 0.7-4 80.00 100.00 180.00 NOTE
r-oldrel-osx-x86_64 0.7-4 NOTE

Check Details

Version: 0.7-4
Check: package dependencies
Result: NOTE
    Packages suggested but not available for checking:
     ‘Rcampdf’ ‘tm.lexicon.GeneralInquirer’
Flavors: r-devel-linux-x86_64-debian-clang, r-devel-linux-x86_64-debian-gcc, r-devel-linux-x86_64-fedora-clang, r-devel-linux-x86_64-fedora-gcc, r-patched-linux-x86_64, r-patched-solaris-x86, r-release-linux-x86_64

Version: 0.7-4
Check: package dependencies
Result: NOTE
    Packages suggested but not available for checking:
     'Rcampdf' 'Rpoppler' 'tm.lexicon.GeneralInquirer'
Flavors: r-devel-windows-ix86+x86_64, r-release-windows-ix86+x86_64, r-release-osx-x86_64, r-oldrel-windows-ix86+x86_64, r-oldrel-osx-x86_64

Version: 0.7-4
Check: Rd cross-references
Result: NOTE
    Package unavailable to check Rd xrefs: 'Rpoppler'
Flavors: r-devel-windows-ix86+x86_64, r-release-windows-ix86+x86_64, r-release-osx-x86_64, r-oldrel-windows-ix86+x86_64, r-oldrel-osx-x86_64