CRAN Package Check Results for Package tm

Last updated on 2016-05-24 23:48:26.

Flavor Version Tinstall Tcheck Ttotal Status Flags
r-devel-linux-x86_64-debian-gcc 0.6-2 1.50 24.13 25.63 NOTE
r-devel-linux-x86_64-fedora-clang 0.6-2 47.72 NOTE
r-devel-linux-x86_64-fedora-gcc 0.6-2 45.17 NOTE
r-devel-osx-x86_64-clang 0.6-2 61.48 NOTE
r-devel-windows-ix86+x86_64 0.6-2 13.00 63.00 76.00 NOTE
r-patched-linux-x86_64 0.6-2 1.48 25.00 26.48 NOTE
r-patched-solaris-sparc 0.6-2 330.00 NOTE
r-patched-solaris-x86 0.6-2 66.40 NOTE
r-release-linux-x86_64 0.6-2 1.49 24.98 26.48 NOTE
r-release-osx-x86_64-mavericks 0.6-2 NOTE
r-release-windows-ix86+x86_64 0.6-2 13.00 63.00 76.00 NOTE
r-oldrel-windows-ix86+x86_64 0.6-2 9.00 71.00 80.00 NOTE

Check Details

Version: 0.6-2
Check: package dependencies
Result: NOTE
    Packages suggested but not available for checking:
     ‘Rcampdf’ ‘tm.lexicon.GeneralInquirer’
Flavors: r-devel-linux-x86_64-debian-gcc, r-devel-linux-x86_64-fedora-clang, r-devel-linux-x86_64-fedora-gcc, r-patched-linux-x86_64, r-release-linux-x86_64

Version: 0.6-2
Check: package dependencies
Result: NOTE
    Packages suggested but not available for checking:
     ‘Rcampdf’ ‘Rpoppler’ ‘tm.lexicon.GeneralInquirer’
Flavors: r-devel-osx-x86_64-clang, r-devel-windows-ix86+x86_64, r-patched-solaris-sparc, r-patched-solaris-x86, r-release-osx-x86_64-mavericks, r-release-windows-ix86+x86_64, r-oldrel-windows-ix86+x86_64

Version: 0.6-2
Check: Rd cross-references
Result: NOTE
    Package unavailable to check Rd xrefs: ‘Rpoppler’
Flavors: r-devel-osx-x86_64-clang, r-devel-windows-ix86+x86_64, r-patched-solaris-sparc, r-patched-solaris-x86, r-release-osx-x86_64-mavericks, r-release-windows-ix86+x86_64, r-oldrel-windows-ix86+x86_64