CRAN Package Check Results for Package tm

Last updated on 2017-08-20 13:47:20.

Flavor Version Tinstall Tcheck Ttotal Status Flags
r-devel-linux-x86_64-debian-clang 0.7-1 10.16 33.76 43.92 NOTE
r-devel-linux-x86_64-debian-gcc 0.7-1 10.71 34.10 44.81 NOTE
r-devel-linux-x86_64-fedora-clang 0.7-1 83.52 NOTE
r-devel-linux-x86_64-fedora-gcc 0.7-1 78.81 NOTE
r-devel-windows-ix86+x86_64 0.7-1 34.00 93.00 127.00 NOTE
r-patched-linux-x86_64 0.7-1 10.50 33.58 44.08 NOTE
r-patched-solaris-x86 0.7-1 100.10 NOTE
r-release-linux-x86_64 0.7-1 10.84 34.08 44.92 NOTE
r-release-windows-ix86+x86_64 0.7-1 55.00 122.00 177.00 NOTE
r-release-osx-x86_64 0.7-1 ERROR
r-oldrel-windows-ix86+x86_64 0.7-1 35.00 84.00 119.00 NOTE
r-oldrel-osx-x86_64 0.7-1 NOTE

Check Details

Version: 0.7-1
Check: package dependencies
Result: NOTE
    Packages suggested but not available for checking:
     ‘Rcampdf’ ‘tm.lexicon.GeneralInquirer’
Flavors: r-devel-linux-x86_64-debian-clang, r-devel-linux-x86_64-debian-gcc, r-devel-linux-x86_64-fedora-clang, r-devel-linux-x86_64-fedora-gcc, r-patched-linux-x86_64, r-release-linux-x86_64

Version: 0.7-1
Check: package dependencies
Result: NOTE
    Packages suggested but not available for checking:
     'Rcampdf' 'Rpoppler' 'tm.lexicon.GeneralInquirer'
Flavors: r-devel-windows-ix86+x86_64, r-patched-solaris-x86, r-release-windows-ix86+x86_64, r-oldrel-windows-ix86+x86_64, r-oldrel-osx-x86_64

Version: 0.7-1
Check: Rd cross-references
Result: NOTE
    Package unavailable to check Rd xrefs: 'Rpoppler'
Flavors: r-devel-windows-ix86+x86_64, r-patched-solaris-x86, r-release-windows-ix86+x86_64, r-oldrel-windows-ix86+x86_64, r-oldrel-osx-x86_64

Version: 0.7-1
Check: package dependencies
Result: NOTE
    Packages suggested but not available for checking:
     ‘Rcampdf’ ‘Rgraphviz’ ‘Rpoppler’ ‘tm.lexicon.GeneralInquirer’
Flavor: r-release-osx-x86_64

Version: 0.7-1
Check: Rd cross-references
Result: NOTE
    Packages unavailable to check Rd xrefs: ‘graph’, ‘Rpoppler’
Flavor: r-release-osx-x86_64

Version: 0.7-1
Check: examples
Result: ERROR
    Running examples in ‘tm-Ex.R’ failed
    The error most likely occurred in:
    
    > ### Name: readPDF
    > ### Title: Read In a PDF Document
    > ### Aliases: readPDF
    > ### Keywords: file
    >
    > ### ** Examples
    >
    > uri <- sprintf("file://%s", system.file(file.path("doc", "tm.pdf"), package = "tm"))
    > if(all(file.exists(Sys.which(c("pdfinfo", "pdftotext"))))) {
    + pdf <- readPDF(control = list(text = "-layout"))(elem = list(uri = uri),
    + language = "en",
    + id = "id1")
    + content(pdf)[1:13]
    + }
    > VCorpus(URISource(uri, mode = ""),
    + readerControl = list(reader = readPDF(engine = "ghostscript")))
    sh: : command not found
    Error in system2(gs_cmd, c("-dNODISPLAY -q", sprintf("-sFile=%s", shQuote(file)), :
     error in running command
    Calls: VCorpus ... mapply -> <Anonymous> -> <Anonymous> -> pdf_info -> system2
    Execution halted
Flavor: r-release-osx-x86_64