CRAN Package Check Results for Package tm

Last updated on 2020-01-28 01:55:04 CET.

Flavor Version Tinstall Tcheck Ttotal Status Flags
r-devel-linux-x86_64-debian-clang 0.7-7 28.06 57.45 85.51 NOTE
r-devel-linux-x86_64-debian-gcc 0.7-7 20.31 45.11 65.42 NOTE
r-devel-linux-x86_64-fedora-clang 0.7-7 122.20 NOTE
r-devel-linux-x86_64-fedora-gcc 0.7-7 110.09 NOTE
r-devel-windows-ix86+x86_64 0.7-7 57.00 138.00 195.00 NOTE
r-devel-windows-ix86+x86_64-gcc8 0.7-7 85.00 168.00 253.00 NOTE
r-patched-linux-x86_64 0.7-7 NOTE
r-patched-solaris-x86 0.7-7 137.90 NOTE
r-release-linux-x86_64 0.7-7 23.95 52.80 76.75 NOTE
r-release-windows-ix86+x86_64 0.7-7 61.00 108.00 169.00 NOTE
r-release-osx-x86_64 0.7-7 NOTE
r-oldrel-windows-ix86+x86_64 0.7-7 79.00 101.00 180.00 NOTE
r-oldrel-osx-x86_64 0.7-7 NOTE

Check Details

Version: 0.7-7
Check: package dependencies
Result: NOTE
    Packages suggested but not available for checking:
     'Rcampdf', 'tm.lexicon.GeneralInquirer'
Flavors: r-devel-linux-x86_64-debian-clang, r-devel-linux-x86_64-debian-gcc, r-devel-linux-x86_64-fedora-clang, r-devel-linux-x86_64-fedora-gcc, r-patched-linux-x86_64, r-patched-solaris-x86, r-release-linux-x86_64

Version: 0.7-7
Check: package dependencies
Result: NOTE
    Packages suggested but not available for checking:
     'Rcampdf', 'Rpoppler', 'tm.lexicon.GeneralInquirer'
Flavors: r-devel-windows-ix86+x86_64, r-devel-windows-ix86+x86_64-gcc8, r-release-windows-ix86+x86_64, r-release-osx-x86_64

Version: 0.7-7
Check: Rd cross-references
Result: NOTE
    Package unavailable to check Rd xrefs: 'Rpoppler'
Flavors: r-devel-windows-ix86+x86_64, r-devel-windows-ix86+x86_64-gcc8, r-release-windows-ix86+x86_64, r-release-osx-x86_64, r-oldrel-windows-ix86+x86_64, r-oldrel-osx-x86_64

Version: 0.7-7
Check: package dependencies
Result: NOTE
    Packages suggested but not available for checking:
     'Rcampdf' 'Rpoppler' 'tm.lexicon.GeneralInquirer'
Flavors: r-oldrel-windows-ix86+x86_64, r-oldrel-osx-x86_64