CRAN Package Check Results for Package tm

Last updated on 2016-02-12 21:47:50.

Flavor Version Tinstall Tcheck Ttotal Status Flags
r-devel-linux-x86_64-debian-gcc 0.6-2 1.54 22.60 24.13 NOTE
r-devel-linux-x86_64-fedora-clang 0.6-2 46.96 NOTE
r-devel-linux-x86_64-fedora-gcc 0.6-2 44.63 NOTE
r-devel-osx-x86_64-clang 0.6-2 59.84 NOTE
r-devel-windows-ix86+x86_64 0.6-2 10.00 74.00 84.00 NOTE
r-patched-linux-x86_64 0.6-2 1.55 25.79 27.34 NOTE
r-patched-solaris-sparc 0.6-2 344.40 NOTE
r-patched-solaris-x86 0.6-2 68.80 NOTE
r-release-linux-x86_64 0.6-2 1.69 25.44 27.13 NOTE
r-release-osx-x86_64-mavericks 0.6-2 WARN
r-release-windows-ix86+x86_64 0.6-2 9.00 88.00 97.00 NOTE
r-oldrel-windows-ix86+x86_64 0.6-2 18.00 63.00 81.00 WARN

Check Details

Version: 0.6-2
Check: package dependencies
Result: NOTE
    Packages suggested but not available for checking:
     ‘Rcampdf’ ‘tm.lexicon.GeneralInquirer’
Flavors: r-devel-linux-x86_64-debian-gcc, r-devel-linux-x86_64-fedora-clang, r-devel-linux-x86_64-fedora-gcc, r-patched-linux-x86_64, r-release-linux-x86_64

Version: 0.6-2
Check: package dependencies
Result: NOTE
    Packages suggested but not available for checking:
     ‘Rcampdf’ ‘Rpoppler’ ‘tm.lexicon.GeneralInquirer’
Flavors: r-devel-osx-x86_64-clang, r-devel-windows-ix86+x86_64, r-patched-solaris-sparc, r-patched-solaris-x86, r-release-osx-x86_64-mavericks, r-release-windows-ix86+x86_64, r-oldrel-windows-ix86+x86_64

Version: 0.6-2
Check: Rd cross-references
Result: NOTE
    Package unavailable to check Rd xrefs: ‘Rpoppler’
Flavors: r-devel-osx-x86_64-clang, r-devel-windows-ix86+x86_64, r-patched-solaris-sparc, r-patched-solaris-x86, r-release-osx-x86_64-mavericks, r-release-windows-ix86+x86_64, r-oldrel-windows-ix86+x86_64

Version: 0.6-2
Check: S3 generic/method consistency
Result: WARN
    Warning: declared S3 method '.print_via_format' not found
    Warning: declared S3 method '.print_via_format' not found
    Warning: declared S3 method '.print_via_format' not found
    Warning: declared S3 method '.print_via_format' not found
    See section ‘Generic functions and methods’ in the ‘Writing R
    Extensions’ manual.
Flavors: r-release-osx-x86_64-mavericks, r-oldrel-windows-ix86+x86_64