CRAN Package Check Results for Package tm

Last updated on 2015-05-07 02:46:47.

Flavor Version Tinstall Tcheck Ttotal Status Flags
r-devel-linux-x86_64-debian-clang 0.6 1.48 26.05 27.54 NOTE
r-devel-linux-x86_64-debian-gcc 0.6 1.55 24.64 26.19 NOTE
r-devel-linux-x86_64-fedora-clang 0.6 53.62 NOTE
r-devel-linux-x86_64-fedora-gcc 0.6 49.54 NOTE
r-devel-osx-x86_64-clang 0.6 63.44 NOTE
r-devel-windows-ix86+x86_64 0.6 8.00 56.00 64.00 NOTE
r-patched-linux-x86_64 0.6 1.46 24.53 25.99 NOTE
r-patched-solaris-sparc 0.6 371.90 NOTE
r-patched-solaris-x86 0.6 73.90 NOTE
r-release-linux-x86_64 0.6 1.48 25.09 26.57 NOTE
r-release-osx-x86_64-mavericks 0.6 NOTE
r-release-osx-x86_64-snowleopard 0.6 ERROR
r-release-windows-ix86+x86_64 0.6 11.00 56.00 67.00 NOTE
r-oldrel-windows-ix86+x86_64 0.6 11.00 63.00 74.00 NOTE

Check Details

Version: 0.6
Check: package dependencies
Result: NOTE
    Packages suggested but not available for checking:
     ‘Rcampdf’ ‘tm.lexicon.GeneralInquirer’
Flavors: r-devel-linux-x86_64-debian-clang, r-devel-linux-x86_64-debian-gcc, r-devel-linux-x86_64-fedora-clang, r-devel-linux-x86_64-fedora-gcc, r-patched-linux-x86_64, r-release-linux-x86_64

Version: 0.6
Check: dependencies in R code
Result: NOTE
    'library' or 'require' call to ‘Rgraphviz’ in package code.
     Please use :: or requireNamespace() instead.
     See section 'Suggested packages' in the 'Writing R Extensions' manual.
Flavors: r-devel-linux-x86_64-debian-clang, r-devel-linux-x86_64-debian-gcc, r-devel-linux-x86_64-fedora-clang, r-devel-linux-x86_64-fedora-gcc, r-devel-osx-x86_64-clang, r-devel-windows-ix86+x86_64, r-patched-linux-x86_64, r-patched-solaris-sparc, r-patched-solaris-x86, r-release-linux-x86_64, r-release-osx-x86_64-mavericks, r-release-osx-x86_64-snowleopard, r-release-windows-ix86+x86_64, r-oldrel-windows-ix86+x86_64

Version: 0.6
Check: package dependencies
Result: NOTE
    Packages suggested but not available for checking:
     ‘Rcampdf’ ‘Rpoppler’ ‘tm.lexicon.GeneralInquirer’
Flavors: r-devel-osx-x86_64-clang, r-devel-windows-ix86+x86_64, r-patched-solaris-sparc, r-patched-solaris-x86, r-release-osx-x86_64-mavericks, r-release-windows-ix86+x86_64, r-oldrel-windows-ix86+x86_64

Version: 0.6
Check: Rd cross-references
Result: NOTE
    Package unavailable to check Rd xrefs: ‘Rpoppler’
Flavors: r-devel-osx-x86_64-clang, r-devel-windows-ix86+x86_64, r-patched-solaris-sparc, r-patched-solaris-x86, r-release-osx-x86_64-mavericks, r-release-windows-ix86+x86_64, r-oldrel-windows-ix86+x86_64

Version: 0.6
Check: package dependencies
Result: NOTE
    Packages suggested but not available for checking:
     ‘Rcampdf’ ‘Rgraphviz’ ‘Rpoppler’ ‘tm.lexicon.GeneralInquirer’ ‘XML’
Flavor: r-release-osx-x86_64-snowleopard

Version: 0.6
Check: Rd cross-references
Result: NOTE
    Packages unavailable to check Rd xrefs: ‘tm.plugin.dc’, ‘XML’, ‘graph’, ‘Rpoppler’
Flavor: r-release-osx-x86_64-snowleopard

Version: 0.6
Check: examples
Result: ERROR
    Running examples in ‘tm-Ex.R’ failed
    The error most likely occurred in:
    
    > ### Name: VCorpus
    > ### Title: Volatile Corpora
    > ### Aliases: VCorpus as.VCorpus
    >
    > ### ** Examples
    >
    > reut21578 <- system.file("texts", "crude", package = "tm")
    > VCorpus(DirSource(reut21578), list(reader = readReut21578XMLasPlain))
    Error in loadNamespace(name) : there is no package called ‘XML’
    Calls: VCorpus ... tryCatch -> tryCatchList -> tryCatchOne -> <Anonymous>
    Execution halted
Flavor: r-release-osx-x86_64-snowleopard

Version: 0.6
Check: running R code from vignettes
Result: WARN
    Errors in running code in vignettes:
    when running code in ‘extensions.Rnw’
     ...
    
    > library("tm")
    Loading required package: NLP
    
    > library("XML")
    
     When sourcing ‘extensions.R’:
    Error: there is no package called ‘XML’
    Execution halted
    when running code in ‘tm.Rnw’
     ...
    > VCorpus(VectorSource(docs))
    <<VCorpus (documents: 2, metadata (corpus/indexed): 0/0)>>
    
    > reut21578 <- system.file("texts", "crude", package = "tm")
    
    > reuters <- VCorpus(DirSource(reut21578), readerControl = list(reader = readReut21578XMLasPlain))
    
     When sourcing ‘tm.R’:
    Error: there is no package called ‘XML’
    Execution halted
Flavor: r-release-osx-x86_64-snowleopard

Version: 0.6
Check: re-building of vignette outputs
Result: NOTE
    Error in re-building vignettes:
     ...
    Loading required package: NLP
    
    Error: processing vignette 'extensions.Rnw' failed with diagnostics:
     chunk 1 (label = Init)
    Error in library("XML") : there is no package called ‘XML’
    Execution halted
Flavor: r-release-osx-x86_64-snowleopard