CRAN Package Check Results for Package tm

Last updated on 2015-01-25 09:51:43.

Flavor Version Tinstall Tcheck Ttotal Status Flags
r-devel-linux-x86_64-debian-clang 0.6 1.64 27.29 28.93 NOTE
r-devel-linux-x86_64-debian-gcc 0.6 1.51 25.98 27.49 NOTE
r-devel-linux-x86_64-fedora-clang 0.6 62.69 NOTE
r-devel-linux-x86_64-fedora-gcc 0.6 56.63 NOTE
r-devel-osx-x86_64-clang 0.6 69.16 NOTE
r-devel-windows-ix86+x86_64 0.6 9.00 61.00 70.00 NOTE
r-patched-linux-x86_64 0.6 1.60 27.03 28.63 NOTE
r-patched-solaris-sparc 0.6 362.60 NOTE
r-patched-solaris-x86 0.6 84.40 NOTE
r-release-linux-ix86 0.6 2.21 38.10 40.31 NOTE
r-release-linux-x86_64 0.6 1.70 27.09 28.78 NOTE
r-release-osx-x86_64-mavericks 0.6 NOTE
r-release-osx-x86_64-snowleopard 0.6 NOTE
r-release-windows-ix86+x86_64 0.6 11.00 56.00 67.00 NOTE
r-oldrel-windows-ix86+x86_64 0.5-10 9.00 53.00 62.00 NOTE

Check Details

Version: 0.6
Check: package dependencies
Result: NOTE
    Packages suggested but not available for checking:
     ‘Rcampdf’ ‘tm.lexicon.GeneralInquirer’
Flavors: r-devel-linux-x86_64-debian-clang, r-devel-linux-x86_64-debian-gcc, r-devel-linux-x86_64-fedora-clang, r-devel-linux-x86_64-fedora-gcc, r-patched-linux-x86_64, r-release-linux-ix86, r-release-linux-x86_64

Version: 0.6
Check: dependencies in R code
Result: NOTE
    'library' or 'require' call to ‘Rgraphviz’ in package code.
     Please use :: or requireNamespace() instead.
     See section 'Suggested packages' in the 'Writing R Extensions' manual.
Flavors: r-devel-linux-x86_64-debian-clang, r-devel-linux-x86_64-debian-gcc, r-devel-linux-x86_64-fedora-clang, r-devel-linux-x86_64-fedora-gcc, r-devel-osx-x86_64-clang, r-devel-windows-ix86+x86_64

Version: 0.6
Check: package dependencies
Result: NOTE
    Packages suggested but not available for checking:
     ‘Rcampdf’ ‘Rpoppler’ ‘tm.lexicon.GeneralInquirer’
Flavors: r-devel-osx-x86_64-clang, r-devel-windows-ix86+x86_64, r-patched-solaris-sparc, r-patched-solaris-x86, r-release-osx-x86_64-mavericks, r-release-osx-x86_64-snowleopard, r-release-windows-ix86+x86_64

Version: 0.6
Check: Rd cross-references
Result: NOTE
    Package unavailable to check Rd xrefs: ‘Rpoppler’
Flavors: r-devel-osx-x86_64-clang, r-devel-windows-ix86+x86_64, r-patched-solaris-sparc, r-patched-solaris-x86, r-release-osx-x86_64-mavericks, r-release-osx-x86_64-snowleopard, r-release-windows-ix86+x86_64

Version: 0.5-10
Check: package dependencies
Result: NOTE
    Packages suggested but not available for checking: 'Rcampdf' 'Rpoppler'
Flavor: r-oldrel-windows-ix86+x86_64

Version: 0.5-10
Check: Rd cross-references
Result: NOTE
    Package unavailable to check Rd xrefs: 'Rpoppler'
Flavor: r-oldrel-windows-ix86+x86_64