CRAN Package Check Results for Package tm

Last updated on 2018-11-16 08:53:34 CET.

Flavor Version Tinstall Tcheck Ttotal Status Flags
r-devel-linux-x86_64-debian-clang 0.7-5 26.51 54.74 81.25 NOTE
r-devel-linux-x86_64-debian-gcc 0.7-5 22.27 41.16 63.43 NOTE
r-devel-linux-x86_64-fedora-clang 0.7-5 104.54 NOTE
r-devel-linux-x86_64-fedora-gcc 0.7-5 94.57 NOTE
r-devel-windows-ix86+x86_64 0.7-5 74.00 138.00 212.00 NOTE
r-patched-linux-x86_64 0.7-5 28.08 49.48 77.56 NOTE
r-patched-solaris-x86 0.7-5 131.40 NOTE
r-release-linux-x86_64 0.7-5 29.67 49.21 78.88 NOTE
r-release-windows-ix86+x86_64 0.7-5 79.00 145.00 224.00 NOTE
r-release-osx-x86_64 0.7-5 NOTE
r-oldrel-windows-ix86+x86_64 0.7-5 77.00 132.00 209.00 NOTE
r-oldrel-osx-x86_64 0.7-5 NOTE

Check Details

Version: 0.7-5
Check: package dependencies
Result: NOTE
    Packages suggested but not available for checking:
     'Rcampdf', 'tm.lexicon.GeneralInquirer'
Flavors: r-devel-linux-x86_64-debian-clang, r-devel-linux-x86_64-debian-gcc, r-devel-linux-x86_64-fedora-clang, r-devel-linux-x86_64-fedora-gcc

Version: 0.7-5
Check: package dependencies
Result: NOTE
    Packages suggested but not available for checking:
     'Rcampdf', 'Rpoppler', 'tm.lexicon.GeneralInquirer'
Flavor: r-devel-windows-ix86+x86_64

Version: 0.7-5
Check: Rd cross-references
Result: NOTE
    Package unavailable to check Rd xrefs: 'Rpoppler'
Flavors: r-devel-windows-ix86+x86_64, r-release-windows-ix86+x86_64, r-release-osx-x86_64, r-oldrel-windows-ix86+x86_64, r-oldrel-osx-x86_64

Version: 0.7-5
Check: package dependencies
Result: NOTE
    Packages suggested but not available for checking:
     ‘Rcampdf’ ‘tm.lexicon.GeneralInquirer’
Flavors: r-patched-linux-x86_64, r-patched-solaris-x86, r-release-linux-x86_64

Version: 0.7-5
Check: package dependencies
Result: NOTE
    Packages suggested but not available for checking:
     'Rcampdf' 'Rpoppler' 'tm.lexicon.GeneralInquirer'
Flavors: r-release-windows-ix86+x86_64, r-release-osx-x86_64, r-oldrel-windows-ix86+x86_64, r-oldrel-osx-x86_64