CRAN Package Check Results for Package tm.plugin.alceste

Last updated on 2015-05-30 17:46:59.

Flavor Version Tinstall Tcheck Ttotal Status Flags
r-devel-linux-x86_64-debian-clang 1.1 0.61 8.56 9.17 OK
r-devel-linux-x86_64-debian-gcc 1.1 0.57 8.65 9.22 OK
r-devel-linux-x86_64-fedora-clang 1.1 17.61 OK
r-devel-linux-x86_64-fedora-gcc 1.1 16.30 OK
r-devel-osx-x86_64-clang 1.1 21.89 OK
r-devel-windows-ix86+x86_64 1.1 3.00 17.00 20.00 OK
r-patched-linux-x86_64 1.1 0.56 8.62 9.18 OK
r-patched-solaris-sparc 1.1 111.70 OK
r-patched-solaris-x86 1.1 26.60 OK
r-release-linux-x86_64 1.1 0.63 8.94 9.57 OK
r-release-osx-x86_64-mavericks 1.1 OK
r-release-osx-x86_64-snowleopard 1.1 ERROR
r-release-windows-ix86+x86_64 1.1 5.00 22.00 27.00 OK
r-oldrel-windows-ix86+x86_64 1.1 3.00 27.00 30.00 OK

Check Details

Version: 1.1
Check: package dependencies
Result: ERROR
    Package required but not available: ‘tm’
    
    See section ‘The DESCRIPTION file’ in the ‘Writing R Extensions’
    manual.
Flavor: r-release-osx-x86_64-snowleopard