CRAN Package Check Results for Package tm.plugin.alceste

Last updated on 2015-01-25 09:51:43.

Flavor Version Tinstall Tcheck Ttotal Status Flags
r-devel-linux-x86_64-debian-clang 1.1 0.70 10.42 11.12 OK
r-devel-linux-x86_64-debian-gcc 1.1 0.69 10.29 10.98 OK
r-devel-linux-x86_64-fedora-clang 1.1 23.66 OK
r-devel-linux-x86_64-fedora-gcc 1.1 21.74 OK
r-devel-osx-x86_64-clang 1.1 24.39 OK
r-devel-windows-ix86+x86_64 1.1 3.00 21.00 24.00 OK
r-patched-linux-x86_64 1.1 0.74 10.54 11.28 OK
r-patched-solaris-sparc 1.1 123.40 OK
r-patched-solaris-x86 1.1 31.70 OK
r-release-linux-ix86 1.1 1.03 15.68 16.71 OK
r-release-linux-x86_64 1.1 0.72 10.36 11.07 OK
r-release-osx-x86_64-mavericks 1.1 OK
r-release-osx-x86_64-snowleopard 1.1 OK
r-release-windows-ix86+x86_64 1.1 3.00 19.00 22.00 OK
r-oldrel-windows-ix86+x86_64 1.1 2.00 3.00 5.00 ERROR

Check Details

Version: 1.1
Check: package dependencies
Result: ERROR
    Package required and available but unsuitable version: 'tm'
    
    See the information on DESCRIPTION files in the chapter 'Creating R
    packages' of the 'Writing R Extensions' manual.
Flavor: r-oldrel-windows-ix86+x86_64