CRAN Package Check Results for Package tm.plugin.alceste

Last updated on 2015-04-19 23:49:32.

Flavor Version Tinstall Tcheck Ttotal Status Flags
r-devel-linux-x86_64-debian-clang 1.1 0.56 8.98 9.54 OK
r-devel-linux-x86_64-debian-gcc 1.1 0.62 9.14 9.77 OK
r-devel-linux-x86_64-fedora-clang 1.1 17.88 OK
r-devel-linux-x86_64-fedora-gcc 1.1 16.59 OK
r-devel-osx-x86_64-clang 1.1 21.82 OK
r-devel-windows-ix86+x86_64 1.1 3.00 21.00 24.00 OK
r-patched-linux-x86_64 1.1 0.62 8.61 9.24 OK
r-patched-solaris-sparc 1.1 115.80 OK
r-patched-solaris-x86 1.1 26.10 OK
r-release-linux-x86_64 1.1 0.56 7.80 8.36 OK
r-release-osx-x86_64-mavericks 1.1 OK
r-release-osx-x86_64-snowleopard 1.1 ERROR
r-release-windows-ix86+x86_64 1.1 2.00 18.00 20.00 OK
r-oldrel-windows-ix86+x86_64 1.1 3.00 20.00 23.00 OK

Check Details

Version: 1.1
Check: package dependencies
Result: ERROR
    Package required but not available: ‘tm’
    
    See section ‘The DESCRIPTION file’ in the ‘Writing R Extensions’
    manual.
Flavor: r-release-osx-x86_64-snowleopard