CRAN Package Check Results for Package tm.plugin.alceste

Last updated on 2014-07-30 22:47:33.

Flavor Version Tinstall Tcheck Ttotal Status Flags
r-devel-linux-x86_64-debian-clang 1.1 0.66 9.90 10.56 OK
r-devel-linux-x86_64-debian-gcc 1.1 0.65 9.73 10.38 OK
r-devel-linux-x86_64-fedora-clang 1.1 20.49 OK
r-devel-linux-x86_64-fedora-gcc 1.1 19.43 OK
r-devel-osx-x86_64-clang 1.1 22.54 OK
r-devel-windows-ix86+x86_64 1.1 2.00 17.00 19.00 OK
r-patched-linux-x86_64 1.1 0.67 9.86 10.54 OK
r-patched-solaris-sparc 1.1 121.10 OK
r-patched-solaris-x86 1.1 32.30 OK
r-release-linux-ix86 1.1 1.02 15.90 16.91 OK
r-release-linux-x86_64 1.1 0.70 10.07 10.77 OK
r-release-osx-x86_64-mavericks 1.1 OK
r-release-osx-x86_64-snowleopard 1.1 OK
r-release-windows-ix86+x86_64 1.1 3.00 18.00 21.00 OK
r-oldrel-windows-ix86+x86_64 1.1 2.00 1.00 3.00 ERROR

Check Details

Version: 1.1
Check: package dependencies
Result: ERROR
    Package required and available but unsuitable version: 'tm'
    
    See the information on DESCRIPTION files in the chapter 'Creating R
    packages' of the 'Writing R Extensions' manual.
Flavor: r-oldrel-windows-ix86+x86_64