CRAN Package Check Results for Package tm.plugin.alceste

Last updated on 2014-08-22 19:48:00.

Flavor Version Tinstall Tcheck Ttotal Status Flags
r-devel-linux-x86_64-debian-clang 1.1 0.66 9.76 10.42 OK
r-devel-linux-x86_64-debian-gcc 1.1 0.65 9.69 10.34 OK
r-devel-linux-x86_64-fedora-clang 1.1 20.01 OK
r-devel-linux-x86_64-fedora-gcc 1.1 18.57 OK
r-devel-osx-x86_64-clang 1.1 21.62 OK
r-devel-windows-ix86+x86_64 1.1 2.00 21.00 23.00 OK
r-patched-linux-x86_64 1.1 0.74 9.84 10.58 OK
r-patched-solaris-sparc 1.1 121.10 OK
r-patched-solaris-x86 1.1 31.60 OK
r-release-linux-ix86 1.1 0.99 16.10 17.08 OK
r-release-linux-x86_64 1.1 0.69 10.53 11.22 OK
r-release-osx-x86_64-mavericks 1.1 OK
r-release-osx-x86_64-snowleopard 1.1 OK
r-release-windows-ix86+x86_64 1.1 4.00 32.00 36.00 OK
r-oldrel-windows-ix86+x86_64 1.1 2.00 3.00 5.00 ERROR

Check Details

Version: 1.1
Check: package dependencies
Result: ERROR
    Package required and available but unsuitable version: 'tm'
    
    See the information on DESCRIPTION files in the chapter 'Creating R
    packages' of the 'Writing R Extensions' manual.
Flavor: r-oldrel-windows-ix86+x86_64