CRAN Package Check Results for Package tm.plugin.alceste

Last updated on 2014-09-02 13:47:08.

Flavor Version Tinstall Tcheck Ttotal Status Flags
r-devel-linux-x86_64-debian-clang 1.1 0.64 9.51 10.15 OK
r-devel-linux-x86_64-debian-gcc 1.1 0.62 9.72 10.34 OK
r-devel-linux-x86_64-fedora-clang 1.1 20.43 OK
r-devel-linux-x86_64-fedora-gcc 1.1 18.60 OK
r-devel-osx-x86_64-clang 1.1 21.77 OK
r-devel-windows-ix86+x86_64 1.1 2.00 20.00 22.00 OK
r-patched-linux-x86_64 1.1 0.66 9.98 10.64 OK
r-patched-solaris-sparc 1.1 121.10 OK
r-patched-solaris-x86 1.1 31.00 OK
r-release-linux-ix86 1.1 1.00 15.90 16.90 OK
r-release-linux-x86_64 1.1 0.69 10.20 10.89 OK
r-release-osx-x86_64-mavericks 1.1 OK
r-release-osx-x86_64-snowleopard 1.1 OK
r-release-windows-ix86+x86_64 1.1 3.00 21.00 24.00 OK
r-oldrel-windows-ix86+x86_64 1.1 1.00 1.00 2.00 ERROR

Check Details

Version: 1.1
Check: package dependencies
Result: ERROR
    Package required and available but unsuitable version: 'tm'
    
    See the information on DESCRIPTION files in the chapter 'Creating R
    packages' of the 'Writing R Extensions' manual.
Flavor: r-oldrel-windows-ix86+x86_64