CRAN Package Check Results for Package tm.plugin.alceste

Last updated on 2014-11-28 19:51:32.

Flavor Version Tinstall Tcheck Ttotal Status Flags
r-devel-linux-x86_64-debian-clang 1.1 0.91 10.58 11.50 OK
r-devel-linux-x86_64-debian-gcc 1.1 0.68 10.19 10.86 OK
r-devel-linux-x86_64-fedora-clang 1.1 22.52 OK
r-devel-linux-x86_64-fedora-gcc 1.1 20.62 OK
r-devel-osx-x86_64-clang 1.1 25.07 OK
r-devel-windows-ix86+x86_64 1.1 2.00 20.00 22.00 OK
r-patched-linux-x86_64 1.1 0.72 10.56 11.28 OK
r-patched-solaris-sparc 1.1 121.10 OK
r-patched-solaris-x86 1.1 32.90 OK
r-release-linux-ix86 1.1 0.99 15.45 16.44 OK
r-release-linux-x86_64 1.1 0.77 10.30 11.07 OK
r-release-osx-x86_64-mavericks 1.1 OK
r-release-osx-x86_64-snowleopard 1.1 OK
r-release-windows-ix86+x86_64 1.1 4.00 19.00 23.00 OK
r-oldrel-windows-ix86+x86_64 1.1 1.00 1.00 2.00 ERROR

Check Details

Version: 1.1
Check: package dependencies
Result: ERROR
    Package required and available but unsuitable version: 'tm'
    
    See the information on DESCRIPTION files in the chapter 'Creating R
    packages' of the 'Writing R Extensions' manual.
Flavor: r-oldrel-windows-ix86+x86_64