CRAN Package Check Results for Package tm.plugin.alceste

Last updated on 2014-12-21 03:48:29.

Flavor Version Tinstall Tcheck Ttotal Status Flags
r-devel-linux-x86_64-debian-clang 1.1 0.75 10.38 11.13 OK
r-devel-linux-x86_64-debian-gcc 1.1 0.69 10.30 10.99 OK
r-devel-linux-x86_64-fedora-clang 1.1 22.33 OK
r-devel-linux-x86_64-fedora-gcc 1.1 20.31 OK
r-devel-osx-x86_64-clang 1.1 24.16 OK
r-devel-windows-ix86+x86_64 1.1 3.00 25.00 28.00 OK
r-patched-linux-x86_64 1.1 0.71 10.33 11.04 OK
r-patched-solaris-sparc 1.1 121.10 OK
r-patched-solaris-x86 1.1 33.20 OK
r-release-linux-ix86 1.1 1.00 15.34 16.34 OK
r-release-linux-x86_64 1.1 0.70 10.48 11.18 OK
r-release-osx-x86_64-mavericks 1.1 OK
r-release-osx-x86_64-snowleopard 1.1 OK
r-release-windows-ix86+x86_64 1.1 3.00 21.00 24.00 OK
r-oldrel-windows-ix86+x86_64 1.1 2.00 3.00 5.00 ERROR

Check Details

Version: 1.1
Check: package dependencies
Result: ERROR
    Package required and available but unsuitable version: 'tm'
    
    See the information on DESCRIPTION files in the chapter 'Creating R
    packages' of the 'Writing R Extensions' manual.
Flavor: r-oldrel-windows-ix86+x86_64