CRAN Package Check Results for Package tm.plugin.dc

Last updated on 2016-07-27 15:48:03.

Flavor Version Tinstall Tcheck Ttotal Status Flags
r-devel-linux-x86_64-debian-clang 0.2-8 0.74 13.58 14.32 OK
r-devel-linux-x86_64-debian-gcc 0.2-8 1.02 13.87 14.89 ERROR
r-devel-linux-x86_64-fedora-clang 0.2-8 20.93 OK
r-devel-linux-x86_64-fedora-gcc 0.2-8 19.28 OK
r-devel-osx-x86_64-clang 0.2-8 19.04 OK
r-devel-windows-ix86+x86_64 0.2-8 3.00 30.00 33.00 OK
r-patched-linux-x86_64 0.2-8 0.84 14.31 15.15 OK
r-patched-solaris-sparc 0.2-8 137.10 OK
r-patched-solaris-x86 0.2-8 30.30 OK
r-release-linux-x86_64 0.2-8 0.89 14.03 14.92 OK
r-release-osx-x86_64-mavericks 0.2-8 ERROR
r-release-windows-ix86+x86_64 0.2-8 5.00 38.00 43.00 OK
r-oldrel-windows-ix86+x86_64 0.2-8 3.00 52.00 55.00 OK

Check Details

Version: 0.2-8
Check: examples
Result: ERROR
    Running examples in ‘tm.plugin.dc-Ex.R’ failed
    The error most likely occurred in:
    
    > ### Name: tm_map.DCorpus
    > ### Title: Transformations on Distributed Corpora
    > ### Aliases: tm_map.DCorpus
    >
    > ### ** Examples
    >
    > data("crude")
    > tm_map(as.DCorpus(crude), content_transformer(tolower))
    Warning in file(con, "w") :
     cannot open file '/tmp/RtmpbZ6Axd/DSL-20160726-203133-gjoxfxyrqb/chunk-1675770a2f': No such file or directory
    Error in file(con, "w") : cannot open the connection
    Calls: tm_map ... DS_write_lines -> <Anonymous> -> <Anonymous> -> file
    Execution halted
Flavor: r-devel-linux-x86_64-debian-gcc

Version: 0.2-8
Check: examples
Result: ERROR
    Running examples in ‘tm.plugin.dc-Ex.R’ failed
    The error most likely occurred in:
    
    > ### Name: tm_map.DCorpus
    > ### Title: Transformations on Distributed Corpora
    > ### Aliases: tm_map.DCorpus
    >
    > ### ** Examples
    >
    > data("crude")
    > tm_map(as.DCorpus(crude), content_transformer(tolower))
    Warning in file(con, "w") :
     cannot open file '/var/folders/8q/c881c7rn7_x34vj58f4ywhvm0000h3/T//Rtmpb0djBE/DSL-20160505-034420-gjoxfxyrqb/chunk-15dc814df4a7b': No such file or directory
    Error in file(con, "w") : cannot open the connection
    Calls: tm_map ... DS_write_lines -> <Anonymous> -> <Anonymous> -> file
    Execution halted
Flavor: r-release-osx-x86_64-mavericks