CRAN Package Check Results for Package tm.plugin.dc

Last updated on 2016-05-30 13:47:50.

Flavor Version Tinstall Tcheck Ttotal Status Flags
r-devel-linux-x86_64-debian-gcc 0.2-8 0.72 11.75 12.47 OK
r-devel-linux-x86_64-fedora-clang 0.2-8 21.50 ERROR
r-devel-linux-x86_64-fedora-gcc 0.2-8 12.03 OK
r-devel-osx-x86_64-clang 0.2-8 26.00 OK
r-devel-windows-ix86+x86_64 0.2-8 3.00 30.00 33.00 ERROR
r-patched-linux-x86_64 0.2-8 0.72 11.76 12.48 OK
r-patched-solaris-sparc 0.2-8 136.90 OK
r-patched-solaris-x86 0.2-8 31.80 OK
r-release-linux-x86_64 0.2-8 0.76 11.67 12.44 OK
r-release-osx-x86_64-mavericks 0.2-8 ERROR
r-release-windows-ix86+x86_64 0.2-8 5.00 27.00 32.00 ERROR
r-oldrel-windows-ix86+x86_64 0.2-8 3.00 29.00 32.00 OK

Check Details

Version: 0.2-8
Check: examples
Result: ERROR
    Running examples in ‘tm.plugin.dc-Ex.R’ failed
    The error most likely occurred in:
    
    > ### Name: tm_map.DCorpus
    > ### Title: Transformations on Distributed Corpora
    > ### Aliases: tm_map.DCorpus
    >
    > ### ** Examples
    >
    > data("crude")
    > tm_map(as.DCorpus(crude), content_transformer(tolower))
    Warning in file(con, "w") :
     cannot open file '/tmp/RtmpXah1CH/DSL-20160522-184735-gjoxfxyrqb/chunk-36faa9d319': No such file or directory
    Error in file(con, "w") : cannot open the connection
    Calls: tm_map ... DS_write_lines -> <Anonymous> -> <Anonymous> -> file
    Execution halted
Flavor: r-devel-linux-x86_64-fedora-clang

Version: 0.2-8
Check: examples
Result: ERROR
    Running examples in 'tm.plugin.dc-Ex.R' failed
    The error most likely occurred in:
    
    > ### Name: tm_map.DCorpus
    > ### Title: Transformations on Distributed Corpora
    > ### Aliases: tm_map.DCorpus
    >
    > ### ** Examples
    >
    > data("crude")
    > tm_map(as.DCorpus(crude), content_transformer(tolower))
    Warning in file(con, "w") :
     cannot open file 'D:\temp\RtmpkBBOsF/DSL-20160529-063048-gjoxfxyrqb\chunk-5b004d4629f': No such file or directory
    Error in file(con, "w") : cannot open the connection
    Calls: tm_map ... DS_write_lines -> <Anonymous> -> <Anonymous> -> file
    Execution halted
Flavor: r-devel-windows-ix86+x86_64

Version: 0.2-8
Check: examples
Result: ERROR
    Running examples in ‘tm.plugin.dc-Ex.R’ failed
    The error most likely occurred in:
    
    > ### Name: tm_map.DCorpus
    > ### Title: Transformations on Distributed Corpora
    > ### Aliases: tm_map.DCorpus
    >
    > ### ** Examples
    >
    > data("crude")
    > tm_map(as.DCorpus(crude), content_transformer(tolower))
    Warning in file(con, "w") :
     cannot open file '/var/folders/8q/c881c7rn7_x34vj58f4ywhvm0000h3/T//Rtmpb0djBE/DSL-20160505-034420-gjoxfxyrqb/chunk-15dc814df4a7b': No such file or directory
    Error in file(con, "w") : cannot open the connection
    Calls: tm_map ... DS_write_lines -> <Anonymous> -> <Anonymous> -> file
    Execution halted
Flavor: r-release-osx-x86_64-mavericks

Version: 0.2-8
Check: examples
Result: ERROR
    Running examples in 'tm.plugin.dc-Ex.R' failed
    The error most likely occurred in:
    
    > ### Name: tm_map.DCorpus
    > ### Title: Transformations on Distributed Corpora
    > ### Aliases: tm_map.DCorpus
    >
    > ### ** Examples
    >
    > data("crude")
    > tm_map(as.DCorpus(crude), content_transformer(tolower))
    Warning in file(con, "w") :
     cannot open file 'D:\temp\Rtmp0yWWfL/DSL-20160504-191947-gjoxfxyrqb\chunk-3cb47d342237': No such file or directory
    Error in file(con, "w") : cannot open the connection
    Calls: tm_map ... DS_write_lines -> <Anonymous> -> <Anonymous> -> file
    Execution halted
Flavor: r-release-windows-ix86+x86_64