CRAN Package Check Results for Package tm.plugin.dc

Last updated on 2016-04-29 09:47:21.

Flavor Version Tinstall Tcheck Ttotal Status Flags
r-devel-linux-x86_64-debian-gcc 0.2-8 0.69 11.76 12.45 OK
r-devel-linux-x86_64-fedora-clang 0.2-8 21.15 OK
r-devel-linux-x86_64-fedora-gcc 0.2-8 19.64 OK
r-devel-osx-x86_64-clang 0.2-8 25.73 ERROR
r-devel-windows-ix86+x86_64 0.2-8 3.00 30.00 33.00 OK
r-patched-linux-x86_64 0.2-8 0.73 11.49 12.23 OK
r-patched-solaris-sparc 0.2-8 136.40 OK
r-patched-solaris-x86 0.2-8 31.70 OK
r-release-linux-x86_64 0.2-8 0.76 12.41 13.17 OK
r-release-osx-x86_64-mavericks 0.2-8 OK
r-release-windows-ix86+x86_64 0.2-8 3.00 29.00 32.00 OK
r-oldrel-windows-ix86+x86_64 0.2-8 6.00 46.00 52.00 OK

Check Details

Version: 0.2-8
Check: examples
Result: ERROR
    Running examples in ‘tm.plugin.dc-Ex.R’ failed
    The error most likely occurred in:
    
    > ### Name: tm_map.DCorpus
    > ### Title: Transformations on Distributed Corpora
    > ### Aliases: tm_map.DCorpus
    >
    > ### ** Examples
    >
    > data("crude")
    > tm_map(as.DCorpus(crude), content_transformer(tolower))
    Warning in file(con, "w") :
     cannot open file '/var/folders/gv/f60jb6tn7fxb9sz1yfr7d_vm0000gp/T//RtmpdXYp8f/DSL-20160424-213926-gjoxfxyrqb/chunk-3c1e5b71b2e': No such file or directory
    Error in file(con, "w") : cannot open the connection
    Calls: tm_map ... DS_write_lines -> <Anonymous> -> <Anonymous> -> file
    Execution halted
Flavor: r-devel-osx-x86_64-clang