CRAN Package Check Results for Package tm.plugin.dc

Last updated on 2014-04-16 09:48:09.

Flavor Version Tinstall Tcheck Ttotal Status Flags
r-devel-linux-x86_64-debian-clang 0.2-6 0.73 13.04 13.77 OK
r-devel-linux-x86_64-debian-gcc 0.2-6 0.74 12.94 13.68 OK
r-devel-linux-x86_64-fedora-clang 0.2-6 26.24 OK
r-devel-linux-x86_64-fedora-gcc 0.2-6 25.09 OK
r-devel-macosx-x86_64-clang 0.2-6 29.43 OK
r-devel-macosx-x86_64-gcc 0.2-6 ERROR
r-devel-windows-ix86+x86_64 0.2-6 3.00 23.00 26.00 OK
r-patched-linux-x86_64 0.2-6 0.72 12.73 13.45 OK
r-patched-solaris-sparc 0.2-6 149.80 OK
r-patched-solaris-x86 0.2-6 37.10 OK
r-release-linux-ix86 0.2-6 3.00 28.00 31.00 OK
r-release-linux-x86_64 0.2-6 0.72 12.78 13.50 OK
r-release-macosx-x86_64 0.2-6 OK
r-release-windows-ix86+x86_64 0.2-6 3.00 22.00 25.00 OK
r-oldrel-windows-ix86+x86_64 0.2-6 3.00 23.00 26.00 OK

Check Details

Version: 0.2-6
Check: package dependencies
Result: ERROR
    Package required but not available: ‘tm’
    
    Package suggested but not available for checking: ‘XML’
    
    See the information on DESCRIPTION files in the chapter ‘Creating R
    packages’ of the ‘Writing R Extensions’ manual.
Flavor: r-devel-macosx-x86_64-gcc