CRAN Package Check Results for Package tm.plugin.dc

Last updated on 2015-04-26 19:47:36.

Flavor Version Tinstall Tcheck Ttotal Status Flags
r-devel-linux-x86_64-debian-clang 0.2-7 0.64 11.06 11.69 OK
r-devel-linux-x86_64-debian-gcc 0.2-7 0.64 11.03 11.68 OK
r-devel-linux-x86_64-fedora-clang 0.2-7 22.74 OK
r-devel-linux-x86_64-fedora-gcc 0.2-7 20.68 OK
r-devel-osx-x86_64-clang 0.2-7 25.65 OK
r-devel-windows-ix86+x86_64 0.2-7 3.00 20.00 23.00 OK
r-patched-linux-x86_64 0.2-7 0.64 11.10 11.74 OK
r-patched-solaris-sparc 0.2-7 140.90 OK
r-patched-solaris-x86 0.2-7 31.80 OK
r-release-linux-x86_64 0.2-7 0.66 11.01 11.67 OK
r-release-osx-x86_64-mavericks 0.2-7 OK
r-release-osx-x86_64-snowleopard 0.2-7 ERROR
r-release-windows-ix86+x86_64 0.2-7 3.00 19.00 22.00 OK
r-oldrel-windows-ix86+x86_64 0.2-7 4.00 26.00 30.00 OK

Check Details

Version: 0.2-7
Check: package dependencies
Result: ERROR
    Package required but not available: ‘tm’
    
    Package suggested but not available for checking: ‘XML’
    
    See section ‘The DESCRIPTION file’ in the ‘Writing R Extensions’
    manual.
Flavor: r-release-osx-x86_64-snowleopard