CRAN Package Check Results for Package tm.plugin.dc

Last updated on 2016-10-01 18:47:44.

Flavor Version Tinstall Tcheck Ttotal Status Flags
r-devel-linux-x86_64-debian-clang 0.2-8 0.75 13.27 14.02 OK
r-devel-linux-x86_64-debian-gcc 0.2-8 0.66 13.11 13.78 OK
r-devel-linux-x86_64-fedora-clang 0.2-8 23.45 OK
r-devel-linux-x86_64-fedora-gcc 0.2-8 20.02 OK
r-devel-macos-x86_64-clang 0.2-8 18.89 OK
r-devel-windows-ix86+x86_64 0.2-8 4.00 68.00 72.00 OK
r-patched-linux-x86_64 0.2-8 0.64 11.83 12.47 OK
r-patched-solaris-sparc 0.2-8 137.10 OK
r-patched-solaris-x86 0.2-8 30.80 OK
r-release-linux-x86_64 0.2-8 0.65 12.03 12.68 OK
r-release-osx-x86_64-mavericks 0.2-8 ERROR
r-release-windows-ix86+x86_64 0.2-8 3.00 29.00 32.00 OK
r-oldrel-windows-ix86+x86_64 0.2-8 3.00 28.00 31.00 OK

Check Details

Version: 0.2-8
Check: examples
Result: ERROR
    Running examples in ‘tm.plugin.dc-Ex.R’ failed
    The error most likely occurred in:
    
    > ### Name: tm_map.DCorpus
    > ### Title: Transformations on Distributed Corpora
    > ### Aliases: tm_map.DCorpus
    >
    > ### ** Examples
    >
    > data("crude")
    > tm_map(as.DCorpus(crude), content_transformer(tolower))
    Warning in file(con, "w") :
     cannot open file '/var/folders/8q/c881c7rn7_x34vj58f4ywhvm0000h3/T//Rtmpb0djBE/DSL-20160505-034420-gjoxfxyrqb/chunk-15dc814df4a7b': No such file or directory
    Error in file(con, "w") : cannot open the connection
    Calls: tm_map ... DS_write_lines -> <Anonymous> -> <Anonymous> -> file
    Execution halted
Flavor: r-release-osx-x86_64-mavericks