CRAN Package Check Results for Package tm.plugin.dc

Last updated on 2015-01-29 03:48:47.

Flavor Version Tinstall Tcheck Ttotal Status Flags
r-devel-linux-x86_64-debian-clang 0.2-7 0.66 11.16 11.82 OK
r-devel-linux-x86_64-debian-gcc 0.2-7 0.65 10.84 11.49 OK
r-devel-linux-x86_64-fedora-clang 0.2-7 30.05 OK
r-devel-linux-x86_64-fedora-gcc 0.2-7 24.26 OK
r-devel-osx-x86_64-clang 0.2-7 30.67 OK
r-devel-windows-ix86+x86_64 0.2-7 4.00 18.00 22.00 OK
r-patched-linux-x86_64 0.2-7 0.84 13.56 14.40 OK
r-patched-solaris-sparc 0.2-7 157.20 OK
r-patched-solaris-x86 0.2-7 39.10 OK
r-release-linux-ix86 0.2-7 1.07 19.04 20.10 OK
r-release-linux-x86_64 0.2-7 0.77 12.97 13.74 OK
r-release-osx-x86_64-mavericks 0.2-7 OK
r-release-osx-x86_64-snowleopard 0.2-7 OK
r-release-windows-ix86+x86_64 0.2-7 4.00 24.00 28.00 OK
r-oldrel-windows-ix86+x86_64 0.2-7 2.00 1.00 3.00 ERROR

Check Details

Version: 0.2-7
Check: package dependencies
Result: ERROR
    Package required and available but unsuitable version: 'tm'
    
    See the information on DESCRIPTION files in the chapter 'Creating R
    packages' of the 'Writing R Extensions' manual.
Flavor: r-oldrel-windows-ix86+x86_64