CRAN Package Check Results for Package tm.plugin.dc

Last updated on 2014-10-23 10:48:18.

Flavor Version Tinstall Tcheck Ttotal Status Flags
r-devel-linux-x86_64-debian-clang 0.2-7 0.77 13.76 14.53 OK
r-devel-linux-x86_64-debian-gcc 0.2-7 0.98 12.18 13.16 ERROR
r-devel-linux-x86_64-fedora-clang 0.2-7 28.60 OK
r-devel-linux-x86_64-fedora-gcc 0.2-7 26.44 OK
r-devel-osx-x86_64-clang 0.2-7 30.53 OK
r-devel-windows-ix86+x86_64 0.2-7 3.00 25.00 28.00 OK
r-patched-linux-x86_64 0.2-7 0.82 13.36 14.18 OK
r-patched-solaris-sparc 0.2-7 158.30 OK
r-patched-solaris-x86 0.2-7 39.90 OK
r-release-linux-ix86 0.2-7 1.17 19.66 20.82 OK
r-release-linux-x86_64 0.2-7 0.77 13.94 14.72 OK
r-release-osx-x86_64-mavericks 0.2-7 OK
r-release-osx-x86_64-snowleopard 0.2-7 OK
r-release-windows-ix86+x86_64 0.2-7 4.00 27.00 31.00 OK
r-oldrel-windows-ix86+x86_64 0.2-7 1.00 1.00 2.00 ERROR

Check Details

Version: 0.2-7
Check: examples
Result: ERROR
    Running examples in ‘tm.plugin.dc-Ex.R’ failed
    The error most likely occurred in:
    
    > ### Name: tm_map.DCorpus
    > ### Title: Transformations on Distributed Corpora
    > ### Aliases: tm_map.DCorpus
    >
    > ### ** Examples
    >
    > data("crude")
    > tm_map(as.DCorpus(crude), content_transformer(tolower))
    Warning in file(con, "w") :
     cannot open file '/tmp/RtmpxJnkmL/DSL-20141023-025128-gjoxfxyrqb/chunk-28c28168827': No such file or directory
    Error in file(con, "w") : cannot open the connection
    Calls: tm_map ... DS_write_lines -> <Anonymous> -> <Anonymous> -> file
    Execution halted
Flavor: r-devel-linux-x86_64-debian-gcc

Version: 0.2-7
Check: package dependencies
Result: ERROR
    Package required and available but unsuitable version: 'tm'
    
    See the information on DESCRIPTION files in the chapter 'Creating R
    packages' of the 'Writing R Extensions' manual.
Flavor: r-oldrel-windows-ix86+x86_64