CRAN Package Check Results for Package tm.plugin.dc

Last updated on 2018-01-21 03:49:14 CET.

Flavor Version Tinstall Tcheck Ttotal Status Flags
r-devel-linux-x86_64-debian-clang 0.2-8 1.25 26.43 27.68 OK
r-devel-linux-x86_64-debian-gcc 0.2-8 1.04 20.87 21.91 OK
r-devel-linux-x86_64-fedora-clang 0.2-8 31.93 OK
r-devel-linux-x86_64-fedora-gcc 0.2-8 30.90 OK
r-devel-windows-ix86+x86_64 0.2-8 6.00 58.00 64.00 OK
r-patched-linux-x86_64 0.2-8 1.45 25.05 26.50 OK
r-patched-solaris-x86 0.2-8 49.50 OK
r-release-linux-x86_64 0.2-8 1.20 24.87 26.07 OK
r-release-windows-ix86+x86_64 0.2-8 5.00 50.00 55.00 OK
r-release-osx-x86_64 0.2-8 OK
r-oldrel-windows-ix86+x86_64 0.2-8 5.00 58.00 63.00 OK
r-oldrel-osx-x86_64 0.2-8 ERROR

Check Details

Version: 0.2-8
Check: examples
Result: ERROR
    Running examples in ‘tm.plugin.dc-Ex.R’ failed
    The error most likely occurred in:
    
    > ### Name: tm_map.DCorpus
    > ### Title: Transformations on Distributed Corpora
    > ### Aliases: tm_map.DCorpus
    >
    > ### ** Examples
    >
    > data("crude")
    > tm_map(as.DCorpus(crude), content_transformer(tolower))
    Warning in file(con, "w") :
     cannot open file '/var/folders/8q/c881c7rn7_x34vj58f4ywhvm0000h3/T//Rtmpb0djBE/DSL-20160505-034420-gjoxfxyrqb/chunk-15dc814df4a7b': No such file or directory
    Error in file(con, "w") : cannot open the connection
    Calls: tm_map ... DS_write_lines -> <Anonymous> -> <Anonymous> -> file
    Execution halted
Flavor: r-oldrel-osx-x86_64