CRAN Package Check Results for Package tm.plugin.dc

Last updated on 2015-02-28 02:49:01.

Flavor Version Tinstall Tcheck Ttotal Status Flags
r-devel-linux-x86_64-debian-clang 0.2-7 0.85 11.07 11.92 OK
r-devel-linux-x86_64-debian-gcc 0.2-7 0.62 10.77 11.38 OK
r-devel-linux-x86_64-fedora-clang 0.2-7 23.40 OK
r-devel-linux-x86_64-fedora-gcc 0.2-7 21.39 OK
r-devel-osx-x86_64-clang 0.2-7 26.08 OK
r-devel-windows-ix86+x86_64 0.2-7 2.00 21.00 23.00 OK
r-patched-linux-x86_64 0.2-7 1.07 13.92 14.99 OK
r-patched-solaris-sparc 0.2-7 157.20 OK
r-release-linux-ix86 0.2-7 1.10 19.48 20.59 OK
r-release-linux-x86_64 0.2-7 1.10 13.90 15.00 OK
r-release-osx-x86_64-mavericks 0.2-7 OK
r-release-osx-x86_64-snowleopard 0.2-7 OK
r-release-windows-ix86+x86_64 0.2-7 4.00 24.00 28.00 OK
r-oldrel-windows-ix86+x86_64 0.2-7 2.00 1.00 3.00 ERROR

Check Details

Version: 0.2-7
Check: package dependencies
Result: ERROR
    Package required and available but unsuitable version: 'tm'
    
    See the information on DESCRIPTION files in the chapter 'Creating R
    packages' of the 'Writing R Extensions' manual.
Flavor: r-oldrel-windows-ix86+x86_64