CRAN Package Check Results for Package tm.plugin.dc

Last updated on 2014-09-02 10:52:01.

Flavor Version Tinstall Tcheck Ttotal Status Flags
r-devel-linux-x86_64-debian-clang 0.2-7 0.78 12.44 13.21 OK
r-devel-linux-x86_64-debian-gcc 0.2-7 0.68 12.49 13.18 OK
r-devel-linux-x86_64-fedora-clang 0.2-7 27.28 OK
r-devel-linux-x86_64-fedora-gcc 0.2-7 25.40 OK
r-devel-osx-x86_64-clang 0.2-7 27.26 OK
r-devel-windows-ix86+x86_64 0.2-7 3.00 25.00 28.00 OK
r-patched-linux-x86_64 0.2-7 0.74 13.30 14.04 OK
r-patched-solaris-sparc 0.2-7 158.30 OK
r-patched-solaris-x86 0.2-7 38.90 OK
r-release-linux-ix86 0.2-7 1.10 19.92 21.02 OK
r-release-linux-x86_64 0.2-7 0.91 13.54 14.45 OK
r-release-osx-x86_64-mavericks 0.2-7 OK
r-release-osx-x86_64-snowleopard 0.2-7 OK
r-release-windows-ix86+x86_64 0.2-7 4.00 27.00 31.00 OK
r-oldrel-windows-ix86+x86_64 0.2-7 1.00 1.00 2.00 ERROR

Check Details

Version: 0.2-7
Check: package dependencies
Result: ERROR
    Package required and available but unsuitable version: 'tm'
    
    See the information on DESCRIPTION files in the chapter 'Creating R
    packages' of the 'Writing R Extensions' manual.
Flavor: r-oldrel-windows-ix86+x86_64