CRAN Package Check Results for Package tm.plugin.dc

Last updated on 2017-03-27 21:49:18.

Flavor Version Tinstall Tcheck Ttotal Status Flags
r-devel-linux-x86_64-debian-clang 0.2-8 0.93 16.51 17.43 OK
r-devel-linux-x86_64-debian-gcc 0.2-8 1.00 16.39 17.39 OK
r-devel-linux-x86_64-fedora-clang 0.2-8 30.10 OK --no-stop-on-test-error
r-devel-linux-x86_64-fedora-gcc 0.2-8 28.47 OK --no-stop-on-test-error
r-devel-macos-x86_64-clang 0.2-8 26.21 OK --no-stop-on-test-error
r-devel-windows-ix86+x86_64 0.2-8 4.00 48.00 52.00 OK
r-patched-linux-x86_64 0.2-8 1.02 16.19 17.21 OK
r-patched-solaris-sparc 0.2-8 186.10 OK
r-patched-solaris-x86 0.2-8 43.10 OK
r-release-linux-x86_64 0.2-8 0.99 14.14 15.13 OK
r-release-osx-x86_64-mavericks 0.2-8 ERROR
r-release-windows-ix86+x86_64 0.2-8 5.00 33.00 38.00 OK
r-oldrel-windows-ix86+x86_64 0.2-8 5.00 31.00 36.00 OK

Check Details

Version: 0.2-8
Check: examples
Result: ERROR
    Running examples in ‘tm.plugin.dc-Ex.R’ failed
    The error most likely occurred in:
    
    > ### Name: tm_map.DCorpus
    > ### Title: Transformations on Distributed Corpora
    > ### Aliases: tm_map.DCorpus
    >
    > ### ** Examples
    >
    > data("crude")
    > tm_map(as.DCorpus(crude), content_transformer(tolower))
    Warning in file(con, "w") :
     cannot open file '/var/folders/8q/c881c7rn7_x34vj58f4ywhvm0000h3/T//Rtmpb0djBE/DSL-20160505-034420-gjoxfxyrqb/chunk-15dc814df4a7b': No such file or directory
    Error in file(con, "w") : cannot open the connection
    Calls: tm_map ... DS_write_lines -> <Anonymous> -> <Anonymous> -> file
    Execution halted
Flavor: r-release-osx-x86_64-mavericks