CRAN Package Check Results for Package tm.plugin.dc

Last updated on 2016-12-08 03:54:43.

Flavor Version Tinstall Tcheck Ttotal Status Flags
r-devel-linux-x86_64-debian-clang 0.2-8 0.69 14.05 14.74 OK
r-devel-linux-x86_64-debian-gcc 0.2-8 0.74 14.16 14.90 OK
r-devel-linux-x86_64-fedora-clang 0.2-8 27.28 OK --no-stop-on-test-error
r-devel-linux-x86_64-fedora-gcc 0.2-8 25.49 OK --no-stop-on-test-error
r-devel-macos-x86_64-clang 0.2-8 23.31 OK
r-devel-windows-ix86+x86_64 0.2-8 4.00 34.00 38.00 OK
r-patched-linux-x86_64 0.2-8 0.60 11.56 12.16 OK
r-patched-solaris-sparc 0.2-8 137.10 OK
r-patched-solaris-x86 0.2-8 30.50 OK
r-release-linux-x86_64 0.2-8 0.65 11.75 12.41 OK
r-release-osx-x86_64-mavericks 0.2-8 ERROR
r-release-windows-ix86+x86_64 0.2-8 4.00 39.00 43.00 OK
r-oldrel-windows-ix86+x86_64 0.2-8 4.00 36.00 40.00 OK

Check Details

Version: 0.2-8
Check: examples
Result: ERROR
    Running examples in ‘tm.plugin.dc-Ex.R’ failed
    The error most likely occurred in:
    
    > ### Name: tm_map.DCorpus
    > ### Title: Transformations on Distributed Corpora
    > ### Aliases: tm_map.DCorpus
    >
    > ### ** Examples
    >
    > data("crude")
    > tm_map(as.DCorpus(crude), content_transformer(tolower))
    Warning in file(con, "w") :
     cannot open file '/var/folders/8q/c881c7rn7_x34vj58f4ywhvm0000h3/T//Rtmpb0djBE/DSL-20160505-034420-gjoxfxyrqb/chunk-15dc814df4a7b': No such file or directory
    Error in file(con, "w") : cannot open the connection
    Calls: tm_map ... DS_write_lines -> <Anonymous> -> <Anonymous> -> file
    Execution halted
Flavor: r-release-osx-x86_64-mavericks