CRAN Package Check Results for Package tm.plugin.dc

Last updated on 2015-05-27 11:49:39.

Flavor Version Tinstall Tcheck Ttotal Status Flags
r-devel-linux-x86_64-debian-clang 0.2-7 0.65 11.38 12.04 OK
r-devel-linux-x86_64-debian-gcc 0.2-7 0.62 11.09 11.72 OK
r-devel-linux-x86_64-fedora-clang 0.2-7 22.84 OK
r-devel-linux-x86_64-fedora-gcc 0.2-7 21.84 OK
r-devel-osx-x86_64-clang 0.2-7 26.23 OK
r-devel-windows-ix86+x86_64 0.2-7 3.00 21.00 24.00 OK
r-patched-linux-x86_64 0.2-7 0.62 11.46 12.08 OK
r-patched-solaris-sparc 0.2-7 140.40 OK
r-patched-solaris-x86 0.2-7 32.30 OK
r-release-linux-x86_64 0.2-7 0.64 11.30 11.95 OK
r-release-osx-x86_64-mavericks 0.2-7 OK
r-release-osx-x86_64-snowleopard 0.2-7 ERROR
r-release-windows-ix86+x86_64 0.2-7 6.00 27.00 33.00 OK
r-oldrel-windows-ix86+x86_64 0.2-7 4.00 37.00 41.00 OK

Check Details

Version: 0.2-7
Check: package dependencies
Result: ERROR
    Package required but not available: ‘tm’
    
    Package suggested but not available for checking: ‘XML’
    
    See section ‘The DESCRIPTION file’ in the ‘Writing R Extensions’
    manual.
Flavor: r-release-osx-x86_64-snowleopard