CRAN Package Check Results for Package tm.plugin.dc

Last updated on 2014-07-31 11:51:18.

Flavor Version Tinstall Tcheck Ttotal Status Flags
r-devel-linux-x86_64-debian-clang 0.2-7 0.80 13.14 13.94 OK
r-devel-linux-x86_64-debian-gcc 0.2-7 0.92 12.90 13.82 OK
r-devel-linux-x86_64-fedora-clang 0.2-7 27.90 OK
r-devel-linux-x86_64-fedora-gcc 0.2-7 25.68 OK
r-devel-osx-x86_64-clang 0.2-7 28.62 OK
r-devel-windows-ix86+x86_64 0.2-7 3.00 22.00 25.00 OK
r-patched-linux-x86_64 0.2-7 0.75 13.65 14.40 OK
r-patched-solaris-sparc 0.2-7 158.30 OK
r-patched-solaris-x86 0.2-7 39.70 OK
r-release-linux-ix86 0.2-7 1.16 19.60 20.76 OK
r-release-linux-x86_64 0.2-7 0.92 13.48 14.40 OK
r-release-osx-x86_64-mavericks 0.2-7 OK
r-release-osx-x86_64-snowleopard 0.2-7 OK
r-release-windows-ix86+x86_64 0.2-7 7.00 34.00 41.00 OK
r-oldrel-windows-ix86+x86_64 0.2-7 2.00 2.00 4.00 ERROR

Check Details

Version: 0.2-7
Check: package dependencies
Result: ERROR
    Package required and available but unsuitable version: 'tm'
    
    See the information on DESCRIPTION files in the chapter 'Creating R
    packages' of the 'Writing R Extensions' manual.
Flavor: r-oldrel-windows-ix86+x86_64