CRAN Package Check Results for Package tm.plugin.dc

Last updated on 2014-11-27 14:47:32.

Flavor Version Tinstall Tcheck Ttotal Status Flags
r-devel-linux-x86_64-debian-clang 0.2-7 0.76 13.63 14.39 OK
r-devel-linux-x86_64-debian-gcc 0.2-7 0.73 13.10 13.83 OK
r-devel-linux-x86_64-fedora-clang 0.2-7 30.04 OK
r-devel-linux-x86_64-fedora-gcc 0.2-7 27.60 OK
r-devel-osx-x86_64-clang 0.2-7 30.80 OK
r-devel-windows-ix86+x86_64 0.2-7 3.00 24.00 27.00 OK
r-patched-linux-x86_64 0.2-7 0.77 13.34 14.10 OK
r-patched-solaris-sparc 0.2-7 158.30 OK
r-patched-solaris-x86 0.2-7 40.40 OK
r-release-linux-ix86 0.2-7 1.09 18.79 19.88 OK
r-release-linux-x86_64 0.2-7 0.77 13.51 14.28 OK
r-release-osx-x86_64-mavericks 0.2-7 OK
r-release-osx-x86_64-snowleopard 0.2-7 OK
r-release-windows-ix86+x86_64 0.2-7 4.00 33.00 37.00 OK
r-oldrel-windows-ix86+x86_64 0.2-7 1.00 1.00 2.00 ERROR

Check Details

Version: 0.2-7
Check: package dependencies
Result: ERROR
    Package required and available but unsuitable version: 'tm'
    
    See the information on DESCRIPTION files in the chapter 'Creating R
    packages' of the 'Writing R Extensions' manual.
Flavor: r-oldrel-windows-ix86+x86_64