CRAN Package Check Results for Package tm.plugin.dc

Last updated on 2014-12-20 03:49:45.

Flavor Version Tinstall Tcheck Ttotal Status Flags
r-devel-linux-x86_64-debian-clang 0.2-7 0.75 13.46 14.21 OK
r-devel-linux-x86_64-debian-gcc 0.2-7 0.72 13.04 13.76 OK
r-devel-linux-x86_64-fedora-clang 0.2-7 29.78 OK
r-devel-linux-x86_64-fedora-gcc 0.2-7 26.02 OK
r-devel-osx-x86_64-clang 0.2-7 30.44 OK
r-devel-windows-ix86+x86_64 0.2-7 4.00 31.00 35.00 ERROR
r-patched-linux-x86_64 0.2-7 0.78 13.30 14.08 OK
r-patched-solaris-sparc 0.2-7 158.30 OK
r-patched-solaris-x86 0.2-7 39.00 OK
r-release-linux-ix86 0.2-7 1.10 18.56 19.66 OK
r-release-linux-x86_64 0.2-7 0.74 13.19 13.93 OK
r-release-osx-x86_64-mavericks 0.2-7 OK
r-release-osx-x86_64-snowleopard 0.2-7 OK
r-release-windows-ix86+x86_64 0.2-7 4.00 24.00 28.00 OK
r-oldrel-windows-ix86+x86_64 0.2-7 1.00 1.00 2.00 ERROR

Check Details

Version: 0.2-7
Check: examples
Result: ERROR
    Running examples in 'tm.plugin.dc-Ex.R' failed
    The error most likely occurred in:
    
    > ### Name: tm_map.DCorpus
    > ### Title: Transformations on Distributed Corpora
    > ### Aliases: tm_map.DCorpus
    >
    > ### ** Examples
    >
    > data("crude")
    > tm_map(as.DCorpus(crude), content_transformer(tolower))
    Warning in file(con, "w") :
     cannot open file 'D:\temp\RtmpoTOFcP/DSL-20141216-122613-gjoxfxyrqb\chunk-311c57e15b8e': No such file or directory
    Error in file(con, "w") : cannot open the connection
    Calls: tm_map ... DS_write_lines -> <Anonymous> -> <Anonymous> -> file
    Execution halted
Flavor: r-devel-windows-ix86+x86_64

Version: 0.2-7
Check: package dependencies
Result: ERROR
    Package required and available but unsuitable version: 'tm'
    
    See the information on DESCRIPTION files in the chapter 'Creating R
    packages' of the 'Writing R Extensions' manual.
Flavor: r-oldrel-windows-ix86+x86_64