CRAN Package Check Results for Package tm.plugin.dc

Last updated on 2015-03-26 19:47:55.

Flavor Version Tinstall Tcheck Ttotal Status Flags
r-devel-linux-x86_64-debian-clang 0.2-7 0.78 10.98 11.76 OK
r-devel-linux-x86_64-debian-gcc 0.2-7 0.62 10.71 11.33 OK
r-devel-linux-x86_64-fedora-clang 0.2-7 22.92 OK
r-devel-linux-x86_64-fedora-gcc 0.2-7 21.92 OK
r-devel-osx-x86_64-clang 0.2-7 28.44 OK
r-prerel-windows-ix86+x86_64 0.2-7 2.00 21.00 23.00 OK
r-prerel-linux-x86_64 0.2-7 0.63 10.90 11.54 OK
r-prerel-solaris-sparc 0.2-7 140.90 OK
r-prerel-solaris-x86 0.2-7 31.10 OK
r-release-linux-x86_64 0.2-7 0.88 13.56 14.44 OK
r-release-osx-x86_64-mavericks 0.2-7 OK
r-release-osx-x86_64-snowleopard 0.2-7 OK
r-release-windows-ix86+x86_64 0.2-7 4.00 26.00 30.00 OK
r-oldrel-windows-ix86+x86_64 0.2-7 1.00 1.00 2.00 ERROR

Check Details

Version: 0.2-7
Check: package dependencies
Result: ERROR
    Package required and available but unsuitable version: 'tm'
    
    See the information on DESCRIPTION files in the chapter 'Creating R
    packages' of the 'Writing R Extensions' manual.
Flavor: r-oldrel-windows-ix86+x86_64