CRAN Package Check Results for Package tm.plugin.dc

Last updated on 2017-06-23 14:47:37.

Flavor Version Tinstall Tcheck Ttotal Status Flags
r-devel-linux-x86_64-debian-clang 0.2-8 1.09 16.86 17.95 OK
r-devel-linux-x86_64-debian-gcc 0.2-8 0.98 16.64 17.63 OK
r-devel-linux-x86_64-fedora-clang 0.2-8 33.87 OK
r-devel-linux-x86_64-fedora-gcc 0.2-8 29.68 OK
r-devel-windows-ix86+x86_64 0.2-8 6.00 38.00 44.00 OK
r-patched-linux-x86_64 0.2-8 0.96 16.25 17.22 OK
r-patched-solaris-sparc 0.2-8 186.10 OK
r-patched-solaris-x86 0.2-8 43.60 OK
r-release-linux-x86_64 0.2-8 1.10 17.01 18.10 OK
r-release-windows-ix86+x86_64 0.2-8 3.00 39.00 42.00 OK
r-release-osx-x86_64 0.2-8 OK
r-oldrel-windows-ix86+x86_64 0.2-8 5.00 43.00 48.00 OK
r-oldrel-osx-x86_64 0.2-8 ERROR

Check Details

Version: 0.2-8
Check: examples
Result: ERROR
    Running examples in ‘tm.plugin.dc-Ex.R’ failed
    The error most likely occurred in:
    
    > ### Name: tm_map.DCorpus
    > ### Title: Transformations on Distributed Corpora
    > ### Aliases: tm_map.DCorpus
    >
    > ### ** Examples
    >
    > data("crude")
    > tm_map(as.DCorpus(crude), content_transformer(tolower))
    Warning in file(con, "w") :
     cannot open file '/var/folders/8q/c881c7rn7_x34vj58f4ywhvm0000h3/T//Rtmpb0djBE/DSL-20160505-034420-gjoxfxyrqb/chunk-15dc814df4a7b': No such file or directory
    Error in file(con, "w") : cannot open the connection
    Calls: tm_map ... DS_write_lines -> <Anonymous> -> <Anonymous> -> file
    Execution halted
Flavor: r-oldrel-osx-x86_64