CRAN Package Check Results for Package tm.plugin.dc

Last updated on 2017-10-23 14:49:06.

Flavor Version Tinstall Tcheck Ttotal Status Flags
r-devel-linux-x86_64-debian-clang 0.2-8 0.93 16.54 17.47 OK
r-devel-linux-x86_64-debian-gcc 0.2-8 1.02 17.84 18.87 OK
r-devel-linux-x86_64-fedora-clang 0.2-8 30.30 OK
r-devel-linux-x86_64-fedora-gcc 0.2-8 30.41 OK
r-devel-windows-ix86+x86_64 0.2-8 5.00 38.00 43.00 OK
r-patched-linux-x86_64 0.2-8 0.94 16.61 17.56 OK
r-patched-solaris-x86 0.2-8 45.00 OK
r-release-linux-x86_64 0.2-8 0.98 16.99 17.96 OK
r-release-windows-ix86+x86_64 0.2-8 6.00 49.00 55.00 OK
r-release-osx-x86_64 0.2-8 OK
r-oldrel-windows-ix86+x86_64 0.2-8 4.00 35.00 39.00 OK
r-oldrel-osx-x86_64 0.2-8 ERROR

Check Details

Version: 0.2-8
Check: examples
Result: ERROR
    Running examples in ‘tm.plugin.dc-Ex.R’ failed
    The error most likely occurred in:
    
    > ### Name: tm_map.DCorpus
    > ### Title: Transformations on Distributed Corpora
    > ### Aliases: tm_map.DCorpus
    >
    > ### ** Examples
    >
    > data("crude")
    > tm_map(as.DCorpus(crude), content_transformer(tolower))
    Warning in file(con, "w") :
     cannot open file '/var/folders/8q/c881c7rn7_x34vj58f4ywhvm0000h3/T//Rtmpb0djBE/DSL-20160505-034420-gjoxfxyrqb/chunk-15dc814df4a7b': No such file or directory
    Error in file(con, "w") : cannot open the connection
    Calls: tm_map ... DS_write_lines -> <Anonymous> -> <Anonymous> -> file
    Execution halted
Flavor: r-oldrel-osx-x86_64