CRAN Package Check Results for Package tm.plugin.europresse

Last updated on 2014-12-18 11:50:19.

Flavor Version Tinstall Tcheck Ttotal Status Flags
r-devel-linux-x86_64-debian-clang 1.1 1.16 16.59 17.76 OK
r-devel-linux-x86_64-debian-gcc 1.1 1.14 15.99 17.14 OK
r-devel-linux-x86_64-fedora-clang 1.1 37.80 OK
r-devel-linux-x86_64-fedora-gcc 1.1 33.58 OK
r-devel-osx-x86_64-clang 1.1 37.04 OK
r-devel-windows-ix86+x86_64 1.1 4.00 35.00 39.00 OK
r-patched-linux-x86_64 1.1 1.26 16.38 17.64 OK
r-patched-solaris-sparc 1.1 197.40 OK
r-patched-solaris-x86 1.1 51.30 OK
r-release-linux-ix86 1.1 1.46 21.50 22.96 OK
r-release-linux-x86_64 1.1 1.20 16.33 17.54 OK
r-release-osx-x86_64-mavericks 1.1 OK
r-release-osx-x86_64-snowleopard 1.1 OK
r-release-windows-ix86+x86_64 1.1 4.00 29.00 33.00 OK
r-oldrel-windows-ix86+x86_64 1.1 1.00 1.00 2.00 ERROR

Check Details

Version: 1.1
Check: package dependencies
Result: ERROR
    Package required and available but unsuitable version: 'tm'
    
    See the information on DESCRIPTION files in the chapter 'Creating R
    packages' of the 'Writing R Extensions' manual.
Flavor: r-oldrel-windows-ix86+x86_64