CRAN Package Check Results for Package tm.plugin.europresse

Last updated on 2014-10-21 10:49:44.

Flavor Version Tinstall Tcheck Ttotal Status Flags
r-devel-linux-x86_64-debian-clang 1.1 1.18 16.39 17.56 OK
r-devel-linux-x86_64-debian-gcc 1.1 1.17 16.14 17.32 OK
r-devel-linux-x86_64-fedora-clang 1.1 35.82 OK
r-devel-linux-x86_64-fedora-gcc 1.1 32.79 OK
r-devel-osx-x86_64-clang 1.1 37.21 OK
r-devel-windows-ix86+x86_64 1.1 4.00 29.00 33.00 OK
r-patched-linux-x86_64 1.1 1.18 16.72 17.91 OK
r-patched-solaris-sparc 1.1 197.40 OK
r-patched-solaris-x86 1.1 50.20 OK
r-release-linux-ix86 1.1 1.56 21.89 23.45 OK
r-release-linux-x86_64 1.1 1.33 16.33 17.66 OK
r-release-osx-x86_64-mavericks 1.1 OK
r-release-osx-x86_64-snowleopard 1.1 OK
r-release-windows-ix86+x86_64 1.1 4.00 30.00 34.00 OK
r-oldrel-windows-ix86+x86_64 1.1 1.00 1.00 2.00 ERROR

Check Details

Version: 1.1
Check: package dependencies
Result: ERROR
    Package required and available but unsuitable version: 'tm'
    
    See the information on DESCRIPTION files in the chapter 'Creating R
    packages' of the 'Writing R Extensions' manual.
Flavor: r-oldrel-windows-ix86+x86_64