CRAN Package Check Results for Package tm.plugin.europresse

Last updated on 2014-11-29 08:53:33.

Flavor Version Tinstall Tcheck Ttotal Status Flags
r-devel-linux-x86_64-debian-clang 1.1 1.46 16.30 17.76 OK
r-devel-linux-x86_64-debian-gcc 1.1 1.11 15.98 17.09 OK
r-devel-linux-x86_64-fedora-clang 1.1 36.92 OK
r-devel-linux-x86_64-fedora-gcc 1.1 34.66 OK
r-devel-osx-x86_64-clang 1.1 36.53 OK
r-devel-windows-ix86+x86_64 1.1 4.00 29.00 33.00 OK
r-patched-linux-x86_64 1.1 1.18 16.44 17.61 OK
r-patched-solaris-sparc 1.1 197.40 OK
r-patched-solaris-x86 1.1 51.10 OK
r-release-linux-ix86 1.1 1.48 21.52 23.00 OK
r-release-linux-x86_64 1.1 1.19 16.29 17.48 OK
r-release-osx-x86_64-mavericks 1.1 OK
r-release-osx-x86_64-snowleopard 1.1 OK
r-release-windows-ix86+x86_64 1.1 4.00 37.00 41.00 OK
r-oldrel-windows-ix86+x86_64 1.1 1.00 1.00 2.00 ERROR

Check Details

Version: 1.1
Check: package dependencies
Result: ERROR
    Package required and available but unsuitable version: 'tm'
    
    See the information on DESCRIPTION files in the chapter 'Creating R
    packages' of the 'Writing R Extensions' manual.
Flavor: r-oldrel-windows-ix86+x86_64