CRAN Package Check Results for Package tm.plugin.europresse

Last updated on 2015-01-30 11:49:27.

Flavor Version Tinstall Tcheck Ttotal Status Flags
r-devel-linux-x86_64-debian-clang 1.1 1.01 14.11 15.12 OK
r-devel-linux-x86_64-debian-gcc 1.1 0.99 13.95 14.94 OK
r-devel-linux-x86_64-fedora-clang 1.1 33.75 OK
r-devel-linux-x86_64-fedora-gcc 1.1 33.47 OK
r-devel-osx-x86_64-clang 1.1 37.04 OK
r-devel-windows-ix86+x86_64 1.1 4.00 22.00 26.00 OK
r-patched-linux-x86_64 1.1 1.31 16.46 17.77 OK
r-patched-solaris-sparc 1.1 201.90 OK
r-patched-solaris-x86 1.1 50.60 OK
r-release-linux-ix86 1.1 1.48 21.90 23.38 OK
r-release-linux-x86_64 1.1 1.18 16.39 17.57 OK
r-release-osx-x86_64-mavericks 1.1 OK
r-release-osx-x86_64-snowleopard 1.1 OK
r-release-windows-ix86+x86_64 1.1 5.00 28.00 33.00 OK
r-oldrel-windows-ix86+x86_64 1.1 1.00 1.00 2.00 ERROR

Check Details

Version: 1.1
Check: package dependencies
Result: ERROR
    Package required and available but unsuitable version: 'tm'
    
    See the information on DESCRIPTION files in the chapter 'Creating R
    packages' of the 'Writing R Extensions' manual.
Flavor: r-oldrel-windows-ix86+x86_64