CRAN Package Check Results for Package tm.plugin.europresse

Last updated on 2014-07-26 19:50:31.

Flavor Version Tinstall Tcheck Ttotal Status Flags
r-devel-linux-x86_64-debian-clang 1.1 1.29 16.77 18.06 OK
r-devel-linux-x86_64-debian-gcc 1.1 1.19 15.54 16.74 OK
r-devel-linux-x86_64-fedora-clang 1.1 34.95 OK
r-devel-linux-x86_64-fedora-gcc 1.1 32.97 OK
r-devel-osx-x86_64-clang 1.1 32.35 OK
r-devel-windows-ix86+x86_64 1.1 4.00 28.00 32.00 OK
r-patched-linux-x86_64 1.1 1.63 15.58 17.21 OK
r-patched-solaris-sparc 1.1 197.60 OK
r-patched-solaris-x86 1.1 48.80 OK
r-release-linux-ix86 1.1 1.54 21.64 23.18 OK
r-release-linux-x86_64 1.1 1.26 16.13 17.39 OK
r-release-osx-x86_64-mavericks 1.1 OK
r-release-osx-x86_64-snowleopard 1.1 OK
r-release-windows-ix86+x86_64 1.1 4.00 39.00 43.00 OK
r-oldrel-windows-ix86+x86_64 1.1 1.00 1.00 2.00 ERROR

Check Details

Version: 1.1
Check: package dependencies
Result: ERROR
    Package required and available but unsuitable version: 'tm'
    
    See the information on DESCRIPTION files in the chapter 'Creating R
    packages' of the 'Writing R Extensions' manual.
Flavor: r-oldrel-windows-ix86+x86_64