CRAN Package Check Results for Package tm.plugin.europresse

Last updated on 2017-02-27 19:51:08.

Flavor Version Tinstall Tcheck Ttotal Status Flags
r-devel-linux-x86_64-debian-clang 1.4 0.92 15.79 16.71 OK
r-devel-linux-x86_64-debian-gcc 1.4 0.98 16.12 17.10 OK
r-devel-linux-x86_64-fedora-clang 1.4 1.58 ERROR --no-stop-on-test-error
r-devel-linux-x86_64-fedora-gcc 1.4 29.88 OK --no-stop-on-test-error
r-devel-macos-x86_64-clang 1.4 1.30 ERROR --no-stop-on-test-error
r-devel-windows-ix86+x86_64 1.4 5.00 49.00 54.00 OK
r-patched-linux-x86_64 1.4 0.94 13.84 14.78 OK
r-patched-solaris-sparc 1.4 153.00 OK
r-patched-solaris-x86 1.4 36.90 OK
r-release-linux-x86_64 1.4 1.00 13.62 14.63 OK
r-release-osx-x86_64-mavericks 1.4 OK
r-release-windows-ix86+x86_64 1.4 4.00 43.00 47.00 OK
r-oldrel-windows-ix86+x86_64 1.4 4.00 31.00 35.00 OK

Check Details

Version: 1.4
Flags: --no-stop-on-test-error
Check: package dependencies
Result: ERROR
    Package required but not available: ‘tm’
    
    See section ‘The DESCRIPTION file’ in the ‘Writing R Extensions’
    manual.
Flavors: r-devel-linux-x86_64-fedora-clang, r-devel-macos-x86_64-clang