CRAN Package Check Results for Package tm.plugin.europresse

Last updated on 2015-05-30 21:46:58.

Flavor Version Tinstall Tcheck Ttotal Status Flags
r-devel-linux-x86_64-debian-clang 1.2 0.92 13.50 14.42 OK
r-devel-linux-x86_64-debian-gcc 1.2 1.02 13.41 14.43 OK
r-devel-linux-x86_64-fedora-clang 1.2 28.62 OK
r-devel-linux-x86_64-fedora-gcc 1.2 26.72 OK
r-devel-osx-x86_64-clang 1.2 31.81 OK
r-devel-windows-ix86+x86_64 1.2 3.00 24.00 27.00 OK
r-patched-linux-x86_64 1.2 0.90 13.78 14.69 OK
r-patched-solaris-sparc 1.2 174.90 OK
r-patched-solaris-x86 1.2 40.80 OK
r-release-linux-x86_64 1.2 0.92 13.66 14.58 OK
r-release-osx-x86_64-mavericks 1.2 OK
r-release-osx-x86_64-snowleopard 1.2 ERROR
r-release-windows-ix86+x86_64 1.2 6.00 32.00 38.00 OK
r-oldrel-windows-ix86+x86_64 1.2 4.00 39.00 43.00 OK

Check Details

Version: 1.2
Check: package dependencies
Result: ERROR
    Packages required but not available: ‘tm’ ‘XML’
    
    See section ‘The DESCRIPTION file’ in the ‘Writing R Extensions’
    manual.
Flavor: r-release-osx-x86_64-snowleopard