CRAN Package Check Results for Package tm.plugin.europresse

Last updated on 2015-07-07 17:47:59.

Flavor Version Tinstall Tcheck Ttotal Status Flags
r-devel-linux-x86_64-debian-clang 1.2 0.90 13.58 14.48 NOTE
r-devel-linux-x86_64-debian-gcc 1.2 0.87 13.39 14.26 NOTE
r-devel-linux-x86_64-fedora-clang 1.2 27.45 NOTE
r-devel-linux-x86_64-fedora-gcc 1.2 26.42 NOTE
r-devel-osx-x86_64-clang 1.2 25.09 OK
r-devel-windows-ix86+x86_64 1.2 3.00 23.00 26.00 NOTE
r-patched-linux-x86_64 1.2 0.91 13.33 14.24 OK
r-patched-solaris-sparc 1.2 174.90 OK
r-patched-solaris-x86 1.2 41.00 OK
r-release-linux-x86_64 1.2 0.92 13.52 14.44 OK
r-release-osx-x86_64-mavericks 1.2 OK
r-release-windows-ix86+x86_64 1.2 5.00 23.00 28.00 OK
r-oldrel-windows-ix86+x86_64 1.2 7.00 28.00 35.00 OK

Check Details

Version: 1.2
Check: R code for possible problems
Result: NOTE
    readEuropresseHTML : <anonymous>: no visible global function definition
     for ‘head’
    Undefined global functions or variables:
     head
Flavors: r-devel-linux-x86_64-debian-clang, r-devel-linux-x86_64-debian-gcc, r-devel-linux-x86_64-fedora-clang, r-devel-linux-x86_64-fedora-gcc, r-devel-windows-ix86+x86_64