CRAN Package Check Results for Package tm.plugin.factiva

Last updated on 2015-01-27 21:48:11.

Flavor Version Tinstall Tcheck Ttotal Status Flags
r-devel-linux-x86_64-debian-clang 1.5 1.01 14.39 15.40 OK
r-devel-linux-x86_64-debian-gcc 1.5 1.29 14.00 15.29 OK
r-devel-linux-x86_64-fedora-clang 1.5 37.29 OK
r-devel-linux-x86_64-fedora-gcc 1.5 34.71 OK
r-devel-osx-x86_64-clang 1.5 35.05 OK
r-devel-windows-ix86+x86_64 1.5 5.00 22.00 27.00 OK
r-patched-linux-x86_64 1.5 1.23 16.38 17.60 OK
r-patched-solaris-sparc 1.5 199.40 OK
r-patched-solaris-x86 1.5 49.60 OK
r-release-linux-ix86 1.5 1.57 21.70 23.27 OK
r-release-linux-x86_64 1.5 1.21 16.66 17.86 OK
r-release-osx-x86_64-mavericks 1.5 OK
r-release-osx-x86_64-snowleopard 1.5 OK
r-release-windows-ix86+x86_64 1.5 5.00 28.00 33.00 OK
r-oldrel-windows-ix86+x86_64 1.5 1.00 1.00 2.00 ERROR

Check Details

Version: 1.5
Check: package dependencies
Result: ERROR
    Package required and available but unsuitable version: 'tm'
    
    See the information on DESCRIPTION files in the chapter 'Creating R
    packages' of the 'Writing R Extensions' manual.
Flavor: r-oldrel-windows-ix86+x86_64