CRAN Package Check Results for Package tm.plugin.factiva

Last updated on 2014-04-24 15:50:50.

Flavor Version Tinstall Tcheck Ttotal Status Flags
r-devel-linux-x86_64-debian-clang 1.3 1.22 16.30 17.52 OK
r-devel-linux-x86_64-debian-gcc 1.3 1.20 15.90 17.09 OK
r-devel-linux-x86_64-fedora-clang 1.3 34.36 OK
r-devel-linux-x86_64-fedora-gcc 1.3 33.18 OK
r-devel-osx-x86_64-clang 1.3 34.16 OK
r-devel-osx-x86_64-gcc 1.3 ERROR
r-devel-windows-ix86+x86_64 1.3 4.00 28.00 32.00 OK
r-patched-linux-x86_64 1.3 1.22 16.02 17.24 OK
r-patched-solaris-sparc 1.3 196.10 OK
r-patched-solaris-x86 1.3 47.70 OK
r-release-linux-ix86 1.3 2.00 31.00 33.00 OK
r-release-linux-x86_64 1.3 1.18 16.16 17.34 OK
r-release-osx-x86_64-mavericks 1.3 OK
r-release-osx-x86_64-snowleopard 1.3 OK
r-release-windows-ix86+x86_64 1.3 4.00 27.00 31.00 OK
r-oldrel-windows-ix86+x86_64 1.3 4.00 29.00 33.00 OK

Check Details

Version: 1.3
Check: package dependencies
Result: ERROR
    Packages required but not available: ‘tm’ ‘XML’
    
    See the information on DESCRIPTION files in the chapter ‘Creating R
    packages’ of the ‘Writing R Extensions’ manual.
Flavor: r-devel-osx-x86_64-gcc