CRAN Package Check Results for Package tm.plugin.factiva

Last updated on 2015-03-30 17:49:19.

Flavor Version Tinstall Tcheck Ttotal Status Flags
r-devel-linux-x86_64-debian-clang 1.5 0.94 13.77 14.71 OK
r-devel-linux-x86_64-debian-gcc 1.5 0.94 13.45 14.39 OK
r-devel-linux-x86_64-fedora-clang 1.5 29.70 OK
r-devel-linux-x86_64-fedora-gcc 1.5 27.62 OK
r-devel-osx-x86_64-clang 1.5 32.53 OK
r-prerel-windows-ix86+x86_64 1.5 4.00 23.00 27.00 OK
r-prerel-linux-x86_64 1.5 0.92 13.51 14.43 OK
r-prerel-solaris-sparc 1.5 174.80 OK
r-prerel-solaris-x86 1.5 39.80 OK
r-release-linux-x86_64 1.5 1.58 16.45 18.02 OK
r-release-osx-x86_64-mavericks 1.5 OK
r-release-osx-x86_64-snowleopard 1.5 OK
r-release-windows-ix86+x86_64 1.5 4.00 28.00 32.00 OK
r-oldrel-windows-ix86+x86_64 1.5 1.00 1.00 2.00 ERROR

Check Details

Version: 1.5
Check: package dependencies
Result: ERROR
    Package required and available but unsuitable version: 'tm'
    
    See the information on DESCRIPTION files in the chapter 'Creating R
    packages' of the 'Writing R Extensions' manual.
Flavor: r-oldrel-windows-ix86+x86_64