CRAN Package Check Results for Package tm.plugin.factiva

Last updated on 2015-05-06 03:47:32.

Flavor Version Tinstall Tcheck Ttotal Status Flags
r-devel-linux-x86_64-debian-clang 1.5 0.93 13.84 14.76 OK
r-devel-linux-x86_64-debian-gcc 1.5 0.91 13.46 14.37 OK
r-devel-linux-x86_64-fedora-clang 1.5 28.58 OK
r-devel-linux-x86_64-fedora-gcc 1.5 26.81 OK
r-devel-osx-x86_64-clang 1.5 29.68 OK
r-devel-windows-ix86+x86_64 1.5 3.00 25.00 28.00 OK
r-patched-linux-x86_64 1.5 0.93 14.00 14.93 OK
r-patched-solaris-sparc 1.5 174.80 OK
r-patched-solaris-x86 1.5 40.30 OK
r-release-linux-x86_64 1.5 0.94 13.41 14.35 OK
r-release-osx-x86_64-mavericks 1.5 OK
r-release-osx-x86_64-snowleopard 1.5 ERROR
r-release-windows-ix86+x86_64 1.5 3.00 23.00 26.00 OK
r-oldrel-windows-ix86+x86_64 1.5 4.00 28.00 32.00 OK

Check Details

Version: 1.5
Check: package dependencies
Result: ERROR
    Packages required but not available: ‘tm’ ‘XML’
    
    See section ‘The DESCRIPTION file’ in the ‘Writing R Extensions’
    manual.
Flavor: r-release-osx-x86_64-snowleopard