CRAN Package Check Results for Package tm.plugin.factiva

Last updated on 2014-11-29 03:52:07.

Flavor Version Tinstall Tcheck Ttotal Status Flags
r-devel-linux-x86_64-debian-clang 1.5 1.16 16.41 17.57 OK
r-devel-linux-x86_64-debian-gcc 1.5 1.21 16.00 17.22 OK
r-devel-linux-x86_64-fedora-clang 1.5 37.42 OK
r-devel-linux-x86_64-fedora-gcc 1.5 33.99 OK
r-devel-osx-x86_64-clang 1.5 34.46 OK
r-devel-windows-ix86+x86_64 1.5 4.00 29.00 33.00 OK
r-patched-linux-x86_64 1.5 1.52 16.24 17.77 OK
r-patched-solaris-sparc 1.5 197.00 OK
r-patched-solaris-x86 1.5 51.20 OK
r-release-linux-ix86 1.5 1.52 21.38 22.90 OK
r-release-linux-x86_64 1.5 1.21 16.75 17.96 OK
r-release-osx-x86_64-mavericks 1.5 OK
r-release-osx-x86_64-snowleopard 1.5 OK
r-release-windows-ix86+x86_64 1.5 5.00 37.00 42.00 OK
r-oldrel-windows-ix86+x86_64 1.5 1.00 1.00 2.00 ERROR

Check Details

Version: 1.5
Check: package dependencies
Result: ERROR
    Package required and available but unsuitable version: 'tm'
    
    See the information on DESCRIPTION files in the chapter 'Creating R
    packages' of the 'Writing R Extensions' manual.
Flavor: r-oldrel-windows-ix86+x86_64