CRAN Package Check Results for Package tm.plugin.factiva

Last updated on 2014-09-18 11:48:54.

Flavor Version Tinstall Tcheck Ttotal Status Flags
r-devel-linux-x86_64-debian-clang 1.5 1.21 16.41 17.62 OK
r-devel-linux-x86_64-debian-gcc 1.5 1.18 15.88 17.06 OK
r-devel-linux-x86_64-fedora-clang 1.5 35.57 OK
r-devel-linux-x86_64-fedora-gcc 1.5 32.84 OK
r-devel-osx-x86_64-clang 1.5 32.58 OK
r-devel-windows-ix86+x86_64 1.5 4.00 28.00 32.00 OK
r-patched-linux-x86_64 1.5 1.23 16.36 17.59 OK
r-patched-solaris-sparc 1.5 197.00 OK
r-patched-solaris-x86 1.5 50.60 OK
r-release-linux-ix86 1.5 1.61 22.27 23.88 OK
r-release-linux-x86_64 1.5 1.27 16.58 17.85 OK
r-release-osx-x86_64-mavericks 1.5 OK
r-release-osx-x86_64-snowleopard 1.5 OK
r-release-windows-ix86+x86_64 1.5 4.00 31.00 35.00 OK
r-oldrel-windows-ix86+x86_64 1.5 1.00 1.00 2.00 ERROR

Check Details

Version: 1.5
Check: package dependencies
Result: ERROR
    Package required and available but unsuitable version: 'tm'
    
    See the information on DESCRIPTION files in the chapter 'Creating R
    packages' of the 'Writing R Extensions' manual.
Flavor: r-oldrel-windows-ix86+x86_64