CRAN Package Check Results for Package tm.plugin.factiva

Last updated on 2014-07-22 23:48:27.

Flavor Version Tinstall Tcheck Ttotal Status Flags
r-devel-linux-x86_64-debian-clang 1.5 1.58 16.17 17.75 OK
r-devel-linux-x86_64-debian-gcc 1.5 1.20 15.69 16.89 OK
r-devel-linux-x86_64-fedora-clang 1.5 36.21 OK
r-devel-linux-x86_64-fedora-gcc 1.5 34.17 OK
r-devel-osx-x86_64-clang 1.5 33.07 OK
r-devel-windows-ix86+x86_64 1.5 4.00 29.00 33.00 OK
r-patched-linux-x86_64 1.5 1.22 16.14 17.35 OK
r-patched-solaris-sparc 1.5 191.00 OK
r-patched-solaris-x86 1.5 49.20 OK
r-release-linux-ix86 1.5 1.61 24.92 26.52 OK
r-release-linux-x86_64 1.5 1.25 16.18 17.43 OK
r-release-osx-x86_64-mavericks 1.5 OK
r-release-osx-x86_64-snowleopard 1.5 OK
r-release-windows-ix86+x86_64 1.5 4.00 40.00 44.00 OK
r-oldrel-windows-ix86+x86_64 1.5 1.00 9.00 10.00 ERROR

Check Details

Version: 1.5
Check: package dependencies
Result: ERROR
    Package required and available but unsuitable version: 'tm'
    
    See the information on DESCRIPTION files in the chapter 'Creating R
    packages' of the 'Writing R Extensions' manual.
Flavor: r-oldrel-windows-ix86+x86_64