CRAN Package Check Results for Package tm.plugin.factiva

Last updated on 2014-10-31 11:47:36.

Flavor Version Tinstall Tcheck Ttotal Status Flags
r-devel-linux-x86_64-debian-clang 1.5 1.51 16.22 17.73 OK
r-devel-linux-x86_64-debian-gcc 1.5 1.44 16.09 17.54 OK
r-devel-linux-x86_64-fedora-clang 1.5 35.69 OK
r-devel-linux-x86_64-fedora-gcc 1.5 33.14 OK
r-devel-osx-x86_64-clang 1.5 34.23 OK
r-devel-windows-ix86+x86_64 1.5 4.00 28.00 32.00 OK
r-patched-linux-x86_64 1.5 1.22 16.34 17.55 OK
r-patched-solaris-sparc 1.5 197.00 OK
r-patched-solaris-x86 1.5 50.10 OK
r-release-linux-ix86 1.5 1.61 22.19 23.80 OK
r-release-linux-x86_64 1.5 1.26 16.70 17.95 OK
r-release-osx-x86_64-mavericks 1.5 OK
r-release-osx-x86_64-snowleopard 1.5 OK
r-release-windows-ix86+x86_64 1.5 4.00 31.00 35.00 OK
r-oldrel-windows-ix86+x86_64 1.5 1.00 1.00 2.00 ERROR

Check Details

Version: 1.5
Check: package dependencies
Result: ERROR
    Package required and available but unsuitable version: 'tm'
    
    See the information on DESCRIPTION files in the chapter 'Creating R
    packages' of the 'Writing R Extensions' manual.
Flavor: r-oldrel-windows-ix86+x86_64