CRAN Package Check Results for Package tm.plugin.factiva

Last updated on 2014-12-21 21:47:35.

Flavor Version Tinstall Tcheck Ttotal Status Flags
r-devel-linux-x86_64-debian-clang 1.5 1.18 16.16 17.33 OK
r-devel-linux-x86_64-debian-gcc 1.5 1.20 15.95 17.15 OK
r-devel-linux-x86_64-fedora-clang 1.5 37.42 OK
r-devel-linux-x86_64-fedora-gcc 1.5 34.77 OK
r-devel-osx-x86_64-clang 1.5 35.05 OK
r-devel-windows-ix86+x86_64 1.5 4.00 35.00 39.00 OK
r-patched-linux-x86_64 1.5 1.30 16.38 17.69 OK
r-patched-solaris-sparc 1.5 197.00 OK
r-patched-solaris-x86 1.5 50.40 OK
r-release-linux-ix86 1.5 1.53 21.41 22.94 OK
r-release-linux-x86_64 1.5 1.21 16.30 17.51 OK
r-release-osx-x86_64-mavericks 1.5 OK
r-release-osx-x86_64-snowleopard 1.5 OK
r-release-windows-ix86+x86_64 1.5 4.00 28.00 32.00 OK
r-oldrel-windows-ix86+x86_64 1.5 1.00 1.00 2.00 ERROR

Check Details

Version: 1.5
Check: package dependencies
Result: ERROR
    Package required and available but unsuitable version: 'tm'
    
    See the information on DESCRIPTION files in the chapter 'Creating R
    packages' of the 'Writing R Extensions' manual.
Flavor: r-oldrel-windows-ix86+x86_64