CRAN Package Check Results for Package tm.plugin.mail

Last updated on 2014-04-23 07:55:10.

Flavor Version Tinstall Tcheck Ttotal Status Flags
r-devel-linux-x86_64-debian-clang 0.0-7 0.67 10.71 11.38 OK
r-devel-linux-x86_64-debian-gcc 0.0-7 0.67 10.42 11.09 OK
r-devel-linux-x86_64-fedora-clang 0.0-7 20.58 OK
r-devel-linux-x86_64-fedora-gcc 0.0-7 20.32 OK
r-devel-osx-x86_64-clang 0.0-7 24.28 OK
r-devel-osx-x86_64-gcc 0.0-7 ERROR
r-devel-windows-ix86+x86_64 0.0-7 3.00 18.00 21.00 OK
r-patched-linux-x86_64 0.0-7 0.69 10.42 11.10 OK
r-patched-solaris-sparc 0.0-7 122.50 OK
r-patched-solaris-x86 0.0-7 30.90 OK
r-release-linux-ix86 0.0-7 1.00 22.00 23.00 OK
r-release-linux-x86_64 0.0-7 0.68 10.49 11.17 OK
r-release-osx-x86_64-mavericks 0.0-7 WARN
r-release-osx-x86_64-snowleopard 0.0-7 OK
r-release-windows-ix86+x86_64 0.0-7 2.00 20.00 22.00 OK
r-oldrel-windows-ix86+x86_64 0.0-7 3.00 20.00 23.00 OK

Check Details

Version: 0.0-7
Check: package dependencies
Result: ERROR
    Package required but not available: ‘tm’
    
    See the information on DESCRIPTION files in the chapter ‘Creating R
    packages’ of the ‘Writing R Extensions’ manual.
Flavor: r-devel-osx-x86_64-gcc

Version: 0.0-7
Check: PDF version of manual
Result: WARNING
    LaTeX errors when creating PDF version.
    This typically indicates Rd problems.
    LaTeX errors found:
    ! LaTeX Error: File `upquote.sty' not found.
    
    Type X to quit or <RETURN> to proceed,
    or enter new name. (Default extension: sty)
    
    71e5ccb9/Rd2.tex:8: ==> Fatal error occurred, no output PDF file produced!
Flavor: r-release-osx-x86_64-mavericks