CRAN Package Check Results for Package tm.plugin.mail

Last updated on 2015-04-18 15:47:59.

Flavor Version Tinstall Tcheck Ttotal Status Flags
r-devel-linux-x86_64-debian-clang 0.1 0.62 9.72 10.34 OK
r-devel-linux-x86_64-debian-gcc 0.1 0.70 10.04 10.74 OK
r-devel-linux-x86_64-fedora-clang 0.1 19.67 OK
r-devel-linux-x86_64-fedora-gcc 0.1 18.96 OK
r-devel-osx-x86_64-clang 0.1 22.01 OK
r-patched-linux-x86_64 0.1 0.61 9.60 10.20 OK
r-patched-solaris-sparc 0.1 120.70 OK
r-patched-solaris-x86 0.1 28.00 OK
r-release-linux-x86_64 0.1 0.60 8.52 9.13 OK
r-release-osx-x86_64-mavericks 0.1 OK
r-release-osx-x86_64-snowleopard 0.1 OK
r-release-windows-ix86+x86_64 0.1 2.00 19.00 21.00 OK
r-oldrel-windows-ix86+x86_64 0.1 1.00 1.00 2.00 ERROR

Check Details

Version: 0.1
Check: package dependencies
Result: ERROR
    Package required and available but unsuitable version: 'tm'
    
    See the information on DESCRIPTION files in the chapter 'Creating R
    packages' of the 'Writing R Extensions' manual.
Flavor: r-oldrel-windows-ix86+x86_64