CRAN Package Check Results for Package tm.plugin.mail

Last updated on 2014-09-21 00:46:56.

Flavor Version Tinstall Tcheck Ttotal Status Flags
r-devel-linux-x86_64-debian-clang 0.1 0.71 10.89 11.60 OK
r-devel-linux-x86_64-debian-gcc 0.1 0.70 11.10 11.80 OK
r-devel-linux-x86_64-fedora-clang 0.1 22.72 OK
r-devel-linux-x86_64-fedora-gcc 0.1 20.82 OK
r-devel-osx-x86_64-clang 0.1 25.67 OK
r-devel-windows-ix86+x86_64 0.1 3.00 21.00 24.00 OK
r-patched-linux-x86_64 0.1 0.76 11.04 11.80 OK
r-patched-solaris-sparc 0.1 126.90 OK
r-patched-solaris-x86 0.1 33.70 OK
r-release-linux-ix86 0.1 1.06 16.74 17.79 OK
r-release-linux-x86_64 0.1 0.84 11.40 12.24 OK
r-release-osx-x86_64-mavericks 0.1 OK
r-release-osx-x86_64-snowleopard 0.1 OK
r-release-windows-ix86+x86_64 0.1 3.00 23.00 26.00 OK
r-oldrel-windows-ix86+x86_64 0.1 1.00 1.00 2.00 ERROR

Check Details

Version: 0.1
Check: package dependencies
Result: ERROR
    Package required and available but unsuitable version: 'tm'
    
    See the information on DESCRIPTION files in the chapter 'Creating R
    packages' of the 'Writing R Extensions' manual.
Flavor: r-oldrel-windows-ix86+x86_64