CRAN Package Check Results for Package tm.plugin.mail

Last updated on 2014-11-24 19:50:37.

Flavor Version Tinstall Tcheck Ttotal Status Flags
r-devel-linux-x86_64-debian-clang 0.1 0.75 11.46 12.21 OK
r-devel-linux-x86_64-debian-gcc 0.1 0.73 11.56 12.29 OK
r-devel-linux-x86_64-fedora-clang 0.1 23.73 OK
r-devel-linux-x86_64-fedora-gcc 0.1 22.44 OK
r-devel-osx-x86_64-clang 0.1 26.04 OK
r-devel-windows-ix86+x86_64 0.1 3.00 20.00 23.00 OK
r-patched-linux-x86_64 0.1 0.88 11.41 12.29 OK
r-patched-solaris-sparc 0.1 126.90 OK
r-patched-solaris-x86 0.1 35.60 OK
r-release-linux-ix86 0.1 1.28 16.20 17.48 OK
r-release-linux-x86_64 0.1 0.78 11.32 12.10 OK
r-release-osx-x86_64-mavericks 0.1 OK
r-release-osx-x86_64-snowleopard 0.1 OK
r-release-windows-ix86+x86_64 0.1 3.00 28.00 31.00 OK
r-oldrel-windows-ix86+x86_64 0.1 1.00 1.00 2.00 ERROR

Check Details

Version: 0.1
Check: package dependencies
Result: ERROR
    Package required and available but unsuitable version: 'tm'
    
    See the information on DESCRIPTION files in the chapter 'Creating R
    packages' of the 'Writing R Extensions' manual.
Flavor: r-oldrel-windows-ix86+x86_64