CRAN Package Check Results for Package tm.plugin.mail

Last updated on 2017-02-28 12:49:50.

Flavor Version Tinstall Tcheck Ttotal Status Flags
r-devel-linux-x86_64-debian-clang 0.1 0.91 14.56 15.47 OK
r-devel-linux-x86_64-debian-gcc 0.1 0.71 11.28 11.99 OK
r-devel-linux-x86_64-fedora-clang 0.1 1.68 ERROR --no-stop-on-test-error
r-devel-linux-x86_64-fedora-gcc 0.1 19.16 OK --no-stop-on-test-error
r-devel-macos-x86_64-clang 0.1 1.32 ERROR --no-stop-on-test-error
r-devel-windows-ix86+x86_64 0.1 3.00 41.00 44.00 OK
r-patched-linux-x86_64 0.1 0.66 9.55 10.21 OK
r-patched-solaris-sparc 0.1 112.20 OK
r-patched-solaris-x86 0.1 24.50 OK
r-release-linux-x86_64 0.1 0.68 9.67 10.35 OK
r-release-osx-x86_64-mavericks 0.1 OK
r-release-windows-ix86+x86_64 0.1 3.00 35.00 38.00 OK
r-oldrel-windows-ix86+x86_64 0.1 5.00 23.00 28.00 OK

Check Details

Version: 0.1
Flags: --no-stop-on-test-error
Check: package dependencies
Result: ERROR
    Package required but not available: ‘tm’
    
    See section ‘The DESCRIPTION file’ in the ‘Writing R Extensions’
    manual.
Flavors: r-devel-linux-x86_64-fedora-clang, r-devel-macos-x86_64-clang