CRAN Package Check Results for Package tm.plugin.mail

Last updated on 2015-03-02 19:52:31.

Flavor Version Tinstall Tcheck Ttotal Status Flags
r-devel-linux-x86_64-debian-clang 0.1 0.62 9.74 10.36 OK
r-devel-linux-x86_64-debian-gcc 0.1 0.60 9.54 10.14 OK
r-devel-linux-x86_64-fedora-clang 0.1 19.28 OK
r-devel-linux-x86_64-fedora-gcc 0.1 18.84 OK
r-devel-osx-x86_64-clang 0.1 23.45 OK
r-devel-windows-ix86+x86_64 0.1 2.00 18.00 20.00 OK
r-patched-linux-x86_64 0.1 0.92 11.92 12.84 OK
r-patched-solaris-sparc 0.1 131.20 OK
r-patched-solaris-x86 0.1 34.00 OK
r-release-linux-ix86 0.1 1.04 16.94 17.98 OK
r-release-linux-x86_64 0.1 0.76 11.74 12.50 OK
r-release-osx-x86_64-mavericks 0.1 OK
r-release-osx-x86_64-snowleopard 0.1 OK
r-release-windows-ix86+x86_64 0.1 4.00 20.00 24.00 OK
r-oldrel-windows-ix86+x86_64 0.1 2.00 1.00 3.00 ERROR

Check Details

Version: 0.1
Check: package dependencies
Result: ERROR
    Package required and available but unsuitable version: 'tm'
    
    See the information on DESCRIPTION files in the chapter 'Creating R
    packages' of the 'Writing R Extensions' manual.
Flavor: r-oldrel-windows-ix86+x86_64