CRAN Package Check Results for Package tm.plugin.mail

Last updated on 2014-12-21 01:47:12.

Flavor Version Tinstall Tcheck Ttotal Status Flags
r-devel-linux-x86_64-debian-clang 0.1 0.75 11.51 12.26 OK
r-devel-linux-x86_64-debian-gcc 0.1 0.73 11.22 11.95 OK
r-devel-linux-x86_64-fedora-clang 0.1 24.28 OK
r-devel-linux-x86_64-fedora-gcc 0.1 22.18 OK
r-devel-osx-x86_64-clang 0.1 25.66 OK
r-devel-windows-ix86+x86_64 0.1 3.00 25.00 28.00 OK
r-patched-linux-x86_64 0.1 0.78 11.08 11.87 OK
r-patched-solaris-sparc 0.1 126.90 OK
r-patched-solaris-x86 0.1 34.30 OK
r-release-linux-ix86 0.1 1.05 16.14 17.19 OK
r-release-linux-x86_64 0.1 0.77 11.95 12.72 OK
r-release-osx-x86_64-mavericks 0.1 OK
r-release-osx-x86_64-snowleopard 0.1 OK
r-release-windows-ix86+x86_64 0.1 4.00 19.00 23.00 OK
r-oldrel-windows-ix86+x86_64 0.1 1.00 1.00 2.00 ERROR

Check Details

Version: 0.1
Check: package dependencies
Result: ERROR
    Package required and available but unsuitable version: 'tm'
    
    See the information on DESCRIPTION files in the chapter 'Creating R
    packages' of the 'Writing R Extensions' manual.
Flavor: r-oldrel-windows-ix86+x86_64