CRAN Package Check Results for Package tm.plugin.mail

Last updated on 2014-07-28 23:47:05.

Flavor Version Tinstall Tcheck Ttotal Status Flags
r-devel-linux-x86_64-debian-clang 0.1 0.73 10.95 11.68 OK
r-devel-linux-x86_64-debian-gcc 0.1 0.72 10.45 11.17 OK
r-devel-linux-x86_64-fedora-clang 0.1 22.64 OK
r-devel-linux-x86_64-fedora-gcc 0.1 20.33 OK
r-devel-osx-x86_64-clang 0.1 23.78 OK
r-devel-windows-ix86+x86_64 0.1 3.00 20.00 23.00 OK
r-patched-linux-x86_64 0.1 0.76 10.80 11.56 OK
r-patched-solaris-sparc 0.1 138.10 OK
r-patched-solaris-x86 0.1 32.90 OK
r-release-linux-ix86 0.1 1.05 16.46 17.51 OK
r-release-linux-x86_64 0.1 0.76 11.06 11.83 OK
r-release-osx-x86_64-mavericks 0.1 OK
r-release-osx-x86_64-snowleopard 0.1 OK
r-release-windows-ix86+x86_64 0.1 3.00 28.00 31.00 OK
r-oldrel-windows-ix86+x86_64 0.1 1.00 1.00 2.00 ERROR

Check Details

Version: 0.1
Check: package dependencies
Result: ERROR
    Package required and available but unsuitable version: 'tm'
    
    See the information on DESCRIPTION files in the chapter 'Creating R
    packages' of the 'Writing R Extensions' manual.
Flavor: r-oldrel-windows-ix86+x86_64