CRAN Package Check Results for Package tm.plugin.mail

Last updated on 2015-01-27 23:51:26.

Flavor Version Tinstall Tcheck Ttotal Status Flags
r-devel-linux-x86_64-debian-clang 0.1 0.67 9.82 10.48 OK
r-devel-linux-x86_64-debian-gcc 0.1 0.63 9.52 10.14 OK
r-devel-linux-x86_64-fedora-clang 0.1 24.80 OK
r-devel-linux-x86_64-fedora-gcc 0.1 22.34 OK
r-devel-osx-x86_64-clang 0.1 26.25 OK
r-devel-windows-ix86+x86_64 0.1 5.00 15.00 20.00 OK
r-patched-linux-x86_64 0.1 0.77 11.36 12.13 OK
r-patched-solaris-sparc 0.1 131.20 OK
r-patched-solaris-x86 0.1 33.20 OK
r-release-linux-ix86 0.1 1.05 16.48 17.54 OK
r-release-linux-x86_64 0.1 0.77 11.26 12.03 OK
r-release-osx-x86_64-mavericks 0.1 OK
r-release-osx-x86_64-snowleopard 0.1 OK
r-release-windows-ix86+x86_64 0.1 4.00 20.00 24.00 OK
r-oldrel-windows-ix86+x86_64 0.1 2.00 1.00 3.00 ERROR

Check Details

Version: 0.1
Check: package dependencies
Result: ERROR
    Package required and available but unsuitable version: 'tm'
    
    See the information on DESCRIPTION files in the chapter 'Creating R
    packages' of the 'Writing R Extensions' manual.
Flavor: r-oldrel-windows-ix86+x86_64