CRAN Package Check Results for Package tm.plugin.mail

Last updated on 2015-05-30 19:47:37.

Flavor Version Tinstall Tcheck Ttotal Status Flags
r-devel-linux-x86_64-debian-clang 0.1 0.62 9.53 10.14 OK
r-devel-linux-x86_64-debian-gcc 0.1 0.65 9.42 10.07 OK
r-devel-linux-x86_64-fedora-clang 0.1 19.32 OK
r-devel-linux-x86_64-fedora-gcc 0.1 18.16 OK
r-devel-osx-x86_64-clang 0.1 22.89 OK
r-devel-windows-ix86+x86_64 0.1 3.00 18.00 21.00 OK
r-patched-linux-x86_64 0.1 0.61 9.54 10.16 OK
r-patched-solaris-sparc 0.1 118.10 OK
r-patched-solaris-x86 0.1 28.30 OK
r-release-linux-x86_64 0.1 0.64 9.61 10.24 OK
r-release-osx-x86_64-mavericks 0.1 OK
r-release-osx-x86_64-snowleopard 0.1 ERROR
r-release-windows-ix86+x86_64 0.1 5.00 23.00 28.00 OK
r-oldrel-windows-ix86+x86_64 0.1 3.00 31.00 34.00 OK

Check Details

Version: 0.1
Check: package dependencies
Result: ERROR
    Package required but not available: ‘tm’
    
    See section ‘The DESCRIPTION file’ in the ‘Writing R Extensions’
    manual.
Flavor: r-release-osx-x86_64-snowleopard