CRAN Package Check Results for Package tm.plugin.mail

Last updated on 2014-08-21 05:47:06.

Flavor Version Tinstall Tcheck Ttotal Status Flags
r-devel-linux-x86_64-debian-clang 0.1 0.73 10.44 11.17 OK
r-devel-linux-x86_64-debian-gcc 0.1 0.77 10.65 11.42 OK
r-devel-linux-x86_64-fedora-clang 0.1 22.07 OK
r-devel-linux-x86_64-fedora-gcc 0.1 21.18 OK
r-devel-osx-x86_64-clang 0.1 23.19 OK
r-devel-windows-ix86+x86_64 0.1 3.00 21.00 24.00 OK
r-patched-linux-x86_64 0.1 0.82 10.72 11.55 OK
r-patched-solaris-sparc 0.1 126.90 OK
r-patched-solaris-x86 0.1 32.80 OK
r-release-linux-ix86 0.1 1.04 17.51 18.55 OK
r-release-linux-x86_64 0.1 0.98 11.36 12.33 OK
r-release-osx-x86_64-mavericks 0.1 OK
r-release-osx-x86_64-snowleopard 0.1 OK
r-release-windows-ix86+x86_64 0.1 4.00 33.00 37.00 OK
r-oldrel-windows-ix86+x86_64 0.1 2.00 3.00 5.00 ERROR

Check Details

Version: 0.1
Check: package dependencies
Result: ERROR
    Package required and available but unsuitable version: 'tm'
    
    See the information on DESCRIPTION files in the chapter 'Creating R
    packages' of the 'Writing R Extensions' manual.
Flavor: r-oldrel-windows-ix86+x86_64