CRAN Package Check Results for Package tm.plugin.webmining

Last updated on 2018-06-20 06:47:09 CEST.

Flavor Version Tinstall Tcheck Ttotal Status Flags
r-devel-linux-x86_64-debian-clang 1.3 5.32 66.23 71.55 NOTE
r-devel-linux-x86_64-debian-gcc 1.3 3.82 51.92 55.74 NOTE
r-devel-linux-x86_64-fedora-clang 1.3 81.96 NOTE
r-devel-linux-x86_64-fedora-gcc 1.3 78.19 NOTE
r-devel-windows-ix86+x86_64 1.3 12.00 80.00 92.00 NOTE
r-patched-linux-x86_64 1.3 4.04 55.54 59.58 NOTE
r-patched-solaris-x86 1.3 114.90 NOTE
r-release-linux-x86_64 1.3 4.04 55.66 59.70 NOTE
r-release-windows-ix86+x86_64 1.3 9.00 100.00 109.00 NOTE
r-release-osx-x86_64 1.3 NOTE
r-oldrel-windows-ix86+x86_64 1.3 11.00 73.00 84.00 NOTE
r-oldrel-osx-x86_64 1.3 NOTE

Check Details

Version: 1.3
Check: R code for possible problems
Result: NOTE
    extractContentDOM: no visible global function definition for
     ‘capture.output’
    extractHTMLStrip: no visible global function definition for
     ‘capture.output’
    Undefined global functions or variables:
     capture.output
    Consider adding
     importFrom("utils", "capture.output")
    to your NAMESPACE file.
Flavors: r-devel-linux-x86_64-debian-clang, r-devel-linux-x86_64-debian-gcc, r-devel-linux-x86_64-fedora-clang, r-devel-linux-x86_64-fedora-gcc, r-devel-windows-ix86+x86_64, r-patched-linux-x86_64, r-patched-solaris-x86, r-release-linux-x86_64, r-release-windows-ix86+x86_64, r-release-osx-x86_64, r-oldrel-windows-ix86+x86_64, r-oldrel-osx-x86_64