CRAN Package Check Results for Package tm.plugin.webmining

Last updated on 2017-08-22 02:48:06.

Flavor Version Tinstall Tcheck Ttotal Status Flags
r-devel-linux-x86_64-debian-clang 1.3 2.48 33.84 36.31 NOTE
r-devel-linux-x86_64-debian-gcc 1.3 2.28 34.57 36.85 NOTE
r-devel-linux-x86_64-fedora-clang 1.3 67.20 NOTE
r-devel-linux-x86_64-fedora-gcc 1.3 65.37 NOTE
r-devel-windows-ix86+x86_64 1.3 11.00 77.00 88.00 NOTE
r-patched-linux-x86_64 1.3 2.43 34.59 37.01 NOTE
r-patched-solaris-x86 1.3 95.30 NOTE
r-release-linux-x86_64 1.3 2.43 33.81 36.24 NOTE
r-release-windows-ix86+x86_64 1.3 6.00 90.00 96.00 NOTE
r-release-osx-x86_64 1.3 NOTE
r-oldrel-windows-ix86+x86_64 1.3 7.00 67.00 74.00 NOTE
r-oldrel-osx-x86_64 1.3 NOTE

Check Details

Version: 1.3
Check: R code for possible problems
Result: NOTE
    extractContentDOM: no visible global function definition for
     ‘capture.output’
    extractHTMLStrip: no visible global function definition for
     ‘capture.output’
    Undefined global functions or variables:
     capture.output
    Consider adding
     importFrom("utils", "capture.output")
    to your NAMESPACE file.
Flavors: r-devel-linux-x86_64-debian-clang, r-devel-linux-x86_64-debian-gcc, r-devel-linux-x86_64-fedora-clang, r-devel-linux-x86_64-fedora-gcc, r-devel-windows-ix86+x86_64, r-patched-linux-x86_64, r-patched-solaris-x86, r-release-linux-x86_64, r-release-windows-ix86+x86_64, r-release-osx-x86_64, r-oldrel-windows-ix86+x86_64, r-oldrel-osx-x86_64