CRAN Package Check Results for Package tm.plugin.webmining

Last updated on 2017-01-16 10:48:16.

Flavor Version Tinstall Tcheck Ttotal Status Flags
r-devel-linux-x86_64-debian-clang 1.3 2.24 31.48 33.72 NOTE
r-devel-linux-x86_64-debian-gcc 1.3 2.26 31.20 33.46 NOTE
r-devel-linux-x86_64-fedora-clang 1.3 65.64 NOTE --no-stop-on-test-error
r-devel-linux-x86_64-fedora-gcc 1.3 61.11 NOTE --no-stop-on-test-error
r-devel-macos-x86_64-clang 1.3 52.29 NOTE --no-stop-on-test-error
r-devel-windows-ix86+x86_64 1.3 9.00 106.00 115.00 NOTE
r-patched-linux-x86_64 1.3 2.13 27.19 29.32 NOTE
r-patched-solaris-sparc 1.3 347.00 NOTE
r-patched-solaris-x86 1.3 75.20 NOTE
r-release-linux-x86_64 1.3 2.12 27.80 29.92 NOTE
r-release-osx-x86_64-mavericks 1.3 NOTE
r-release-windows-ix86+x86_64 1.3 12.00 63.00 75.00 NOTE
r-oldrel-windows-ix86+x86_64 1.3 6.00 66.00 72.00 OK

Check Details

Version: 1.3
Check: R code for possible problems
Result: NOTE
    extractContentDOM: no visible global function definition for
     ‘capture.output’
    extractHTMLStrip: no visible global function definition for
     ‘capture.output’
    Undefined global functions or variables:
     capture.output
    Consider adding
     importFrom("utils", "capture.output")
    to your NAMESPACE file.
Flavors: r-devel-linux-x86_64-debian-clang, r-devel-linux-x86_64-debian-gcc, r-devel-windows-ix86+x86_64, r-patched-linux-x86_64, r-patched-solaris-sparc, r-patched-solaris-x86, r-release-linux-x86_64, r-release-osx-x86_64-mavericks, r-release-windows-ix86+x86_64

Version: 1.3
Flags: --no-stop-on-test-error
Check: R code for possible problems
Result: NOTE
    extractContentDOM: no visible global function definition for
     ‘capture.output’
    extractHTMLStrip: no visible global function definition for
     ‘capture.output’
    Undefined global functions or variables:
     capture.output
    Consider adding
     importFrom("utils", "capture.output")
    to your NAMESPACE file.
Flavors: r-devel-linux-x86_64-fedora-clang, r-devel-linux-x86_64-fedora-gcc, r-devel-macos-x86_64-clang