CRAN Package Check Results for Package tm.plugin.webmining

Last updated on 2017-06-24 09:56:05.

Flavor Version Tinstall Tcheck Ttotal Status Flags
r-devel-linux-x86_64-debian-clang 1.3 2.35 33.88 36.23 NOTE
r-devel-linux-x86_64-debian-gcc 1.3 2.38 33.66 36.05 NOTE
r-devel-linux-x86_64-fedora-clang 1.3 72.55 NOTE
r-devel-linux-x86_64-fedora-gcc 1.3 67.54 NOTE
r-devel-windows-ix86+x86_64 1.3 13.00 94.00 107.00 NOTE
r-patched-linux-x86_64 1.3 2.65 33.40 36.05 NOTE
r-patched-solaris-sparc 1.3 404.70 NOTE
r-patched-solaris-x86 1.3 92.00 NOTE
r-release-linux-x86_64 1.3 2.70 33.76 36.46 NOTE
r-release-windows-ix86+x86_64 1.3 13.00 105.00 118.00 NOTE
r-release-osx-x86_64 1.3 NOTE
r-oldrel-windows-ix86+x86_64 1.3 9.00 84.00 93.00 NOTE
r-oldrel-osx-x86_64 1.3 NOTE

Check Details

Version: 1.3
Check: R code for possible problems
Result: NOTE
    extractContentDOM: no visible global function definition for
     ‘capture.output’
    extractHTMLStrip: no visible global function definition for
     ‘capture.output’
    Undefined global functions or variables:
     capture.output
    Consider adding
     importFrom("utils", "capture.output")
    to your NAMESPACE file.
Flavors: r-devel-linux-x86_64-debian-clang, r-devel-linux-x86_64-debian-gcc, r-devel-linux-x86_64-fedora-clang, r-devel-linux-x86_64-fedora-gcc, r-devel-windows-ix86+x86_64, r-patched-linux-x86_64, r-patched-solaris-sparc, r-patched-solaris-x86, r-release-linux-x86_64, r-release-windows-ix86+x86_64, r-release-osx-x86_64, r-oldrel-windows-ix86+x86_64, r-oldrel-osx-x86_64