CRAN Package Check Results for Package tm.plugin.webmining

Last updated on 2017-02-22 22:51:05.

Flavor Version Tinstall Tcheck Ttotal Status Flags
r-devel-linux-x86_64-debian-clang 1.3 2.15 31.37 33.52 NOTE
r-devel-linux-x86_64-debian-gcc 1.3 2.03 31.02 33.05 NOTE
r-devel-linux-x86_64-fedora-clang 1.3 61.62 NOTE --no-stop-on-test-error
r-devel-linux-x86_64-fedora-gcc 1.3 60.07 NOTE --no-stop-on-test-error
r-devel-macos-x86_64-clang 1.3 53.42 NOTE --no-stop-on-test-error
r-devel-windows-ix86+x86_64 1.3 12.00 146.00 158.00 NOTE
r-patched-linux-x86_64 1.3 2.04 28.20 30.23 NOTE
r-patched-solaris-sparc 1.3 347.00 NOTE
r-patched-solaris-x86 1.3 77.60 NOTE
r-release-linux-x86_64 1.3 2.14 27.50 29.64 NOTE
r-release-osx-x86_64-mavericks 1.3 NOTE
r-release-windows-ix86+x86_64 1.3 17.00 97.00 114.00 NOTE
r-oldrel-windows-ix86+x86_64 1.3 11.00 61.00 72.00 OK

Check Details

Version: 1.3
Check: R code for possible problems
Result: NOTE
    extractContentDOM: no visible global function definition for
     ‘capture.output’
    extractHTMLStrip: no visible global function definition for
     ‘capture.output’
    Undefined global functions or variables:
     capture.output
    Consider adding
     importFrom("utils", "capture.output")
    to your NAMESPACE file.
Flavors: r-devel-linux-x86_64-debian-clang, r-devel-linux-x86_64-debian-gcc, r-devel-windows-ix86+x86_64, r-patched-linux-x86_64, r-patched-solaris-sparc, r-patched-solaris-x86, r-release-linux-x86_64, r-release-osx-x86_64-mavericks, r-release-windows-ix86+x86_64

Version: 1.3
Flags: --no-stop-on-test-error
Check: R code for possible problems
Result: NOTE
    extractContentDOM: no visible global function definition for
     ‘capture.output’
    extractHTMLStrip: no visible global function definition for
     ‘capture.output’
    Undefined global functions or variables:
     capture.output
    Consider adding
     importFrom("utils", "capture.output")
    to your NAMESPACE file.
Flavors: r-devel-linux-x86_64-fedora-clang, r-devel-linux-x86_64-fedora-gcc, r-devel-macos-x86_64-clang