CRAN Package Check Results for Package tm.plugin.webmining

Last updated on 2016-02-06 22:47:25.

Flavor Version Tinstall Tcheck Ttotal Status Flags
r-devel-linux-x86_64-debian-gcc 1.3 1.99 26.85 28.84 NOTE
r-devel-linux-x86_64-fedora-clang 1.3 56.66 NOTE
r-devel-linux-x86_64-fedora-gcc 1.3 53.82 NOTE
r-devel-osx-x86_64-clang 1.3 65.69 NOTE
r-devel-windows-ix86+x86_64 1.3 9.00 55.00 64.00 NOTE
r-patched-linux-x86_64 1.3 2.20 29.72 31.92 OK
r-patched-solaris-sparc 1.3 380.70 OK
r-patched-solaris-x86 1.3 80.70 OK
r-release-linux-x86_64 1.3 2.20 29.80 32.00 OK
r-release-osx-x86_64-mavericks 1.3 OK
r-release-windows-ix86+x86_64 1.3 7.00 59.00 66.00 OK
r-oldrel-windows-ix86+x86_64 1.3 14.00 79.00 93.00 OK

Check Details

Version: 1.3
Check: R code for possible problems
Result: NOTE
    extractContentDOM: no visible global function definition for
     ‘capture.output’
    extractHTMLStrip: no visible global function definition for
     ‘capture.output’
    Undefined global functions or variables:
     capture.output
    Consider adding
     importFrom("utils", "capture.output")
    to your NAMESPACE file.
Flavors: r-devel-linux-x86_64-debian-gcc, r-devel-linux-x86_64-fedora-clang, r-devel-osx-x86_64-clang

Version: 1.3
Check: R code for possible problems
Result: NOTE
    extractContentDOM: no visible global function definition for
     ‘capture.output’
    extractHTMLStrip: no visible global function definition for
     ‘capture.output’
    Undefined global functions or variables:
     capture.output
    Consider adding
     importFrom("utils", "capture.output")
    to your NAMESPACE.
Flavors: r-devel-linux-x86_64-fedora-gcc, r-devel-windows-ix86+x86_64