CRAN Package Check Results for Package tm.plugin.webmining

Last updated on 2017-10-20 05:48:25.

Flavor Version Tinstall Tcheck Ttotal Status Flags
r-devel-linux-x86_64-debian-clang 1.3 2.37 34.58 36.95 NOTE
r-devel-linux-x86_64-debian-gcc 1.3 2.24 39.26 41.50 NOTE
r-devel-linux-x86_64-fedora-clang 1.3 71.10 NOTE
r-devel-linux-x86_64-fedora-gcc 1.3 68.41 NOTE
r-devel-windows-ix86+x86_64 1.3 13.00 68.00 81.00 NOTE
r-patched-linux-x86_64 1.3 2.46 34.21 36.67 NOTE
r-patched-solaris-x86 1.3 98.60 NOTE
r-release-linux-x86_64 1.3 2.52 34.58 37.10 NOTE
r-release-windows-ix86+x86_64 1.3 11.00 65.00 76.00 NOTE
r-release-osx-x86_64 1.3 NOTE
r-oldrel-windows-ix86+x86_64 1.3 6.00 87.00 93.00 NOTE
r-oldrel-osx-x86_64 1.3 NOTE

Check Details

Version: 1.3
Check: R code for possible problems
Result: NOTE
    extractContentDOM: no visible global function definition for
     ‘capture.output’
    extractHTMLStrip: no visible global function definition for
     ‘capture.output’
    Undefined global functions or variables:
     capture.output
    Consider adding
     importFrom("utils", "capture.output")
    to your NAMESPACE file.
Flavors: r-devel-linux-x86_64-debian-clang, r-devel-linux-x86_64-debian-gcc, r-devel-linux-x86_64-fedora-clang, r-devel-linux-x86_64-fedora-gcc, r-devel-windows-ix86+x86_64, r-patched-linux-x86_64, r-patched-solaris-x86, r-release-linux-x86_64, r-release-windows-ix86+x86_64, r-release-osx-x86_64, r-oldrel-windows-ix86+x86_64, r-oldrel-osx-x86_64