CRAN Package Check Results for Package tm.plugin.webmining

Last updated on 2015-04-26 23:47:05.

Flavor Version Tinstall Tcheck Ttotal Status Flags
r-devel-linux-x86_64-debian-clang 1.2.2 2.35 29.47 31.82 OK
r-devel-linux-x86_64-debian-gcc 1.2.2 2.04 28.68 30.73 OK
r-devel-linux-x86_64-fedora-clang 1.2.2 64.03 OK
r-devel-linux-x86_64-fedora-gcc 1.2.2 60.92 OK
r-devel-osx-x86_64-clang 1.2.2 64.46 OK
r-devel-windows-ix86+x86_64 1.2.2 6.00 52.00 58.00 OK
r-patched-linux-x86_64 1.2.2 2.04 29.07 31.11 OK
r-patched-solaris-sparc 1.2.2 409.40 OK
r-patched-solaris-x86 1.2.2 96.40 OK
r-release-linux-x86_64 1.2.2 2.04 29.01 31.04 OK
r-release-osx-x86_64-mavericks 1.2.2 OK
r-release-osx-x86_64-snowleopard 1.2.2 ERROR
r-release-windows-ix86+x86_64 1.2.2 6.00 50.00 56.00 OK
r-oldrel-windows-ix86+x86_64 1.2.2 10.00 59.00 69.00 OK

Check Details

Version: 1.2.2
Check: package dependencies
Result: ERROR
    Packages required but not available: ‘tm’ ‘XML’
    
    See section ‘The DESCRIPTION file’ in the ‘Writing R Extensions’
    manual.
Flavor: r-release-osx-x86_64-snowleopard