CRAN Package Check Results for Package tm.plugin.webmining

Last updated on 2016-07-23 19:48:04.

Flavor Version Tinstall Tcheck Ttotal Status Flags
r-devel-linux-x86_64-debian-clang 1.3 2.26 34.61 36.86 NOTE
r-devel-linux-x86_64-debian-gcc 1.3 2.58 32.07 34.64 NOTE
r-devel-linux-x86_64-fedora-clang 1.3 55.88 NOTE
r-devel-linux-x86_64-fedora-gcc 1.3 53.43 NOTE
r-devel-osx-x86_64-clang 1.3 49.51 NOTE
r-devel-windows-ix86+x86_64 1.3 9.00 87.00 96.00 NOTE
r-patched-linux-x86_64 1.3 2.56 32.83 35.39 NOTE
r-patched-solaris-sparc 1.3 347.50 NOTE
r-patched-solaris-x86 1.3 74.70 NOTE
r-release-linux-x86_64 1.3 2.44 33.21 35.65 NOTE
r-release-osx-x86_64-mavericks 1.3 NOTE
r-release-windows-ix86+x86_64 1.3 6.00 88.00 94.00 NOTE
r-oldrel-windows-ix86+x86_64 1.3 9.00 66.00 75.00 OK

Check Details

Version: 1.3
Check: R code for possible problems
Result: NOTE
    extractContentDOM: no visible global function definition for
     ‘capture.output’
    extractHTMLStrip: no visible global function definition for
     ‘capture.output’
    Undefined global functions or variables:
     capture.output
    Consider adding
     importFrom("utils", "capture.output")
    to your NAMESPACE file.
Flavors: r-devel-linux-x86_64-debian-clang, r-devel-linux-x86_64-debian-gcc, r-devel-linux-x86_64-fedora-clang, r-devel-linux-x86_64-fedora-gcc, r-devel-osx-x86_64-clang, r-devel-windows-ix86+x86_64, r-patched-linux-x86_64, r-patched-solaris-sparc, r-patched-solaris-x86, r-release-linux-x86_64, r-release-osx-x86_64-mavericks, r-release-windows-ix86+x86_64