CRAN Package Check Results for Package tm.plugin.webmining

Last updated on 2016-09-25 15:49:07.

Flavor Version Tinstall Tcheck Ttotal Status Flags
r-devel-linux-x86_64-debian-clang 1.3 1.99 27.14 29.13 NOTE
r-devel-linux-x86_64-debian-gcc 1.3 1.83 26.29 28.12 NOTE
r-devel-linux-x86_64-fedora-clang 1.3 53.92 NOTE
r-devel-linux-x86_64-fedora-gcc 1.3 51.02 NOTE
r-devel-macos-x86_64-clang 1.3 45.67 NOTE
r-devel-windows-ix86+x86_64 1.3 6.00 131.00 137.00 NOTE
r-patched-linux-x86_64 1.3 1.92 27.63 29.54 NOTE
r-patched-solaris-sparc 1.3 347.50 NOTE
r-patched-solaris-x86 1.3 75.40 NOTE
r-release-linux-x86_64 1.3 2.02 28.09 30.11 NOTE
r-release-osx-x86_64-mavericks 1.3 NOTE
r-release-windows-ix86+x86_64 1.3 6.00 60.00 66.00 NOTE
r-oldrel-windows-ix86+x86_64 1.3 10.00 133.00 143.00 OK

Check Details

Version: 1.3
Check: R code for possible problems
Result: NOTE
    extractContentDOM: no visible global function definition for
     ‘capture.output’
    extractHTMLStrip: no visible global function definition for
     ‘capture.output’
    Undefined global functions or variables:
     capture.output
    Consider adding
     importFrom("utils", "capture.output")
    to your NAMESPACE file.
Flavors: r-devel-linux-x86_64-debian-clang, r-devel-linux-x86_64-debian-gcc, r-devel-linux-x86_64-fedora-clang, r-devel-linux-x86_64-fedora-gcc, r-devel-macos-x86_64-clang, r-devel-windows-ix86+x86_64, r-patched-linux-x86_64, r-patched-solaris-sparc, r-patched-solaris-x86, r-release-linux-x86_64, r-release-osx-x86_64-mavericks, r-release-windows-ix86+x86_64