CRAN Package Check Results for Package tm.plugin.webmining

Last updated on 2017-12-12 06:47:40 CET.

Flavor Version Tinstall Tcheck Ttotal Status Flags
r-devel-linux-x86_64-debian-clang 1.3 2.94 44.02 46.96 NOTE
r-devel-linux-x86_64-debian-gcc 1.3 2.82 41.44 44.26 NOTE
r-devel-linux-x86_64-fedora-clang 1.3 64.27 NOTE
r-devel-linux-x86_64-fedora-gcc 1.3 63.96 NOTE
r-devel-windows-ix86+x86_64 1.3 9.00 96.00 105.00 NOTE
r-patched-linux-x86_64 1.3 3.73 55.35 59.08 NOTE
r-patched-solaris-x86 1.3 95.30 NOTE
r-release-linux-x86_64 1.3 3.15 54.65 57.80 NOTE
r-release-windows-ix86+x86_64 1.3 8.00 115.00 123.00 NOTE
r-release-osx-x86_64 1.3 NOTE
r-oldrel-windows-ix86+x86_64 1.3 9.00 69.00 78.00 NOTE
r-oldrel-osx-x86_64 1.3 NOTE

Check Details

Version: 1.3
Check: R code for possible problems
Result: NOTE
    extractContentDOM: no visible global function definition for
     ‘capture.output’
    extractHTMLStrip: no visible global function definition for
     ‘capture.output’
    Undefined global functions or variables:
     capture.output
    Consider adding
     importFrom("utils", "capture.output")
    to your NAMESPACE file.
Flavors: r-devel-linux-x86_64-debian-clang, r-devel-linux-x86_64-debian-gcc, r-devel-linux-x86_64-fedora-clang, r-devel-linux-x86_64-fedora-gcc, r-devel-windows-ix86+x86_64, r-patched-linux-x86_64, r-patched-solaris-x86, r-release-linux-x86_64, r-release-windows-ix86+x86_64, r-release-osx-x86_64, r-oldrel-windows-ix86+x86_64, r-oldrel-osx-x86_64