CRAN Package Check Results for Package tm.plugin.webmining

Last updated on 2016-12-03 11:47:52.

Flavor Version Tinstall Tcheck Ttotal Status Flags
r-devel-linux-x86_64-debian-clang 1.3 2.42 31.82 34.24 NOTE
r-devel-linux-x86_64-debian-gcc 1.3 2.44 31.60 34.05 NOTE
r-devel-linux-x86_64-fedora-clang 1.3 64.13 NOTE
r-devel-linux-x86_64-fedora-gcc 1.3 63.38 NOTE
r-devel-macos-x86_64-clang 1.3 53.76 NOTE
r-devel-windows-ix86+x86_64 1.3 6.00 85.00 91.00 NOTE
r-patched-linux-x86_64 1.3 2.04 28.10 30.14 NOTE
r-patched-solaris-sparc 1.3 347.50 NOTE
r-patched-solaris-x86 1.3 75.40 NOTE
r-release-linux-x86_64 1.3 2.05 28.62 30.67 NOTE
r-release-osx-x86_64-mavericks 1.3 NOTE
r-release-windows-ix86+x86_64 1.3 10.00 91.00 101.00 NOTE
r-oldrel-windows-ix86+x86_64 1.3 10.00 54.00 64.00 OK

Check Details

Version: 1.3
Check: R code for possible problems
Result: NOTE
    extractContentDOM: no visible global function definition for
     ‘capture.output’
    extractHTMLStrip: no visible global function definition for
     ‘capture.output’
    Undefined global functions or variables:
     capture.output
    Consider adding
     importFrom("utils", "capture.output")
    to your NAMESPACE file.
Flavors: r-devel-linux-x86_64-debian-clang, r-devel-linux-x86_64-debian-gcc, r-devel-linux-x86_64-fedora-clang, r-devel-linux-x86_64-fedora-gcc, r-devel-macos-x86_64-clang, r-devel-windows-ix86+x86_64, r-patched-linux-x86_64, r-patched-solaris-sparc, r-patched-solaris-x86, r-release-linux-x86_64, r-release-osx-x86_64-mavericks, r-release-windows-ix86+x86_64