CRAN Package Check Results for Package tm.plugin.webmining

Last updated on 2017-03-29 20:49:58.

Flavor Version Tinstall Tcheck Ttotal Status Flags
r-devel-linux-x86_64-debian-clang 1.3 2.30 33.34 35.63 NOTE
r-devel-linux-x86_64-debian-gcc 1.3 2.35 33.00 35.35 NOTE
r-devel-linux-x86_64-fedora-clang 1.3 66.89 NOTE --no-stop-on-test-error
r-devel-linux-x86_64-fedora-gcc 1.3 64.49 NOTE --no-stop-on-test-error
r-devel-macos-x86_64-clang 1.3 55.31 NOTE --no-stop-on-test-error
r-devel-windows-ix86+x86_64 1.3 6.00 93.00 99.00 NOTE
r-patched-linux-x86_64 1.3 2.37 33.24 35.61 NOTE
r-patched-solaris-sparc 1.3 404.70 NOTE
r-patched-solaris-x86 1.3 97.00 NOTE
r-release-linux-x86_64 1.3 2.14 28.66 30.79 NOTE
r-release-osx-x86_64-mavericks 1.3 NOTE
r-release-windows-ix86+x86_64 1.3 9.00 141.00 150.00 NOTE
r-oldrel-windows-ix86+x86_64 1.3 16.00 70.00 86.00 OK

Check Details

Version: 1.3
Check: R code for possible problems
Result: NOTE
    extractContentDOM: no visible global function definition for
     ‘capture.output’
    extractHTMLStrip: no visible global function definition for
     ‘capture.output’
    Undefined global functions or variables:
     capture.output
    Consider adding
     importFrom("utils", "capture.output")
    to your NAMESPACE file.
Flavors: r-devel-linux-x86_64-debian-clang, r-devel-linux-x86_64-debian-gcc, r-devel-windows-ix86+x86_64, r-patched-linux-x86_64, r-patched-solaris-sparc, r-patched-solaris-x86, r-release-linux-x86_64, r-release-osx-x86_64-mavericks, r-release-windows-ix86+x86_64

Version: 1.3
Flags: --no-stop-on-test-error
Check: R code for possible problems
Result: NOTE
    extractContentDOM: no visible global function definition for
     ‘capture.output’
    extractHTMLStrip: no visible global function definition for
     ‘capture.output’
    Undefined global functions or variables:
     capture.output
    Consider adding
     importFrom("utils", "capture.output")
    to your NAMESPACE file.
Flavors: r-devel-linux-x86_64-fedora-clang, r-devel-linux-x86_64-fedora-gcc, r-devel-macos-x86_64-clang