CRAN Package Check Results for Package tm.plugin.webmining

Last updated on 2015-09-02 03:48:48.

Flavor Version Tinstall Tcheck Ttotal Status Flags
r-devel-linux-x86_64-debian-clang 1.3 1.98 28.82 30.79 NOTE
r-devel-linux-x86_64-debian-gcc 1.3 2.48 27.45 29.93 NOTE
r-devel-linux-x86_64-fedora-clang 1.3 60.93 NOTE
r-devel-linux-x86_64-fedora-gcc 1.3 56.75 NOTE
r-devel-osx-x86_64-clang 1.3 51.59 OK
r-devel-windows-ix86+x86_64 1.3 9.00 72.00 81.00 NOTE
r-patched-linux-x86_64 1.3 2.14 28.76 30.90 OK
r-patched-solaris-sparc 1.3 390.10 OK
r-patched-solaris-x86 1.3 103.80 OK
r-release-linux-x86_64 1.3 2.70 29.78 32.48 OK
r-release-osx-x86_64-mavericks 1.3 OK
r-release-windows-ix86+x86_64 1.3 9.00 58.00 67.00 OK
r-oldrel-windows-ix86+x86_64 1.3 15.00 105.00 120.00 OK

Check Details

Version: 1.3
Check: R code for possible problems
Result: NOTE
    extractContentDOM: no visible global function definition for
     ‘capture.output’
    extractHTMLStrip: no visible global function definition for
     ‘capture.output’
    Undefined global functions or variables:
     capture.output
    Consider adding
     importFrom("utils", "capture.output")
    to your NAMESPACE.
Flavors: r-devel-linux-x86_64-debian-clang, r-devel-linux-x86_64-debian-gcc, r-devel-linux-x86_64-fedora-clang, r-devel-linux-x86_64-fedora-gcc, r-devel-windows-ix86+x86_64