CRAN Package Check Results for Package tm.plugin.webmining

Last updated on 2016-04-29 09:47:21.

Flavor Version Tinstall Tcheck Ttotal Status Flags
r-devel-linux-x86_64-debian-gcc 1.3 2.02 28.24 30.26 NOTE
r-devel-linux-x86_64-fedora-clang 1.3 55.79 NOTE
r-devel-linux-x86_64-fedora-gcc 1.3 52.93 NOTE
r-devel-osx-x86_64-clang 1.3 66.44 NOTE
r-devel-windows-ix86+x86_64 1.3 6.00 63.00 69.00 NOTE
r-patched-linux-x86_64 1.3 2.07 27.16 29.23 NOTE
r-patched-solaris-sparc 1.3 349.60 NOTE
r-patched-solaris-x86 1.3 75.70 NOTE
r-release-linux-x86_64 1.3 2.28 31.18 33.47 OK
r-release-osx-x86_64-mavericks 1.3 OK
r-release-windows-ix86+x86_64 1.3 7.00 63.00 70.00 OK
r-oldrel-windows-ix86+x86_64 1.3 15.00 110.00 125.00 OK

Check Details

Version: 1.3
Check: R code for possible problems
Result: NOTE
    extractContentDOM: no visible global function definition for
     ‘capture.output’
    extractHTMLStrip: no visible global function definition for
     ‘capture.output’
    Undefined global functions or variables:
     capture.output
    Consider adding
     importFrom("utils", "capture.output")
    to your NAMESPACE file.
Flavors: r-devel-linux-x86_64-debian-gcc, r-devel-linux-x86_64-fedora-clang, r-devel-linux-x86_64-fedora-gcc, r-devel-osx-x86_64-clang, r-devel-windows-ix86+x86_64, r-patched-linux-x86_64, r-patched-solaris-sparc, r-patched-solaris-x86