CRAN Package Check Results for Package tm.plugin.webmining

Last updated on 2017-05-24 22:47:41.

Flavor Version Tinstall Tcheck Ttotal Status Flags
r-devel-linux-x86_64-debian-clang 1.3 2.61 33.44 36.05 NOTE
r-devel-linux-x86_64-debian-gcc 1.3 2.38 33.43 35.81 NOTE
r-devel-linux-x86_64-fedora-clang 1.3 71.41 NOTE --no-stop-on-test-error
r-devel-linux-x86_64-fedora-gcc 1.3 68.13 NOTE --no-stop-on-test-error
r-devel-windows-ix86+x86_64 1.3 7.00 95.00 102.00 NOTE
r-patched-linux-x86_64 1.3 2.44 33.39 35.83 NOTE
r-patched-solaris-sparc 1.3 404.70 NOTE
r-patched-solaris-x86 1.3 91.40 NOTE
r-release-linux-x86_64 1.3 2.30 33.30 35.60 NOTE
r-release-windows-ix86+x86_64 1.3 8.00 98.00 106.00 NOTE
r-release-osx-x86_64 1.3 NOTE
r-oldrel-windows-ix86+x86_64 1.3 8.00 88.00 96.00 NOTE
r-oldrel-osx-x86_64 1.3 NOTE

Check Details

Version: 1.3
Check: R code for possible problems
Result: NOTE
    extractContentDOM: no visible global function definition for
     ‘capture.output’
    extractHTMLStrip: no visible global function definition for
     ‘capture.output’
    Undefined global functions or variables:
     capture.output
    Consider adding
     importFrom("utils", "capture.output")
    to your NAMESPACE file.
Flavors: r-devel-linux-x86_64-debian-clang, r-devel-linux-x86_64-debian-gcc, r-devel-windows-ix86+x86_64, r-patched-linux-x86_64, r-patched-solaris-sparc, r-patched-solaris-x86, r-release-linux-x86_64, r-release-windows-ix86+x86_64, r-release-osx-x86_64, r-oldrel-windows-ix86+x86_64, r-oldrel-osx-x86_64

Version: 1.3
Flags: --no-stop-on-test-error
Check: R code for possible problems
Result: NOTE
    extractContentDOM: no visible global function definition for
     ‘capture.output’
    extractHTMLStrip: no visible global function definition for
     ‘capture.output’
    Undefined global functions or variables:
     capture.output
    Consider adding
     importFrom("utils", "capture.output")
    to your NAMESPACE file.
Flavors: r-devel-linux-x86_64-fedora-clang, r-devel-linux-x86_64-fedora-gcc