CRAN Package Check Results for Package tm.plugin.webmining

Last updated on 2016-05-30 11:48:03.

Flavor Version Tinstall Tcheck Ttotal Status Flags
r-devel-linux-x86_64-debian-gcc 1.3 2.01 28.68 30.69 NOTE
r-devel-linux-x86_64-fedora-clang 1.3 56.96 NOTE
r-devel-linux-x86_64-fedora-gcc 1.3 52.94 NOTE
r-devel-osx-x86_64-clang 1.3 66.27 NOTE
r-devel-windows-ix86+x86_64 1.3 6.00 61.00 67.00 NOTE
r-patched-linux-x86_64 1.3 2.25 28.48 30.74 NOTE
r-patched-solaris-sparc 1.3 346.30 NOTE
r-patched-solaris-x86 1.3 76.80 NOTE
r-release-linux-x86_64 1.3 2.09 27.87 29.96 NOTE
r-release-osx-x86_64-mavericks 1.3 NOTE
r-release-windows-ix86+x86_64 1.3 10.00 62.00 72.00 NOTE
r-oldrel-windows-ix86+x86_64 1.3 7.00 71.00 78.00 OK

Check Details

Version: 1.3
Check: R code for possible problems
Result: NOTE
    extractContentDOM: no visible global function definition for
     ‘capture.output’
    extractHTMLStrip: no visible global function definition for
     ‘capture.output’
    Undefined global functions or variables:
     capture.output
    Consider adding
     importFrom("utils", "capture.output")
    to your NAMESPACE file.
Flavors: r-devel-linux-x86_64-debian-gcc, r-devel-linux-x86_64-fedora-clang, r-devel-linux-x86_64-fedora-gcc, r-devel-osx-x86_64-clang, r-devel-windows-ix86+x86_64, r-patched-linux-x86_64, r-patched-solaris-sparc, r-patched-solaris-x86, r-release-linux-x86_64, r-release-osx-x86_64-mavericks, r-release-windows-ix86+x86_64