CRAN Package Check Results for Package tm.plugin.webmining

Last updated on 2016-06-25 16:48:09.

Flavor Version Tinstall Tcheck Ttotal Status Flags
r-devel-linux-x86_64-debian-gcc 1.3 1.98 29.45 31.43 NOTE
r-devel-linux-x86_64-fedora-clang 1.3 56.70 NOTE
r-devel-linux-x86_64-fedora-gcc 1.3 55.16 NOTE
r-devel-osx-x86_64-clang 1.3 49.11 NOTE
r-devel-windows-ix86+x86_64 1.3 10.00 92.00 102.00 NOTE
r-patched-linux-x86_64 1.3 2.18 29.45 31.63 NOTE
r-patched-solaris-sparc 1.3 347.50 NOTE
r-patched-solaris-x86 1.3 76.90 NOTE
r-release-linux-x86_64 1.3 2.08 29.71 31.79 NOTE
r-release-osx-x86_64-mavericks 1.3 NOTE
r-release-windows-ix86+x86_64 1.3 10.00 55.00 65.00 NOTE
r-oldrel-windows-ix86+x86_64 1.3 11.00 81.00 92.00 OK

Check Details

Version: 1.3
Check: R code for possible problems
Result: NOTE
    extractContentDOM: no visible global function definition for
     ‘capture.output’
    extractHTMLStrip: no visible global function definition for
     ‘capture.output’
    Undefined global functions or variables:
     capture.output
    Consider adding
     importFrom("utils", "capture.output")
    to your NAMESPACE file.
Flavors: r-devel-linux-x86_64-debian-gcc, r-devel-linux-x86_64-fedora-clang, r-devel-linux-x86_64-fedora-gcc, r-devel-osx-x86_64-clang, r-devel-windows-ix86+x86_64, r-patched-linux-x86_64, r-patched-solaris-sparc, r-patched-solaris-x86, r-release-linux-x86_64, r-release-osx-x86_64-mavericks, r-release-windows-ix86+x86_64