CRAN Package Check Results for Package tm.plugin.webmining

Last updated on 2015-07-05 03:47:50.

Flavor Version Tinstall Tcheck Ttotal Status Flags
r-devel-linux-x86_64-debian-clang 1.3 2.03 29.00 31.03 NOTE
r-devel-linux-x86_64-debian-gcc 1.3 2.12 28.05 30.17 NOTE
r-devel-linux-x86_64-fedora-clang 1.3 62.33 NOTE
r-devel-linux-x86_64-fedora-gcc 1.3 58.05 NOTE
r-devel-osx-x86_64-clang 1.3 53.59 OK
r-devel-windows-ix86+x86_64 1.3 6.00 53.00 59.00 NOTE
r-patched-linux-x86_64 1.3 2.02 28.69 30.71 OK
r-patched-solaris-sparc 1.3 406.60 OK
r-patched-solaris-x86 1.3 96.80 OK
r-release-linux-x86_64 1.3 2.01 28.63 30.64 OK
r-release-osx-x86_64-mavericks 1.3 OK
r-release-windows-ix86+x86_64 1.3 10.00 44.00 54.00 OK
r-oldrel-windows-ix86+x86_64 1.3 14.00 66.00 80.00 OK

Check Details

Version: 1.3
Check: R code for possible problems
Result: NOTE
    extractContentDOM: no visible global function definition for
     ‘capture.output’
    extractHTMLStrip: no visible global function definition for
     ‘capture.output’
    Undefined global functions or variables:
     capture.output
Flavors: r-devel-linux-x86_64-debian-clang, r-devel-linux-x86_64-debian-gcc, r-devel-linux-x86_64-fedora-clang, r-devel-linux-x86_64-fedora-gcc, r-devel-windows-ix86+x86_64