CRAN Package Check Results for Package tm.plugin.webmining

Last updated on 2014-04-24 21:47:52.

Flavor Version Tinstall Tcheck Ttotal Status Flags
r-devel-linux-x86_64-debian-clang 0.9 3.35 41.82 45.17 NOTE
r-devel-linux-x86_64-debian-gcc 0.9 3.24 40.72 43.96 NOTE
r-devel-linux-x86_64-fedora-clang 0.9 92.89 NOTE
r-devel-linux-x86_64-fedora-gcc 0.9 89.90 NOTE
r-devel-osx-x86_64-clang 0.9 84.44 NOTE
r-devel-osx-x86_64-gcc 0.9 ERROR
r-devel-windows-ix86+x86_64 0.9 10.00 67.00 77.00 NOTE
r-patched-linux-x86_64 0.9 3.35 41.16 44.51 NOTE
r-patched-solaris-sparc 0.9 517.50 NOTE
r-patched-solaris-x86 0.9 122.20 NOTE
r-release-linux-ix86 0.9 6.00 72.00 78.00 NOTE
r-release-linux-x86_64 0.9 3.35 41.12 44.47 NOTE
r-release-osx-x86_64-mavericks 0.9 WARN
r-release-osx-x86_64-snowleopard 0.9 NOTE
r-release-windows-ix86+x86_64 0.9 10.00 68.00 78.00 NOTE
r-oldrel-windows-ix86+x86_64 0.9 10.00 61.00 71.00 NOTE

Check Details

Version: 0.9
Check: dependencies in R code
Result: NOTE
    Package in Depends field not imported from: ‘boilerpipeR’
     These packages need to be imported from (in the NAMESPACE file)
     for when this namespace is loaded but not attached.
    ':::' calls which should be '::':
     ‘XML:::free’ ‘XML:::saveXML’
     See the note in ?`:::` about the use of this operator.
    Missing object imported by a ':::' call: ‘tm:::.Source’
    Unexported objects imported by ':::' calls:
     ‘tm:::.VCorpus’ ‘tm:::.xml_content’
     See the note in ?`:::` about the use of this operator.
    See the information on DESCRIPTION files in the chapter ‘Creating R
    packages’ of the ‘Writing R Extensions’ manual.
Flavors: r-devel-linux-x86_64-debian-clang, r-devel-linux-x86_64-debian-gcc, r-devel-linux-x86_64-fedora-clang, r-devel-linux-x86_64-fedora-gcc, r-devel-osx-x86_64-clang, r-devel-windows-ix86+x86_64, r-patched-linux-x86_64, r-patched-solaris-sparc, r-patched-solaris-x86, r-release-linux-ix86, r-release-linux-x86_64, r-release-osx-x86_64-mavericks, r-release-windows-ix86+x86_64, r-oldrel-windows-ix86+x86_64

Version: 0.9
Check: R code for possible problems
Result: NOTE
    corpus.update.WebCorpus: possible error in Corpus(newsource,
     readerControl = cm$MetaData$ReaderControl, postFUN = NULL, ...):
     unused argument (postFUN = NULL)
Flavors: r-devel-linux-x86_64-debian-clang, r-devel-linux-x86_64-debian-gcc, r-devel-linux-x86_64-fedora-clang, r-devel-linux-x86_64-fedora-gcc, r-devel-osx-x86_64-clang, r-devel-windows-ix86+x86_64, r-patched-linux-x86_64, r-patched-solaris-sparc, r-patched-solaris-x86, r-release-linux-ix86, r-release-linux-x86_64, r-release-osx-x86_64-mavericks, r-release-windows-ix86+x86_64, r-oldrel-windows-ix86+x86_64

Version: 0.9
Check: Rd line widths
Result: NOTE
    Rd file 'GoogleFinanceSource.Rd':
     \usage lines wider than 90 characters:
     params = list(hl = "en", q = query, ie = "utf-8", start = 0, num = 20, output = "rss"),
    
    Rd file 'NYTimesSource.Rd':
     \usage lines wider than 90 characters:
     params = list(format = "json", query = query, offset = seq(0, n - count, by = count), `api-key` = appid),
    
    Rd file 'WebSource.Rd':
     \usage lines wider than 90 characters:
     curlOpts = curlOptions(followlocation = TRUE, maxconnects = 20, maxredirs = 10, timeout = 30, connecttimeout = 30))
    
    Rd file 'getLinkContent.Rd':
     \usage lines wider than 90 characters:
     curlOpts = curlOptions(verbose = FALSE, followlocation = TRUE, maxconnects = 5, maxredirs = 10, timeout = timeout.request, connectt ... [TRUNCATED]
    
    Rd file 'rbloggers.Rd':
     \examples lines wider than 100 characters:
     rbloggers <- WebCorpus(GoogleReaderSource("http://feeds.feedburner.com/RBloggers", token, params = list(n = 1000)),
    
    These lines will be truncated in the PDF manual.
Flavors: r-devel-linux-x86_64-fedora-clang, r-devel-linux-x86_64-fedora-gcc

Version: 0.9
Check: package dependencies
Result: ERROR
    Packages required but not available: ‘tm’ ‘XML’
    
    See the information on DESCRIPTION files in the chapter ‘Creating R
    packages’ of the ‘Writing R Extensions’ manual.
Flavor: r-devel-osx-x86_64-gcc

Version: 0.9
Check: PDF version of manual
Result: WARNING
    LaTeX errors when creating PDF version.
    This typically indicates Rd problems.
    LaTeX errors found:
    ! LaTeX Error: File `upquote.sty' not found.
    
    Type X to quit or <RETURN> to proceed,
    or enter new name. (Default extension: sty)
    
    606e2e17/Rd2.tex:8: ==> Fatal error occurred, no output PDF file produced!
Flavor: r-release-osx-x86_64-mavericks

Version: 0.9
Check: dependencies in R code
Result: NOTE
    Package in Depends field not imported from: 'boilerpipeR'
     These packages need to be imported from for the case when
     this namespace is loaded but not attached.
    ':::' calls which should be '::':
     'XML:::free' 'XML:::saveXML'
     See the note in ?`:::` about the use of this operator.
    Unexported objects imported by ':::' calls:
     'tm:::.Source' 'tm:::.VCorpus' 'tm:::.xml_content'
     See the note in ?`:::` about the use of this operator.
    See the information on DESCRIPTION files in the chapter 'Creating R
    packages' of the 'Writing R Extensions' manual.
Flavor: r-release-osx-x86_64-snowleopard