CRAN Package Check Results for Package tm.plugin.webmining

Last updated on 2018-04-25 19:47:36 CEST.

Flavor Version Tinstall Tcheck Ttotal Status Flags
r-devel-linux-x86_64-debian-clang 1.3 4.70 56.42 61.12 NOTE
r-devel-linux-x86_64-debian-gcc 1.3 3.74 45.52 49.26 NOTE
r-devel-linux-x86_64-fedora-clang 1.3 68.75 NOTE
r-devel-linux-x86_64-fedora-gcc 1.3 67.55 NOTE
r-devel-windows-ix86+x86_64 1.3 11.00 71.00 82.00 NOTE
r-patched-linux-x86_64 1.3 4.22 56.07 60.29 NOTE
r-patched-solaris-x86 1.3 121.90 NOTE
r-release-linux-x86_64 1.3 4.46 56.38 60.84 NOTE
r-release-windows-ix86+x86_64 1.3 11.00 71.00 82.00 NOTE
r-release-osx-x86_64 1.3 NOTE
r-oldrel-windows-ix86+x86_64 1.3 8.00 101.00 109.00 NOTE
r-oldrel-osx-x86_64 1.3 NOTE

Check Details

Version: 1.3
Check: R code for possible problems
Result: NOTE
    extractContentDOM: no visible global function definition for
     ‘capture.output’
    extractHTMLStrip: no visible global function definition for
     ‘capture.output’
    Undefined global functions or variables:
     capture.output
    Consider adding
     importFrom("utils", "capture.output")
    to your NAMESPACE file.
Flavors: r-devel-linux-x86_64-debian-clang, r-devel-linux-x86_64-debian-gcc, r-devel-linux-x86_64-fedora-clang, r-devel-linux-x86_64-fedora-gcc, r-devel-windows-ix86+x86_64, r-patched-linux-x86_64, r-patched-solaris-x86, r-release-linux-x86_64, r-release-windows-ix86+x86_64, r-release-osx-x86_64, r-oldrel-windows-ix86+x86_64, r-oldrel-osx-x86_64