Last updated on 2023-03-24 22:00:07 CET.
Flavor | Version | Tinstall | Tcheck | Ttotal | Status | Flags |
---|---|---|---|---|---|---|
r-devel-linux-x86_64-debian-clang | 1.1.8 | 3.82 | 28.31 | 32.13 | NOTE | |
r-devel-linux-x86_64-debian-gcc | 1.1.8 | 2.78 | 21.77 | 24.55 | NOTE | |
r-devel-linux-x86_64-fedora-clang | 1.1.8 | 40.47 | NOTE | |||
r-devel-linux-x86_64-fedora-gcc | 1.1.8 | 38.25 | NOTE | |||
r-patched-linux-x86_64 | 1.1.8 | 3.69 | 28.28 | 31.97 | NOTE | |
r-release-linux-x86_64 | 1.1.8 | 3.36 | 26.80 | 30.16 | NOTE | |
r-release-macos-arm64 | 1.1.8 | 15.00 | NOTE | |||
r-release-macos-x86_64 | 1.1.8 | 21.00 | NOTE | |||
r-release-windows-x86_64 | 1.1.8 | 21.00 | 63.00 | 84.00 | NOTE | |
r-oldrel-macos-arm64 | 1.1.8 | 22.00 | NOTE | |||
r-oldrel-macos-x86_64 | 1.1.8 | 29.00 | NOTE | |||
r-oldrel-windows-ix86+x86_64 | 1.1.8 | 7.00 | 50.00 | 57.00 | NOTE |
Version: 1.1.8
Check: LazyData
Result: NOTE
'LazyData' is specified without a 'data' directory
Flavors: r-devel-linux-x86_64-debian-clang, r-devel-linux-x86_64-debian-gcc, r-devel-linux-x86_64-fedora-clang, r-devel-linux-x86_64-fedora-gcc, r-patched-linux-x86_64, r-release-linux-x86_64, r-release-macos-arm64, r-release-macos-x86_64, r-release-windows-x86_64, r-oldrel-macos-arm64, r-oldrel-macos-x86_64, r-oldrel-windows-ix86+x86_64