CRAN Package Check Results for Package tmg

Last updated on 2015-02-28 12:51:31.

Flavor Version Tinstall Tcheck Ttotal Status Flags
r-devel-linux-x86_64-debian-clang 0.3 9.39 12.16 21.55 OK
r-devel-linux-x86_64-debian-gcc 0.3 11.16 11.64 22.80 OK
r-devel-linux-x86_64-fedora-clang 0.3 44.34 OK
r-devel-linux-x86_64-fedora-gcc 0.3 42.96 OK
r-devel-osx-x86_64-clang 0.3 39.74 OK
r-devel-windows-ix86+x86_64 0.3 38.00 28.00 66.00 OK
r-patched-linux-x86_64 0.3 11.28 13.57 24.85 OK
r-patched-solaris-sparc 0.3 257.80 OK
r-patched-solaris-x86 0.3 65.00 OK
r-release-linux-ix86 0.3 13.26 19.59 32.84 OK
r-release-linux-x86_64 0.3 11.54 13.60 25.15 OK
r-release-osx-x86_64-mavericks 0.3 OK
r-release-osx-x86_64-snowleopard 0.3 ERROR
r-release-windows-ix86+x86_64 0.3 36.00 35.00 71.00 OK
r-oldrel-windows-ix86+x86_64 0.3 4.00 2.00 6.00 ERROR

Check Details

Version: 0.3
Check: whether package can be installed
Result: ERROR
    Installation failed.
Flavors: r-release-osx-x86_64-snowleopard, r-oldrel-windows-ix86+x86_64