CRAN Package Check Results for Package tmg

Last updated on 2017-10-20 04:47:33.

Flavor Version Tinstall Tcheck Ttotal Status Flags
r-devel-linux-x86_64-debian-clang 0.3 13.23 12.95 26.18 NOTE
r-devel-linux-x86_64-debian-gcc 0.3 13.56 14.18 27.74 NOTE
r-devel-linux-x86_64-fedora-clang 0.3 52.48 NOTE
r-devel-linux-x86_64-fedora-gcc 0.3 49.07 NOTE
r-devel-windows-ix86+x86_64 0.3 56.00 45.00 101.00 OK
r-patched-linux-x86_64 0.3 13.69 13.57 27.26 NOTE
r-patched-solaris-x86 0.3 56.00 OK
r-release-linux-x86_64 0.3 13.74 13.65 27.39 NOTE
r-release-windows-ix86+x86_64 0.3 58.00 43.00 101.00 OK
r-release-osx-x86_64 0.3 OK
r-oldrel-windows-ix86+x86_64 0.3 37.00 52.00 89.00 OK
r-oldrel-osx-x86_64 0.3 OK

Additional issues

valgrind

Check Details

Version: 0.3
Check: compiled code
Result: NOTE
    File ‘tmg/libs/tmg.so’:
     Found no calls to: ‘R_registerRoutines’, ‘R_useDynamicSymbols’
    
    It is good practice to register native routines and to disable symbol
    search.
    
    See ‘Writing portable packages’ in the ‘Writing R Extensions’ manual.
Flavors: r-devel-linux-x86_64-debian-clang, r-devel-linux-x86_64-debian-gcc, r-devel-linux-x86_64-fedora-clang, r-devel-linux-x86_64-fedora-gcc, r-patched-linux-x86_64, r-release-linux-x86_64

Version: 0.3
Check: installed package size
Result: NOTE
     installed size is 5.2Mb
     sub-directories of 1Mb or more:
     libs 4.8Mb
Flavor: r-devel-linux-x86_64-fedora-gcc