CRAN Package Check Results for Package tmg

Last updated on 2017-03-29 18:47:41.

Flavor Version Tinstall Tcheck Ttotal Status Flags
r-devel-linux-x86_64-debian-clang 0.3 8.64 14.53 23.16 NOTE
r-devel-linux-x86_64-debian-gcc 0.3 8.82 14.57 23.40 NOTE
r-devel-linux-x86_64-fedora-clang 0.3 49.21 NOTE --no-stop-on-test-error
r-devel-linux-x86_64-fedora-gcc 0.3 44.77 NOTE --no-stop-on-test-error
r-devel-macos-x86_64-clang 0.3 36.75 NOTE --no-stop-on-test-error
r-devel-windows-ix86+x86_64 0.3 41.00 58.00 99.00 OK
r-patched-linux-x86_64 0.3 8.17 14.83 23.00 NOTE
r-patched-solaris-sparc 0.3 239.80 OK
r-patched-solaris-x86 0.3 57.10 OK
r-release-linux-x86_64 0.3 11.12 11.25 22.37 OK
r-release-osx-x86_64-mavericks 0.3 OK
r-release-windows-ix86+x86_64 0.3 50.00 83.00 133.00 OK
r-oldrel-windows-ix86+x86_64 0.3 62.00 49.00 111.00 OK

Check Details

Version: 0.3
Check: compiled code
Result: NOTE
    File ‘tmg/libs/tmg.so’:
     Found no calls to: ‘R_registerRoutines’, ‘R_useDynamicSymbols’
    
    It is good practice to register native routines and to disable symbol
    search.
    
    See ‘Writing portable packages’ in the ‘Writing R Extensions’ manual.
Flavors: r-devel-linux-x86_64-debian-clang, r-devel-linux-x86_64-debian-gcc, r-patched-linux-x86_64

Version: 0.3
Flags: --no-stop-on-test-error
Check: compiled code
Result: NOTE
    File ‘tmg/libs/tmg.so’:
     Found no calls to: ‘R_registerRoutines’, ‘R_useDynamicSymbols’
    
    It is good practice to register native routines and to disable symbol
    search.
    
    See ‘Writing portable packages’ in the ‘Writing R Extensions’ manual.
Flavors: r-devel-linux-x86_64-fedora-clang, r-devel-linux-x86_64-fedora-gcc, r-devel-macos-x86_64-clang