CRAN Package Check Results for Package tmg

Last updated on 2015-03-29 19:48:56.

Flavor Version Tinstall Tcheck Ttotal Status Flags
r-devel-linux-x86_64-debian-clang 0.3 9.55 11.94 21.50 OK
r-devel-linux-x86_64-debian-gcc 0.3 11.68 11.77 23.45 OK
r-devel-linux-x86_64-fedora-clang 0.3 46.22 OK
r-devel-linux-x86_64-fedora-gcc 0.3 43.75 OK
r-devel-osx-x86_64-clang 0.3 38.16 OK
r-prerel-windows-ix86+x86_64 0.3 42.00 31.00 73.00 OK
r-prerel-linux-x86_64 0.3 11.23 11.78 23.00 OK
r-prerel-solaris-sparc 0.3 268.30 OK
r-prerel-solaris-x86 0.3 58.70 OK
r-release-linux-x86_64 0.3 11.24 13.86 25.11 OK
r-release-osx-x86_64-mavericks 0.3 OK
r-release-osx-x86_64-snowleopard 0.3 ERROR
r-release-windows-ix86+x86_64 0.3 32.00 37.00 69.00 OK
r-oldrel-windows-ix86+x86_64 0.3 5.00 1.00 6.00 ERROR

Check Details

Version: 0.3
Check: whether package can be installed
Result: ERROR
    Installation failed.
Flavors: r-release-osx-x86_64-snowleopard, r-oldrel-windows-ix86+x86_64