CRAN Package Check Results for Package tmg

Last updated on 2017-02-24 10:48:06.

Flavor Version Tinstall Tcheck Ttotal Status Flags
r-devel-linux-x86_64-debian-clang 0.3 12.19 13.55 25.73 NOTE
r-devel-linux-x86_64-debian-gcc 0.3 12.74 13.17 25.91 NOTE
r-devel-linux-x86_64-fedora-clang 0.3 46.30 NOTE --no-stop-on-test-error
r-devel-linux-x86_64-fedora-gcc 0.3 44.12 NOTE --no-stop-on-test-error
r-devel-macos-x86_64-clang 0.3 37.23 NOTE --no-stop-on-test-error
r-devel-windows-ix86+x86_64 0.3 65.00 70.00 135.00 OK
r-patched-linux-x86_64 0.3 11.33 11.30 22.63 OK
r-patched-solaris-sparc 0.3 213.10 OK
r-patched-solaris-x86 0.3 47.60 OK
r-release-linux-x86_64 0.3 11.44 11.57 23.00 OK
r-release-osx-x86_64-mavericks 0.3 OK
r-release-windows-ix86+x86_64 0.3 75.00 52.00 127.00 OK
r-oldrel-windows-ix86+x86_64 0.3 43.00 82.00 125.00 OK

Check Details

Version: 0.3
Check: compiled code
Result: NOTE
    File ‘tmg/libs/tmg.so’:
     Found no calls to: ‘R_registerRoutines’, ‘R_useDynamicSymbols’
    
    It is good practice to register native routines and to disable symbol
    search.
    
    See ‘Writing portable packages’ in the ‘Writing R Extensions’ manual.
Flavors: r-devel-linux-x86_64-debian-clang, r-devel-linux-x86_64-debian-gcc

Version: 0.3
Flags: --no-stop-on-test-error
Check: compiled code
Result: NOTE
    File ‘tmg/libs/tmg.so’:
     Found no calls to: ‘R_registerRoutines’, ‘R_useDynamicSymbols’
    
    It is good practice to register native routines and to disable symbol
    search.
    
    See ‘Writing portable packages’ in the ‘Writing R Extensions’ manual.
Flavors: r-devel-linux-x86_64-fedora-clang, r-devel-linux-x86_64-fedora-gcc, r-devel-macos-x86_64-clang