CRAN Package Check Results for Package tmg

Last updated on 2015-05-24 22:47:18.

Flavor Version Tinstall Tcheck Ttotal Status Flags
r-devel-linux-x86_64-debian-clang 0.3 9.68 11.96 21.63 OK
r-devel-linux-x86_64-debian-gcc 0.3 11.37 12.12 23.49 OK
r-devel-linux-x86_64-fedora-clang 0.3 44.91 OK
r-devel-linux-x86_64-fedora-gcc 0.3 43.83 OK
r-devel-osx-x86_64-clang 0.3 37.18 OK
r-devel-windows-ix86+x86_64 0.3 31.00 32.00 63.00 OK
r-patched-linux-x86_64 0.3 11.17 11.84 23.01 OK
r-patched-solaris-sparc 0.3 265.40 OK
r-patched-solaris-x86 0.3 61.50 OK
r-release-linux-x86_64 0.3 12.46 11.99 24.45 OK
r-release-osx-x86_64-mavericks 0.3 OK
r-release-osx-x86_64-snowleopard 0.3 ERROR
r-release-windows-ix86+x86_64 0.3 31.00 36.00 67.00 OK
r-oldrel-windows-ix86+x86_64 0.3 28.00 57.00 85.00 OK

Check Details

Version: 0.3
Check: whether package can be installed
Result: ERROR
    Installation failed.
Flavor: r-release-osx-x86_64-snowleopard