CRAN Package Check Results for Package tmg

Last updated on 2017-06-29 17:50:36.

Flavor Version Tinstall Tcheck Ttotal Status Flags
r-devel-linux-x86_64-debian-clang 0.3 13.58 13.64 27.22 NOTE
r-devel-linux-x86_64-debian-gcc 0.3 13.91 14.00 27.91 NOTE
r-devel-linux-x86_64-fedora-clang 0.3 53.30 NOTE
r-devel-linux-x86_64-fedora-gcc 0.3 48.18 NOTE
r-devel-windows-ix86+x86_64 0.3 55.00 48.00 103.00 OK
r-patched-linux-x86_64 0.3 13.80 13.25 27.06 NOTE
r-patched-solaris-sparc 0.3 239.80 OK
r-patched-solaris-x86 0.3 55.60 OK
r-release-linux-x86_64 0.3 13.65 13.20 26.85 NOTE
r-release-windows-ix86+x86_64 0.3 43.00 61.00 104.00 OK
r-release-osx-x86_64 0.3 OK
r-oldrel-windows-ix86+x86_64 0.3 56.00 43.00 99.00 OK
r-oldrel-osx-x86_64 0.3 OK

Additional issues

valgrind

Check Details

Version: 0.3
Check: compiled code
Result: NOTE
    File ‘tmg/libs/tmg.so’:
     Found no calls to: ‘R_registerRoutines’, ‘R_useDynamicSymbols’
    
    It is good practice to register native routines and to disable symbol
    search.
    
    See ‘Writing portable packages’ in the ‘Writing R Extensions’ manual.
Flavors: r-devel-linux-x86_64-debian-clang, r-devel-linux-x86_64-debian-gcc, r-devel-linux-x86_64-fedora-clang, r-devel-linux-x86_64-fedora-gcc, r-patched-linux-x86_64, r-release-linux-x86_64

Version: 0.3
Check: installed package size
Result: NOTE
     installed size is 5.2Mb
     sub-directories of 1Mb or more:
     libs 4.9Mb
Flavor: r-devel-linux-x86_64-fedora-gcc