CRAN Package Check Results for Package tmg

Last updated on 2017-05-24 07:50:15.

Flavor Version Tinstall Tcheck Ttotal Status Flags
r-devel-linux-x86_64-debian-clang 0.3 13.06 13.44 26.50 NOTE
r-devel-linux-x86_64-debian-gcc 0.3 13.45 13.52 26.97 NOTE
r-devel-linux-x86_64-fedora-clang 0.3 51.81 NOTE --no-stop-on-test-error
r-devel-linux-x86_64-fedora-gcc 0.3 49.41 NOTE --no-stop-on-test-error
r-devel-windows-ix86+x86_64 0.3 45.00 60.00 105.00 OK
r-patched-linux-x86_64 0.3 11.73 13.40 25.13 NOTE
r-patched-solaris-sparc 0.3 239.80 OK
r-patched-solaris-x86 0.3 55.70 OK --no-stop-on-test-error
r-release-linux-x86_64 0.3 11.98 13.48 25.46 NOTE
r-release-windows-ix86+x86_64 0.3 39.00 63.00 102.00 OK
r-release-osx-x86_64 0.3 OK
r-oldrel-windows-ix86+x86_64 0.3 51.00 51.00 102.00 OK
r-oldrel-osx-x86_64 0.3 OK

Additional issues

valgrind

Check Details

Version: 0.3
Check: compiled code
Result: NOTE
    File ‘tmg/libs/tmg.so’:
     Found no calls to: ‘R_registerRoutines’, ‘R_useDynamicSymbols’
    
    It is good practice to register native routines and to disable symbol
    search.
    
    See ‘Writing portable packages’ in the ‘Writing R Extensions’ manual.
Flavors: r-devel-linux-x86_64-debian-clang, r-devel-linux-x86_64-debian-gcc, r-patched-linux-x86_64, r-release-linux-x86_64

Version: 0.3
Flags: --no-stop-on-test-error
Check: compiled code
Result: NOTE
    File ‘tmg/libs/tmg.so’:
     Found no calls to: ‘R_registerRoutines’, ‘R_useDynamicSymbols’
    
    It is good practice to register native routines and to disable symbol
    search.
    
    See ‘Writing portable packages’ in the ‘Writing R Extensions’ manual.
Flavors: r-devel-linux-x86_64-fedora-clang, r-devel-linux-x86_64-fedora-gcc

Version: 0.3
Flags: --no-stop-on-test-error
Check: installed package size
Result: NOTE
     installed size is 5.2Mb
     sub-directories of 1Mb or more:
     libs 4.9Mb
Flavor: r-devel-linux-x86_64-fedora-gcc