CRAN Package Check Results for Package tmg

Last updated on 2018-02-21 13:51:08 CET.

Flavor Version Tinstall Tcheck Ttotal Status Flags
r-devel-linux-x86_64-debian-clang 0.3 18.58 19.86 38.44 NOTE
r-devel-linux-x86_64-debian-gcc 0.3 15.52 16.41 31.93 NOTE
r-devel-linux-x86_64-fedora-clang 0.3 52.81 NOTE
r-devel-linux-x86_64-fedora-gcc 0.3 49.18 NOTE
r-devel-windows-ix86+x86_64 0.3 40.00 53.00 93.00 OK
r-patched-linux-x86_64 0.3 18.94 19.62 38.56 NOTE
r-patched-solaris-x86 0.3 55.70 OK
r-release-linux-x86_64 0.3 19.18 19.70 38.88 NOTE
r-release-windows-ix86+x86_64 0.3 55.00 48.00 103.00 OK
r-release-osx-x86_64 0.3 OK
r-oldrel-windows-ix86+x86_64 0.3 40.00 57.00 97.00 OK
r-oldrel-osx-x86_64 0.3 OK

Additional issues

valgrind

Check Details

Version: 0.3
Check: compiled code
Result: NOTE
    File ‘tmg/libs/tmg.so’:
     Found no calls to: ‘R_registerRoutines’, ‘R_useDynamicSymbols’
    
    It is good practice to register native routines and to disable symbol
    search.
    
    See ‘Writing portable packages’ in the ‘Writing R Extensions’ manual.
Flavors: r-devel-linux-x86_64-debian-clang, r-devel-linux-x86_64-debian-gcc, r-devel-linux-x86_64-fedora-clang, r-devel-linux-x86_64-fedora-gcc, r-patched-linux-x86_64, r-release-linux-x86_64

Version: 0.3
Check: installed package size
Result: NOTE
     installed size is 5.2Mb
     sub-directories of 1Mb or more:
     libs 4.8Mb
Flavor: r-devel-linux-x86_64-fedora-gcc