CRAN Package Check Results for Package tmg

Last updated on 2017-08-24 00:53:46.

Flavor Version Tinstall Tcheck Ttotal Status Flags
r-devel-linux-x86_64-debian-clang 0.3 13.77 14.24 28.01 NOTE
r-devel-linux-x86_64-debian-gcc 0.3 13.93 13.59 27.51 NOTE
r-devel-linux-x86_64-fedora-clang 0.3 51.53 NOTE
r-devel-linux-x86_64-fedora-gcc 0.3 49.50 NOTE
r-devel-windows-ix86+x86_64 0.3 56.00 47.00 103.00 OK
r-patched-linux-x86_64 0.3 14.04 13.75 27.79 NOTE
r-patched-solaris-x86 0.3 57.50 OK
r-release-linux-x86_64 0.3 13.75 13.71 27.46 NOTE
r-release-windows-ix86+x86_64 0.3 39.00 56.00 95.00 OK
r-release-osx-x86_64 0.3 OK
r-oldrel-windows-ix86+x86_64 0.3 59.00 59.00 118.00 OK
r-oldrel-osx-x86_64 0.3 OK

Additional issues

valgrind

Check Details

Version: 0.3
Check: compiled code
Result: NOTE
    File ‘tmg/libs/tmg.so’:
     Found no calls to: ‘R_registerRoutines’, ‘R_useDynamicSymbols’
    
    It is good practice to register native routines and to disable symbol
    search.
    
    See ‘Writing portable packages’ in the ‘Writing R Extensions’ manual.
Flavors: r-devel-linux-x86_64-debian-clang, r-devel-linux-x86_64-debian-gcc, r-devel-linux-x86_64-fedora-clang, r-devel-linux-x86_64-fedora-gcc, r-patched-linux-x86_64, r-release-linux-x86_64

Version: 0.3
Check: installed package size
Result: NOTE
     installed size is 5.2Mb
     sub-directories of 1Mb or more:
     libs 4.9Mb
Flavor: r-devel-linux-x86_64-fedora-gcc