CRAN Package Check Results for Package tmg

Last updated on 2017-12-12 12:47:00 CET.

Flavor Version Tinstall Tcheck Ttotal Status Flags
r-devel-linux-x86_64-debian-clang 0.3 18.42 17.76 36.18 NOTE
r-devel-linux-x86_64-debian-gcc 0.3 16.55 14.96 31.51 NOTE
r-devel-linux-x86_64-fedora-clang 0.3 47.34 NOTE
r-devel-linux-x86_64-fedora-gcc 0.3 45.83 NOTE
r-devel-windows-ix86+x86_64 0.3 54.00 62.00 116.00 OK
r-patched-linux-x86_64 0.3 18.10 19.29 37.39 NOTE
r-patched-solaris-x86 0.3 56.50 OK
r-release-linux-x86_64 0.3 19.06 19.27 38.33 NOTE
r-release-windows-ix86+x86_64 0.3 42.00 72.00 114.00 OK
r-release-osx-x86_64 0.3 OK
r-oldrel-windows-ix86+x86_64 0.3 55.00 50.00 105.00 OK
r-oldrel-osx-x86_64 0.3 OK

Additional issues

valgrind

Check Details

Version: 0.3
Check: compiled code
Result: NOTE
    File ‘tmg/libs/tmg.so’:
     Found no calls to: ‘R_registerRoutines’, ‘R_useDynamicSymbols’
    
    It is good practice to register native routines and to disable symbol
    search.
    
    See ‘Writing portable packages’ in the ‘Writing R Extensions’ manual.
Flavors: r-devel-linux-x86_64-debian-clang, r-devel-linux-x86_64-debian-gcc, r-devel-linux-x86_64-fedora-clang, r-devel-linux-x86_64-fedora-gcc, r-patched-linux-x86_64, r-release-linux-x86_64

Version: 0.3
Check: installed package size
Result: NOTE
     installed size is 5.2Mb
     sub-directories of 1Mb or more:
     libs 4.8Mb
Flavor: r-devel-linux-x86_64-fedora-gcc