CRAN Package Check Results for Package tmvtnorm

Last updated on 2017-06-22 15:48:59.

Flavor Version Tinstall Tcheck Ttotal Status Flags
r-devel-linux-x86_64-debian-clang 1.4-10 3.96 55.91 59.87 NOTE
r-devel-linux-x86_64-debian-gcc 1.4-10 3.95 53.66 57.62 NOTE
r-devel-linux-x86_64-fedora-clang 1.4-10 133.36 NOTE
r-devel-linux-x86_64-fedora-gcc 1.4-10 118.45 NOTE
r-devel-windows-ix86+x86_64 1.4-10 19.00 179.00 198.00 OK
r-patched-linux-x86_64 1.4-10 3.73 54.90 58.62 NOTE
r-patched-solaris-sparc 1.4-10 702.20 OK
r-patched-solaris-x86 1.4-10 150.00 OK
r-release-linux-x86_64 1.4-10 4.06 53.95 58.01 NOTE
r-release-windows-ix86+x86_64 1.4-10 24.00 151.00 175.00 OK
r-release-osx-x86_64 1.4-10 OK
r-oldrel-windows-ix86+x86_64 1.4-10 18.00 126.00 144.00 OK
r-oldrel-osx-x86_64 1.4-10 OK

Check Details

Version: 1.4-10
Check: compiled code
Result: NOTE
    File ‘tmvtnorm/libs/tmvtnorm.so’:
     Found no calls to: ‘R_registerRoutines’, ‘R_useDynamicSymbols’
    
    It is good practice to register native routines and to disable symbol
    search.
    
    See ‘Writing portable packages’ in the ‘Writing R Extensions’ manual.
Flavors: r-devel-linux-x86_64-debian-clang, r-devel-linux-x86_64-debian-gcc, r-devel-linux-x86_64-fedora-clang, r-devel-linux-x86_64-fedora-gcc, r-patched-linux-x86_64, r-release-linux-x86_64