CRAN Package Check Results for Package tmvtnorm

Last updated on 2017-03-29 20:49:59.

Flavor Version Tinstall Tcheck Ttotal Status Flags
r-devel-linux-x86_64-debian-clang 1.4-10 3.69 54.14 57.84 NOTE
r-devel-linux-x86_64-debian-gcc 1.4-10 4.01 53.32 57.33 NOTE
r-devel-linux-x86_64-fedora-clang 1.4-10 118.33 NOTE --no-stop-on-test-error
r-devel-linux-x86_64-fedora-gcc 1.4-10 117.07 NOTE --no-stop-on-test-error
r-devel-macos-x86_64-clang 1.4-10 93.78 NOTE --no-stop-on-test-error
r-devel-windows-ix86+x86_64 1.4-10 16.00 179.00 195.00 OK
r-patched-linux-x86_64 1.4-10 3.81 53.10 56.90 NOTE
r-patched-solaris-sparc 1.4-10 702.20 OK
r-patched-solaris-x86 1.4-10 154.50 OK
r-release-linux-x86_64 1.4-10 3.50 47.56 51.06 OK
r-release-osx-x86_64-mavericks 1.4-10 OK
r-release-windows-ix86+x86_64 1.4-10 18.00 222.00 240.00 OK
r-oldrel-windows-ix86+x86_64 1.4-10 29.00 158.00 187.00 OK

Check Details

Version: 1.4-10
Check: compiled code
Result: NOTE
    File ‘tmvtnorm/libs/tmvtnorm.so’:
     Found no calls to: ‘R_registerRoutines’, ‘R_useDynamicSymbols’
    
    It is good practice to register native routines and to disable symbol
    search.
    
    See ‘Writing portable packages’ in the ‘Writing R Extensions’ manual.
Flavors: r-devel-linux-x86_64-debian-clang, r-devel-linux-x86_64-debian-gcc, r-patched-linux-x86_64

Version: 1.4-10
Flags: --no-stop-on-test-error
Check: compiled code
Result: NOTE
    File ‘tmvtnorm/libs/tmvtnorm.so’:
     Found no calls to: ‘R_registerRoutines’, ‘R_useDynamicSymbols’
    
    It is good practice to register native routines and to disable symbol
    search.
    
    See ‘Writing portable packages’ in the ‘Writing R Extensions’ manual.
Flavors: r-devel-linux-x86_64-fedora-clang, r-devel-linux-x86_64-fedora-gcc, r-devel-macos-x86_64-clang