CRAN Package Check Results for Package tmvtnorm

Last updated on 2015-08-02 14:47:47.

Flavor Version Tinstall Tcheck Ttotal Status Flags
r-devel-linux-x86_64-debian-clang 1.4-9 3.92 54.28 58.20 NOTE
r-devel-linux-x86_64-debian-gcc 1.4-9 3.82 50.27 54.09 NOTE
r-devel-linux-x86_64-fedora-clang 1.4-9 112.10 NOTE
r-devel-linux-x86_64-fedora-gcc 1.4-9 108.59 NOTE
r-devel-osx-x86_64-clang 1.4-9 93.52 OK
r-devel-windows-ix86+x86_64 1.4-9 14.00 121.00 135.00 NOTE
r-patched-linux-x86_64 1.4-9 3.84 50.97 54.81 OK
r-patched-solaris-sparc 1.4-9 700.30 OK
r-patched-solaris-x86 1.4-9 143.40 OK
r-release-linux-x86_64 1.4-9 3.95 51.10 55.05 OK
r-release-osx-x86_64-mavericks 1.4-9 OK
r-release-windows-ix86+x86_64 1.4-9 20.00 172.00 192.00 OK
r-oldrel-windows-ix86+x86_64 1.4-9 21.00 144.00 165.00 OK

Check Details

Version: 1.4-9
Check: R code for possible problems
Result: NOTE
    rtmvnorm.gibbs.Fortran: no visible global function definition for ‘as’
    Undefined global functions or variables:
     as
    Consider adding
     importFrom("methods", "as")
    to your NAMESPACE.
Flavors: r-devel-linux-x86_64-debian-clang, r-devel-linux-x86_64-debian-gcc, r-devel-linux-x86_64-fedora-clang, r-devel-linux-x86_64-fedora-gcc, r-devel-windows-ix86+x86_64