CRAN Package Check Results for Package tmvtnorm

Last updated on 2015-05-29 15:47:15.

Flavor Version Tinstall Tcheck Ttotal Status Flags
r-devel-linux-x86_64-debian-clang 1.4-9 4.44 53.78 58.22 OK
r-devel-linux-x86_64-debian-gcc 1.4-9 4.00 51.72 55.72 OK
r-devel-linux-x86_64-fedora-clang 1.4-9 113.78 OK
r-devel-linux-x86_64-fedora-gcc 1.4-9 106.70 OK
r-devel-osx-x86_64-clang 1.4-9 100.93 OK
r-devel-windows-ix86+x86_64 1.4-9 15.00 108.00 123.00 OK
r-patched-linux-x86_64 1.4-9 3.79 51.00 54.79 OK
r-patched-solaris-sparc 1.4-9 704.30 OK
r-patched-solaris-x86 1.4-9 145.60 OK
r-release-linux-x86_64 1.4-9 4.34 52.16 56.50 OK
r-release-osx-x86_64-mavericks 1.4-9 OK
r-release-osx-x86_64-snowleopard 1.4-9 ERROR
r-release-windows-ix86+x86_64 1.4-9 15.00 110.00 125.00 OK
r-oldrel-windows-ix86+x86_64 1.4-9 17.00 124.00 141.00 OK

Check Details

Version: 1.4-9
Check: package dependencies
Result: ERROR
    Package required but not available: ‘gmm’
    
    See section ‘The DESCRIPTION file’ in the ‘Writing R Extensions’
    manual.
Flavor: r-release-osx-x86_64-snowleopard