CRAN Package Check Results for Package tmvtnorm

Last updated on 2017-08-18 04:47:13.

Flavor Version Tinstall Tcheck Ttotal Status Flags
r-devel-linux-x86_64-debian-clang 1.4-10 3.66 54.87 58.54 NOTE
r-devel-linux-x86_64-debian-gcc 1.4-10 3.66 52.93 56.59 NOTE
r-devel-linux-x86_64-fedora-clang 1.4-10 116.53 NOTE
r-devel-linux-x86_64-fedora-gcc 1.4-10 117.00 NOTE
r-devel-windows-ix86+x86_64 1.4-10 13.00 140.00 153.00 OK
r-patched-linux-x86_64 1.4-10 3.68 55.69 59.36 NOTE
r-patched-solaris-x86 1.4-10 157.20 OK
r-release-linux-x86_64 1.4-10 3.58 54.17 57.75 NOTE
r-release-windows-ix86+x86_64 1.4-10 13.00 137.00 150.00 OK
r-release-osx-x86_64 1.4-10 OK
r-oldrel-windows-ix86+x86_64 1.4-10 13.00 114.00 127.00 OK
r-oldrel-osx-x86_64 1.4-10 OK

Check Details

Version: 1.4-10
Check: compiled code
Result: NOTE
    File ‘tmvtnorm/libs/tmvtnorm.so’:
     Found no calls to: ‘R_registerRoutines’, ‘R_useDynamicSymbols’
    
    It is good practice to register native routines and to disable symbol
    search.
    
    See ‘Writing portable packages’ in the ‘Writing R Extensions’ manual.
Flavors: r-devel-linux-x86_64-debian-clang, r-devel-linux-x86_64-debian-gcc, r-devel-linux-x86_64-fedora-clang, r-devel-linux-x86_64-fedora-gcc, r-patched-linux-x86_64, r-release-linux-x86_64