CRAN Package Check Results for Package tmvtnorm

Last updated on 2017-12-12 08:48:47 CET.

Flavor Version Tinstall Tcheck Ttotal Status Flags
r-devel-linux-x86_64-debian-clang 1.4-10 5.47 71.17 76.64 NOTE
r-devel-linux-x86_64-debian-gcc 1.4-10 4.54 64.20 68.74 NOTE
r-devel-linux-x86_64-fedora-clang 1.4-10 104.49 NOTE
r-devel-linux-x86_64-fedora-gcc 1.4-10 103.70 NOTE
r-devel-windows-ix86+x86_64 1.4-10 18.00 145.00 163.00 OK
r-patched-linux-x86_64 1.4-10 4.92 86.90 91.82 NOTE
r-patched-solaris-x86 1.4-10 161.00 OK
r-release-linux-x86_64 1.4-10 5.14 88.62 93.76 NOTE
r-release-windows-ix86+x86_64 1.4-10 14.00 143.00 157.00 OK
r-release-osx-x86_64 1.4-10 OK
r-oldrel-windows-ix86+x86_64 1.4-10 18.00 161.00 179.00 OK
r-oldrel-osx-x86_64 1.4-10 OK

Check Details

Version: 1.4-10
Check: compiled code
Result: NOTE
    File ‘tmvtnorm/libs/tmvtnorm.so’:
     Found no calls to: ‘R_registerRoutines’, ‘R_useDynamicSymbols’
    
    It is good practice to register native routines and to disable symbol
    search.
    
    See ‘Writing portable packages’ in the ‘Writing R Extensions’ manual.
Flavors: r-devel-linux-x86_64-debian-clang, r-devel-linux-x86_64-debian-gcc, r-devel-linux-x86_64-fedora-clang, r-devel-linux-x86_64-fedora-gcc, r-patched-linux-x86_64, r-release-linux-x86_64