CRAN Package Check Results for Package tmvtnorm

Last updated on 2015-04-19 11:51:26.

Flavor Version Tinstall Tcheck Ttotal Status Flags
r-devel-linux-x86_64-debian-clang 1.4-9 4.07 52.57 56.64 OK
r-devel-linux-x86_64-debian-gcc 1.4-9 3.85 51.04 54.89 OK
r-devel-linux-x86_64-fedora-clang 1.4-9 113.47 OK
r-devel-linux-x86_64-fedora-gcc 1.4-9 107.74 OK
r-devel-osx-x86_64-clang 1.4-9 100.79 OK
r-devel-windows-ix86+x86_64 1.4-9 19.00 116.00 135.00 OK
r-patched-linux-x86_64 1.4-9 5.07 51.04 56.11 OK
r-patched-solaris-sparc 1.4-9 697.30 OK
r-patched-solaris-x86 1.4-9 140.40 OK
r-release-linux-x86_64 1.4-9 4.02 46.22 50.25 OK
r-release-osx-x86_64-mavericks 1.4-9 OK
r-release-osx-x86_64-snowleopard 1.4-9 ERROR
r-release-windows-ix86+x86_64 1.4-9 11.00 112.00 123.00 OK
r-oldrel-windows-ix86+x86_64 1.4-9 18.00 180.00 198.00 OK

Check Details

Version: 1.4-9
Check: package dependencies
Result: ERROR
    Package required but not available: ‘gmm’
    
    See section ‘The DESCRIPTION file’ in the ‘Writing R Extensions’
    manual.
Flavor: r-release-osx-x86_64-snowleopard