CRAN Package Check Results for Package tmvtnorm

Last updated on 2014-04-24 17:49:55.

Flavor Version Tinstall Tcheck Ttotal Status Flags
r-devel-linux-x86_64-debian-clang 1.4-9 5.23 63.15 68.38 OK
r-devel-linux-x86_64-debian-gcc 1.4-9 4.95 61.89 66.84 OK
r-devel-linux-x86_64-fedora-clang 1.4-9 152.93 OK
r-devel-linux-x86_64-fedora-gcc 1.4-9 148.92 OK
r-devel-osx-x86_64-clang 1.4-9 123.63 OK
r-devel-osx-x86_64-gcc 1.4-9 ERROR
r-devel-windows-ix86+x86_64 1.4-9 15.00 125.00 140.00 OK
r-patched-linux-x86_64 1.4-9 4.76 62.81 67.57 OK
r-patched-solaris-sparc 1.4-9 864.10 OK
r-patched-solaris-x86 1.4-9 185.30 OK
r-release-linux-ix86 1.4-9 8.00 99.00 107.00 OK
r-release-linux-x86_64 1.4-9 4.77 62.22 66.99 OK
r-release-osx-x86_64-mavericks 1.4-9 WARN
r-release-osx-x86_64-snowleopard 1.4-9 OK
r-release-windows-ix86+x86_64 1.4-9 15.00 126.00 141.00 OK
r-oldrel-windows-ix86+x86_64 1.4-9 16.00 128.00 144.00 OK

Check Details

Version: 1.4-9
Check: package dependencies
Result: ERROR
    Package required but not available: ‘gmm’
    
    See the information on DESCRIPTION files in the chapter ‘Creating R
    packages’ of the ‘Writing R Extensions’ manual.
Flavor: r-devel-osx-x86_64-gcc

Version: 1.4-9
Check: PDF version of manual
Result: WARNING
    LaTeX errors when creating PDF version.
    This typically indicates Rd problems.
    LaTeX errors found:
    ! LaTeX Error: File `upquote.sty' not found.
    
    Type X to quit or <RETURN> to proceed,
    or enter new name. (Default extension: sty)
    
    7dc8e082/Rd2.tex:8: ==> Fatal error occurred, no output PDF file produced!
Flavor: r-release-osx-x86_64-mavericks