CRAN Package Check Results for Package tmvtnorm

Last updated on 2015-07-04 11:50:08.

Flavor Version Tinstall Tcheck Ttotal Status Flags
r-devel-linux-x86_64-debian-clang 1.4-9 3.88 51.38 55.26 NOTE
r-devel-linux-x86_64-debian-gcc 1.4-9 3.90 50.24 54.13 NOTE
r-devel-linux-x86_64-fedora-clang 1.4-9 112.50 NOTE
r-devel-linux-x86_64-fedora-gcc 1.4-9 103.66 NOTE
r-devel-osx-x86_64-clang 1.4-9 85.18 OK
r-devel-windows-ix86+x86_64 1.4-9 13.00 105.00 118.00 NOTE
r-patched-linux-x86_64 1.4-9 3.86 50.78 54.64 OK
r-patched-solaris-sparc 1.4-9 704.30 OK
r-patched-solaris-x86 1.4-9 144.50 OK
r-release-linux-x86_64 1.4-9 4.10 50.62 54.72 OK
r-release-osx-x86_64-mavericks 1.4-9 OK
r-release-windows-ix86+x86_64 1.4-9 20.00 155.00 175.00 OK
r-oldrel-windows-ix86+x86_64 1.4-9 18.00 128.00 146.00 OK

Check Details

Version: 1.4-9
Check: R code for possible problems
Result: NOTE
    rtmvnorm.gibbs.Fortran: no visible global function definition for ‘as’
    Undefined global functions or variables:
     as
Flavors: r-devel-linux-x86_64-debian-clang, r-devel-linux-x86_64-debian-gcc, r-devel-linux-x86_64-fedora-clang, r-devel-linux-x86_64-fedora-gcc, r-devel-windows-ix86+x86_64