CRAN Package Check Results for Package tmvtnorm

Last updated on 2017-05-24 22:47:41.

Flavor Version Tinstall Tcheck Ttotal Status Flags
r-devel-linux-x86_64-debian-clang 1.4-10 3.89 54.53 58.42 NOTE
r-devel-linux-x86_64-debian-gcc 1.4-10 4.44 53.98 58.42 NOTE
r-devel-linux-x86_64-fedora-clang 1.4-10 131.44 NOTE --no-stop-on-test-error
r-devel-linux-x86_64-fedora-gcc 1.4-10 114.89 NOTE --no-stop-on-test-error
r-devel-windows-ix86+x86_64 1.4-10 14.00 199.00 213.00 OK
r-patched-linux-x86_64 1.4-10 3.84 53.61 57.45 NOTE
r-patched-solaris-sparc 1.4-10 702.20 OK
r-patched-solaris-x86 1.4-10 150.80 OK
r-release-linux-x86_64 1.4-10 3.77 53.20 56.96 NOTE
r-release-windows-ix86+x86_64 1.4-10 12.00 177.00 189.00 OK
r-release-osx-x86_64 1.4-10 OK
r-oldrel-windows-ix86+x86_64 1.4-10 18.00 160.00 178.00 OK
r-oldrel-osx-x86_64 1.4-10 OK

Check Details

Version: 1.4-10
Check: compiled code
Result: NOTE
    File ‘tmvtnorm/libs/tmvtnorm.so’:
     Found no calls to: ‘R_registerRoutines’, ‘R_useDynamicSymbols’
    
    It is good practice to register native routines and to disable symbol
    search.
    
    See ‘Writing portable packages’ in the ‘Writing R Extensions’ manual.
Flavors: r-devel-linux-x86_64-debian-clang, r-devel-linux-x86_64-debian-gcc, r-patched-linux-x86_64, r-release-linux-x86_64

Version: 1.4-10
Flags: --no-stop-on-test-error
Check: compiled code
Result: NOTE
    File ‘tmvtnorm/libs/tmvtnorm.so’:
     Found no calls to: ‘R_registerRoutines’, ‘R_useDynamicSymbols’
    
    It is good practice to register native routines and to disable symbol
    search.
    
    See ‘Writing portable packages’ in the ‘Writing R Extensions’ manual.
Flavors: r-devel-linux-x86_64-fedora-clang, r-devel-linux-x86_64-fedora-gcc