CRAN Package Check Results for Package tmvtnorm

Last updated on 2017-02-23 07:48:10.

Flavor Version Tinstall Tcheck Ttotal Status Flags
r-devel-linux-x86_64-debian-clang 1.4-10 3.66 53.55 57.20 NOTE
r-devel-linux-x86_64-debian-gcc 1.4-10 3.93 54.56 58.49 NOTE
r-devel-linux-x86_64-fedora-clang 1.4-10 118.11 NOTE --no-stop-on-test-error
r-devel-linux-x86_64-fedora-gcc 1.4-10 113.51 NOTE --no-stop-on-test-error
r-devel-macos-x86_64-clang 1.4-10 94.88 NOTE --no-stop-on-test-error
r-devel-windows-ix86+x86_64 1.4-10 19.00 237.00 256.00 OK
r-patched-linux-x86_64 1.4-10 3.68 48.35 52.02 OK
r-patched-solaris-sparc 1.4-10 655.40 OK
r-patched-solaris-x86 1.4-10 135.80 OK
r-release-linux-x86_64 1.4-10 3.50 47.95 51.44 OK
r-release-osx-x86_64-mavericks 1.4-10 OK
r-release-windows-ix86+x86_64 1.4-10 16.00 162.00 178.00 OK
r-oldrel-windows-ix86+x86_64 1.4-10 19.00 124.00 143.00 OK

Check Details

Version: 1.4-10
Check: compiled code
Result: NOTE
    File ‘tmvtnorm/libs/tmvtnorm.so’:
     Found no calls to: ‘R_registerRoutines’, ‘R_useDynamicSymbols’
    
    It is good practice to register native routines and to disable symbol
    search.
    
    See ‘Writing portable packages’ in the ‘Writing R Extensions’ manual.
Flavors: r-devel-linux-x86_64-debian-clang, r-devel-linux-x86_64-debian-gcc

Version: 1.4-10
Flags: --no-stop-on-test-error
Check: compiled code
Result: NOTE
    File ‘tmvtnorm/libs/tmvtnorm.so’:
     Found no calls to: ‘R_registerRoutines’, ‘R_useDynamicSymbols’
    
    It is good practice to register native routines and to disable symbol
    search.
    
    See ‘Writing portable packages’ in the ‘Writing R Extensions’ manual.
Flavors: r-devel-linux-x86_64-fedora-clang, r-devel-linux-x86_64-fedora-gcc, r-devel-macos-x86_64-clang