CRAN Package Check Results for Package tmvtnorm

Last updated on 2017-10-17 01:48:21.

Flavor Version Tinstall Tcheck Ttotal Status Flags
r-devel-linux-x86_64-debian-clang 1.4-10 3.88 55.77 59.65 NOTE
r-devel-linux-x86_64-debian-gcc 1.4-10 4.32 59.02 63.34 NOTE
r-devel-linux-x86_64-fedora-clang 1.4-10 123.65 NOTE
r-devel-linux-x86_64-fedora-gcc 1.4-10 119.05 NOTE
r-devel-windows-ix86+x86_64 1.4-10 13.00 199.00 212.00 OK
r-patched-linux-x86_64 1.4-10 3.64 54.35 57.98 NOTE
r-patched-solaris-x86 1.4-10 158.50 OK
r-release-linux-x86_64 1.4-10 4.00 55.93 59.93 NOTE
r-release-windows-ix86+x86_64 1.4-10 20.00 178.00 198.00 OK
r-release-osx-x86_64 1.4-10 OK
r-oldrel-windows-ix86+x86_64 1.4-10 18.00 159.00 177.00 OK
r-oldrel-osx-x86_64 1.4-10 OK

Check Details

Version: 1.4-10
Check: compiled code
Result: NOTE
    File ‘tmvtnorm/libs/tmvtnorm.so’:
     Found no calls to: ‘R_registerRoutines’, ‘R_useDynamicSymbols’
    
    It is good practice to register native routines and to disable symbol
    search.
    
    See ‘Writing portable packages’ in the ‘Writing R Extensions’ manual.
Flavors: r-devel-linux-x86_64-debian-clang, r-devel-linux-x86_64-debian-gcc, r-devel-linux-x86_64-fedora-clang, r-devel-linux-x86_64-fedora-gcc, r-patched-linux-x86_64, r-release-linux-x86_64