CRAN Package Check Results for Package tmvtnorm

Last updated on 2018-04-23 23:52:11 CEST.

Flavor Version Tinstall Tcheck Ttotal Status Flags
r-devel-linux-x86_64-debian-clang 1.4-10 8.58 75.33 83.91 NOTE
r-devel-linux-x86_64-debian-gcc 1.4-10 5.32 63.53 68.85 NOTE
r-devel-linux-x86_64-fedora-clang 1.4-10 108.19 NOTE
r-devel-linux-x86_64-fedora-gcc 1.4-10 105.80 NOTE
r-devel-windows-ix86+x86_64 1.4-10 22.00 124.00 146.00 OK
r-devel-osx-x86_64 1.4-10 OK
r-patched-linux-x86_64 1.4-10 5.15 82.22 87.37 NOTE
r-patched-solaris-x86 1.4-10 159.80 OK
r-release-linux-x86_64 1.4-10 7.45 80.26 87.71 NOTE
r-release-windows-ix86+x86_64 1.4-10 13.00 184.00 197.00 OK
r-release-osx-x86_64 1.4-10 OK
r-oldrel-windows-ix86+x86_64 1.4-10 14.00 167.00 181.00 OK

Check Details

Version: 1.4-10
Check: compiled code
Result: NOTE
    File ‘tmvtnorm/libs/tmvtnorm.so’:
     Found no calls to: ‘R_registerRoutines’, ‘R_useDynamicSymbols’
    
    It is good practice to register native routines and to disable symbol
    search.
    
    See ‘Writing portable packages’ in the ‘Writing R Extensions’ manual.
Flavors: r-devel-linux-x86_64-debian-clang, r-devel-linux-x86_64-debian-gcc, r-devel-linux-x86_64-fedora-clang, r-devel-linux-x86_64-fedora-gcc, r-patched-linux-x86_64, r-release-linux-x86_64