CRAN Package Check Results for Package tmvtnorm

Last updated on 2018-06-21 23:50:45 CEST.

Flavor Version Tinstall Tcheck Ttotal Status Flags
r-devel-linux-x86_64-debian-clang 1.4-10 7.75 80.87 88.62 NOTE
r-devel-linux-x86_64-debian-gcc 1.4-10 5.99 70.19 76.18 NOTE
r-devel-linux-x86_64-fedora-clang 1.4-10 120.32 NOTE
r-devel-linux-x86_64-fedora-gcc 1.4-10 112.45 NOTE
r-devel-windows-ix86+x86_64 1.4-10 25.00 196.00 221.00 OK
r-patched-linux-x86_64 1.4-10 7.56 82.33 89.89 NOTE
r-patched-solaris-x86 1.4-10 161.80 OK
r-release-linux-x86_64 1.4-10 6.96 80.35 87.31 NOTE
r-release-windows-ix86+x86_64 1.4-10 18.00 158.00 176.00 OK
r-release-osx-x86_64 1.4-10 OK
r-oldrel-windows-ix86+x86_64 1.4-10 18.00 135.00 153.00 OK
r-oldrel-osx-x86_64 1.4-10 OK

Check Details

Version: 1.4-10
Check: compiled code
Result: NOTE
    File ‘tmvtnorm/libs/tmvtnorm.so’:
     Found no calls to: ‘R_registerRoutines’, ‘R_useDynamicSymbols’
    
    It is good practice to register native routines and to disable symbol
    search.
    
    See ‘Writing portable packages’ in the ‘Writing R Extensions’ manual.
Flavors: r-devel-linux-x86_64-debian-clang, r-devel-linux-x86_64-debian-gcc, r-devel-linux-x86_64-fedora-clang, r-devel-linux-x86_64-fedora-gcc, r-patched-linux-x86_64, r-release-linux-x86_64