CRAN Package Check Results for Package tnet

Last updated on 2015-05-24 03:48:18.

Flavor Version Tinstall Tcheck Ttotal Status Flags
r-devel-linux-x86_64-debian-clang 3.0.11 1.01 27.01 28.02 NOTE
r-devel-linux-x86_64-debian-gcc 3.0.11 0.92 26.52 27.44 NOTE
r-devel-linux-x86_64-fedora-clang 3.0.11 53.59 NOTE
r-devel-linux-x86_64-fedora-gcc 3.0.11 50.81 NOTE
r-devel-osx-x86_64-clang 3.0.11 50.13 NOTE
r-devel-windows-ix86+x86_64 3.0.11 5.00 43.00 48.00 NOTE
r-patched-linux-x86_64 3.0.11 0.92 26.06 26.98 NOTE
r-patched-solaris-sparc 3.0.11 341.90 NOTE
r-patched-solaris-x86 3.0.11 67.70 NOTE
r-release-linux-x86_64 3.0.11 0.90 26.05 26.96 NOTE
r-release-osx-x86_64-mavericks 3.0.11 NOTE
r-release-osx-x86_64-snowleopard 3.0.11 ERROR
r-release-windows-ix86+x86_64 3.0.11 5.00 42.00 47.00 NOTE
r-oldrel-windows-ix86+x86_64 3.0.11 5.00 42.00 47.00 NOTE

Check Details

Version: 3.0.11
Check: DESCRIPTION meta-information
Result: NOTE
    Deprecated license: CC BY-NC 3.0 + file LICENSE
Flavors: r-devel-linux-x86_64-debian-clang, r-devel-linux-x86_64-debian-gcc, r-devel-linux-x86_64-fedora-clang, r-devel-linux-x86_64-fedora-gcc, r-devel-osx-x86_64-clang, r-patched-linux-x86_64, r-patched-solaris-sparc, r-patched-solaris-x86, r-release-linux-x86_64, r-release-osx-x86_64-mavericks

Version: 3.0.11
Check: dependencies in R code
Result: NOTE
    'library' or 'require' call to ‘survival’ which was already attached by Depends.
     Please remove these calls from your code.
Flavors: r-devel-linux-x86_64-debian-clang, r-devel-linux-x86_64-debian-gcc, r-devel-linux-x86_64-fedora-clang, r-devel-linux-x86_64-fedora-gcc, r-devel-osx-x86_64-clang, r-devel-windows-ix86+x86_64, r-patched-linux-x86_64, r-patched-solaris-sparc, r-patched-solaris-x86, r-release-linux-x86_64, r-release-osx-x86_64-mavericks, r-release-windows-ix86+x86_64, r-oldrel-windows-ix86+x86_64

Version: 3.0.11
Check: Rd line widths
Result: NOTE
    Rd file 'growth_l.Rd':
     \usage lines wider than 90 characters:
     growth_l(net, perspective = "actor", effects, window=NULL, binary=FALSE, nstrata=10, seed=NULL, regression=TRUE)
    
    Rd file 'weighted_richclub_w.Rd':
     \usage lines wider than 90 characters:
     weighted_richclub_w(net, rich="k", reshuffle="weights", NR=1000, nbins=30, seed=NULL, directed=NULL)
    
    These lines will be truncated in the PDF manual.
Flavors: r-devel-linux-x86_64-debian-clang, r-devel-linux-x86_64-debian-gcc, r-devel-linux-x86_64-fedora-clang, r-devel-linux-x86_64-fedora-gcc, r-patched-linux-x86_64, r-release-linux-x86_64

Version: 3.0.11
Check: package dependencies
Result: ERROR
    Package required but not available: ‘igraph’
    
    See section ‘The DESCRIPTION file’ in the ‘Writing R Extensions’
    manual.
Flavor: r-release-osx-x86_64-snowleopard