CRAN Package Check Results for Package tnet

Last updated on 2014-07-30 03:48:29.

Flavor Version Tinstall Tcheck Ttotal Status Flags
r-devel-linux-x86_64-debian-clang 3.0.11 1.14 29.44 30.59 NOTE
r-devel-linux-x86_64-debian-gcc 3.0.11 1.12 30.23 31.35 NOTE
r-devel-linux-x86_64-fedora-clang 3.0.11 38.75 NOTE
r-devel-linux-x86_64-fedora-gcc 3.0.11 36.84 NOTE
r-devel-osx-x86_64-clang 3.0.11 47.20 NOTE
r-devel-windows-ix86+x86_64 3.0.11 4.00 43.00 47.00 NOTE
r-patched-linux-x86_64 3.0.11 1.22 29.48 30.70 NOTE
r-patched-solaris-sparc 3.0.11 335.90 NOTE
r-patched-solaris-x86 3.0.11 79.00 NOTE
r-release-linux-ix86 3.0.11 1.54 38.38 39.92 NOTE
r-release-linux-x86_64 3.0.11 1.15 29.90 31.06 NOTE
r-release-osx-x86_64-mavericks 3.0.11 NOTE
r-release-osx-x86_64-snowleopard 3.0.11 NOTE
r-release-windows-ix86+x86_64 3.0.11 4.00 48.00 52.00 NOTE
r-oldrel-windows-ix86+x86_64 3.0.11 5.00 43.00 48.00 NOTE

Check Details

Version: 3.0.11
Check: DESCRIPTION meta-information
Result: NOTE
    Deprecated license: CC BY-NC 3.0 + file LICENSE
Flavors: r-devel-linux-x86_64-debian-clang, r-devel-linux-x86_64-debian-gcc, r-devel-linux-x86_64-fedora-clang, r-devel-linux-x86_64-fedora-gcc, r-devel-osx-x86_64-clang, r-patched-linux-x86_64, r-patched-solaris-x86

Version: 3.0.11
Check: dependencies in R code
Result: NOTE
    'library' or 'require' call to survival which was already attached by Depends.
     Please remove these calls from your code.
    See the information on DESCRIPTION files in the chapter Creating R
    packages of the Writing R Extensions manual.
Flavors: r-devel-linux-x86_64-debian-clang, r-devel-linux-x86_64-debian-gcc, r-devel-linux-x86_64-fedora-clang, r-devel-linux-x86_64-fedora-gcc, r-devel-osx-x86_64-clang, r-devel-windows-ix86+x86_64, r-patched-linux-x86_64, r-patched-solaris-sparc, r-patched-solaris-x86, r-release-linux-ix86, r-release-linux-x86_64, r-release-osx-x86_64-mavericks, r-release-osx-x86_64-snowleopard, r-release-windows-ix86+x86_64, r-oldrel-windows-ix86+x86_64

Version: 3.0.11
Check: Rd line widths
Result: NOTE
    Rd file 'growth_l.Rd':
     \usage lines wider than 90 characters:
     growth_l(net, perspective = "actor", effects, window=NULL, binary=FALSE, nstrata=10, seed=NULL, regression=TRUE)
    
    Rd file 'weighted_richclub_w.Rd':
     \usage lines wider than 90 characters:
     weighted_richclub_w(net, rich="k", reshuffle="weights", NR=1000, nbins=30, seed=NULL, directed=NULL)
    
    These lines will be truncated in the PDF manual.
Flavors: r-devel-linux-x86_64-fedora-clang, r-devel-linux-x86_64-fedora-gcc