CRAN Package Check Results for Package tnet

Last updated on 2014-12-21 08:47:47.

Flavor Version Tinstall Tcheck Ttotal Status Flags
r-devel-linux-x86_64-debian-clang 3.0.11 1.24 28.48 29.73 NOTE
r-devel-linux-x86_64-debian-gcc 3.0.11 1.18 27.50 28.68 NOTE
r-devel-linux-x86_64-fedora-clang 3.0.11 61.17 NOTE
r-devel-linux-x86_64-fedora-gcc 3.0.11 56.97 NOTE
r-devel-osx-x86_64-clang 3.0.11 56.05 NOTE
r-devel-windows-ix86+x86_64 3.0.11 6.00 44.00 50.00 NOTE
r-patched-linux-x86_64 3.0.11 1.28 29.66 30.94 NOTE
r-patched-solaris-sparc 3.0.11 350.70 NOTE
r-patched-solaris-x86 3.0.11 76.10 NOTE
r-release-linux-ix86 3.0.11 1.50 37.06 38.56 NOTE
r-release-linux-x86_64 3.0.11 1.43 29.84 31.27 NOTE
r-release-osx-x86_64-mavericks 3.0.11 NOTE
r-release-osx-x86_64-snowleopard 3.0.11 NOTE
r-release-windows-ix86+x86_64 3.0.11 5.00 48.00 53.00 NOTE
r-oldrel-windows-ix86+x86_64 3.0.11 5.00 52.00 57.00 NOTE

Check Details

Version: 3.0.11
Check: DESCRIPTION meta-information
Result: NOTE
    Deprecated license: CC BY-NC 3.0 + file LICENSE
Flavors: r-devel-linux-x86_64-debian-clang, r-devel-linux-x86_64-debian-gcc, r-devel-linux-x86_64-fedora-clang, r-devel-linux-x86_64-fedora-gcc, r-devel-osx-x86_64-clang, r-patched-linux-x86_64, r-patched-solaris-sparc, r-patched-solaris-x86, r-release-linux-ix86, r-release-linux-x86_64

Version: 3.0.11
Check: dependencies in R code
Result: NOTE
    'library' or 'require' call to ‘survival’ which was already attached by Depends.
     Please remove these calls from your code.
    See the information on DESCRIPTION files in the chapter ‘Creating R
    packages’ of the ‘Writing R Extensions’ manual.
Flavors: r-devel-linux-x86_64-debian-clang, r-devel-linux-x86_64-debian-gcc, r-devel-linux-x86_64-fedora-clang, r-devel-linux-x86_64-fedora-gcc, r-devel-osx-x86_64-clang, r-devel-windows-ix86+x86_64, r-patched-linux-x86_64, r-patched-solaris-sparc, r-patched-solaris-x86, r-release-linux-ix86, r-release-linux-x86_64, r-release-osx-x86_64-mavericks, r-release-osx-x86_64-snowleopard, r-release-windows-ix86+x86_64, r-oldrel-windows-ix86+x86_64

Version: 3.0.11
Check: Rd line widths
Result: NOTE
    Rd file 'growth_l.Rd':
     \usage lines wider than 90 characters:
     growth_l(net, perspective = "actor", effects, window=NULL, binary=FALSE, nstrata=10, seed=NULL, regression=TRUE)
    
    Rd file 'weighted_richclub_w.Rd':
     \usage lines wider than 90 characters:
     weighted_richclub_w(net, rich="k", reshuffle="weights", NR=1000, nbins=30, seed=NULL, directed=NULL)
    
    These lines will be truncated in the PDF manual.
Flavors: r-devel-linux-x86_64-debian-clang, r-devel-linux-x86_64-debian-gcc, r-devel-linux-x86_64-fedora-clang, r-devel-linux-x86_64-fedora-gcc, r-patched-linux-x86_64, r-release-linux-x86_64