CRAN Package Check Results for Package tnet

Last updated on 2014-04-23 12:48:30.

Flavor Version Tinstall Tcheck Ttotal Status Flags
r-devel-linux-x86_64-debian-clang 3.0.11 1.17 31.10 32.27 NOTE
r-devel-linux-x86_64-debian-gcc 3.0.11 1.20 30.88 32.08 NOTE
r-devel-linux-x86_64-fedora-clang 3.0.11 63.80 NOTE
r-devel-linux-x86_64-fedora-gcc 3.0.11 62.07 NOTE
r-devel-osx-x86_64-clang 3.0.11 57.55 NOTE
r-devel-osx-x86_64-gcc 3.0.11 ERROR
r-devel-windows-ix86+x86_64 3.0.11 4.00 43.00 47.00 NOTE
r-patched-linux-x86_64 3.0.11 1.17 30.69 31.86 NOTE
r-patched-solaris-sparc 3.0.11 355.30 NOTE
r-patched-solaris-x86 3.0.11 78.10 NOTE
r-release-linux-ix86 3.0.11 3.00 52.00 55.00 NOTE
r-release-linux-x86_64 3.0.11 1.20 31.03 32.23 NOTE
r-release-osx-x86_64-mavericks 3.0.11 WARN
r-release-osx-x86_64-snowleopard 3.0.11 NOTE
r-release-windows-ix86+x86_64 3.0.11 4.00 43.00 47.00 NOTE
r-oldrel-windows-ix86+x86_64 3.0.11 4.00 47.00 51.00 NOTE

Check Details

Version: 3.0.11
Check: dependencies in R code
Result: NOTE
    'library' or 'require' call to ‘survival’ which was already attached by Depends.
     Please remove these calls from your code.
    See the information on DESCRIPTION files in the chapter ‘Creating R
    packages’ of the ‘Writing R Extensions’ manual.
Flavors: r-devel-linux-x86_64-debian-clang, r-devel-linux-x86_64-debian-gcc, r-devel-linux-x86_64-fedora-clang, r-devel-linux-x86_64-fedora-gcc, r-devel-osx-x86_64-clang, r-devel-windows-ix86+x86_64, r-patched-linux-x86_64, r-patched-solaris-sparc, r-patched-solaris-x86, r-release-linux-ix86, r-release-linux-x86_64, r-release-osx-x86_64-mavericks, r-release-osx-x86_64-snowleopard, r-release-windows-ix86+x86_64, r-oldrel-windows-ix86+x86_64

Version: 3.0.11
Check: Rd line widths
Result: NOTE
    Rd file 'growth_l.Rd':
     \usage lines wider than 90 characters:
     growth_l(net, perspective = "actor", effects, window=NULL, binary=FALSE, nstrata=10, seed=NULL, regression=TRUE)
    
    Rd file 'weighted_richclub_w.Rd':
     \usage lines wider than 90 characters:
     weighted_richclub_w(net, rich="k", reshuffle="weights", NR=1000, nbins=30, seed=NULL, directed=NULL)
    
    These lines will be truncated in the PDF manual.
Flavors: r-devel-linux-x86_64-fedora-clang, r-devel-linux-x86_64-fedora-gcc

Version: 3.0.11
Check: package dependencies
Result: ERROR
    Package required but not available: ‘igraph’
    
    See the information on DESCRIPTION files in the chapter ‘Creating R
    packages’ of the ‘Writing R Extensions’ manual.
Flavor: r-devel-osx-x86_64-gcc

Version: 3.0.11
Check: PDF version of manual
Result: WARNING
    LaTeX errors when creating PDF version.
    This typically indicates Rd problems.
    LaTeX errors found:
    ! LaTeX Error: File `upquote.sty' not found.
    
    Type X to quit or <RETURN> to proceed,
    or enter new name. (Default extension: sty)
    
    20f91e1a/Rd2.tex:8: ==> Fatal error occurred, no output PDF file produced!
Flavor: r-release-osx-x86_64-mavericks