CRAN Package Check Results for Package tnet

Last updated on 2015-07-03 13:46:54.

Flavor Version Tinstall Tcheck Ttotal Status Flags
r-devel-linux-x86_64-debian-clang 3.0.11 1.02 24.80 25.82 NOTE
r-devel-linux-x86_64-debian-gcc 3.0.11 0.93 27.10 28.04 NOTE
r-devel-linux-x86_64-fedora-clang 3.0.11 52.38 NOTE
r-devel-linux-x86_64-fedora-gcc 3.0.11 49.21 NOTE
r-devel-osx-x86_64-clang 3.0.11 42.86 NOTE
r-devel-windows-ix86+x86_64 3.0.11 5.00 40.00 45.00 NOTE
r-patched-linux-x86_64 3.0.11 0.96 26.08 27.04 NOTE
r-patched-solaris-sparc 3.0.11 341.90 NOTE
r-patched-solaris-x86 3.0.11 73.90 NOTE
r-release-linux-x86_64 3.0.11 0.99 25.88 26.88 NOTE
r-release-osx-x86_64-mavericks 3.0.11 NOTE
r-release-windows-ix86+x86_64 3.0.11 5.00 45.00 50.00 NOTE
r-oldrel-windows-ix86+x86_64 3.0.11 7.00 57.00 64.00 NOTE

Check Details

Version: 3.0.11
Check: DESCRIPTION meta-information
Result: NOTE
    Deprecated license: CC BY-NC 3.0 + file LICENSE
Flavors: r-devel-linux-x86_64-debian-clang, r-devel-linux-x86_64-debian-gcc, r-devel-linux-x86_64-fedora-clang, r-devel-linux-x86_64-fedora-gcc, r-devel-osx-x86_64-clang, r-patched-linux-x86_64, r-patched-solaris-sparc, r-patched-solaris-x86, r-release-linux-x86_64, r-release-osx-x86_64-mavericks

Version: 3.0.11
Check: dependencies in R code
Result: NOTE
    'library' or 'require' call to ‘survival’ which was already attached by Depends.
     Please remove these calls from your code.
Flavors: r-devel-linux-x86_64-debian-clang, r-devel-linux-x86_64-debian-gcc, r-devel-linux-x86_64-fedora-clang, r-devel-linux-x86_64-fedora-gcc, r-devel-osx-x86_64-clang, r-devel-windows-ix86+x86_64, r-patched-linux-x86_64, r-patched-solaris-sparc, r-patched-solaris-x86, r-release-linux-x86_64, r-release-osx-x86_64-mavericks, r-release-windows-ix86+x86_64, r-oldrel-windows-ix86+x86_64

Version: 3.0.11
Check: R code for possible problems
Result: NOTE
    rg_tm: no visible global function definition for ‘runif’
    rg_w: no visible global function definition for ‘runif’
    tnet_ucinet: no visible global function definition for ‘write.table’
    Undefined global functions or variables:
     runif write.table
Flavors: r-devel-linux-x86_64-debian-clang, r-devel-linux-x86_64-debian-gcc, r-devel-linux-x86_64-fedora-clang, r-devel-linux-x86_64-fedora-gcc, r-devel-windows-ix86+x86_64

Version: 3.0.11
Check: Rd line widths
Result: NOTE
    Rd file 'growth_l.Rd':
     \usage lines wider than 90 characters:
     growth_l(net, perspective = "actor", effects, window=NULL, binary=FALSE, nstrata=10, seed=NULL, regression=TRUE)
    
    Rd file 'weighted_richclub_w.Rd':
     \usage lines wider than 90 characters:
     weighted_richclub_w(net, rich="k", reshuffle="weights", NR=1000, nbins=30, seed=NULL, directed=NULL)
    
    These lines will be truncated in the PDF manual.
Flavors: r-devel-linux-x86_64-debian-clang, r-devel-linux-x86_64-debian-gcc, r-devel-linux-x86_64-fedora-clang, r-devel-linux-x86_64-fedora-gcc, r-patched-linux-x86_64, r-release-linux-x86_64