CRAN Package Check Results for Package tnet

Last updated on 2015-08-01 21:47:39.

Flavor Version Tinstall Tcheck Ttotal Status Flags
r-devel-linux-x86_64-debian-clang 3.0.11 0.98 26.87 27.85 NOTE
r-devel-linux-x86_64-debian-gcc 3.0.11 0.97 26.06 27.02 NOTE
r-devel-linux-x86_64-fedora-clang 3.0.11 54.14 NOTE
r-devel-linux-x86_64-fedora-gcc 3.0.11 50.73 NOTE
r-devel-osx-x86_64-clang 3.0.11 47.50 NOTE
r-devel-windows-ix86+x86_64 3.0.11 10.00 45.00 55.00 NOTE
r-patched-linux-x86_64 3.0.11 1.29 26.09 27.38 NOTE
r-patched-solaris-sparc 3.0.11 337.60 NOTE
r-patched-solaris-x86 3.0.11 72.60 NOTE
r-release-linux-x86_64 3.0.11 1.03 26.11 27.14 NOTE
r-release-osx-x86_64-mavericks 3.0.11 NOTE
r-release-windows-ix86+x86_64 3.0.11 7.00 46.00 53.00 NOTE
r-oldrel-windows-ix86+x86_64 3.0.11 8.00 54.00 62.00 NOTE

Check Details

Version: 3.0.11
Check: DESCRIPTION meta-information
Result: NOTE
    Deprecated license: CC BY-NC 3.0 + file LICENSE
Flavors: r-devel-linux-x86_64-debian-clang, r-devel-linux-x86_64-debian-gcc, r-devel-linux-x86_64-fedora-clang, r-devel-linux-x86_64-fedora-gcc, r-devel-osx-x86_64-clang, r-patched-linux-x86_64, r-patched-solaris-sparc, r-patched-solaris-x86, r-release-linux-x86_64, r-release-osx-x86_64-mavericks

Version: 3.0.11
Check: dependencies in R code
Result: NOTE
    'library' or 'require' call to ‘survival’ which was already attached by Depends.
     Please remove these calls from your code.
Flavors: r-devel-linux-x86_64-debian-clang, r-devel-linux-x86_64-debian-gcc, r-devel-linux-x86_64-fedora-clang, r-devel-linux-x86_64-fedora-gcc, r-devel-osx-x86_64-clang, r-devel-windows-ix86+x86_64, r-patched-linux-x86_64, r-patched-solaris-sparc, r-patched-solaris-x86, r-release-linux-x86_64, r-release-osx-x86_64-mavericks, r-release-windows-ix86+x86_64, r-oldrel-windows-ix86+x86_64

Version: 3.0.11
Check: R code for possible problems
Result: NOTE
    rg_tm: no visible global function definition for ‘runif’
    rg_w: no visible global function definition for ‘runif’
    tnet_ucinet: no visible global function definition for ‘write.table’
    Undefined global functions or variables:
     runif write.table
    Consider adding
     importFrom("stats", "runif")
     importFrom("utils", "write.table")
    to your NAMESPACE.
Flavors: r-devel-linux-x86_64-debian-clang, r-devel-linux-x86_64-debian-gcc, r-devel-linux-x86_64-fedora-clang, r-devel-linux-x86_64-fedora-gcc, r-devel-windows-ix86+x86_64

Version: 3.0.11
Check: Rd line widths
Result: NOTE
    Rd file 'growth_l.Rd':
     \usage lines wider than 90 characters:
     growth_l(net, perspective = "actor", effects, window=NULL, binary=FALSE, nstrata=10, seed=NULL, regression=TRUE)
    
    Rd file 'weighted_richclub_w.Rd':
     \usage lines wider than 90 characters:
     weighted_richclub_w(net, rich="k", reshuffle="weights", NR=1000, nbins=30, seed=NULL, directed=NULL)
    
    These lines will be truncated in the PDF manual.
Flavors: r-devel-linux-x86_64-debian-clang, r-devel-linux-x86_64-debian-gcc, r-devel-linux-x86_64-fedora-clang, r-devel-linux-x86_64-fedora-gcc, r-patched-linux-x86_64, r-release-linux-x86_64