Last updated on 2023-02-07 11:52:24 CET.
Flavor | Version | Tinstall | Tcheck | Ttotal | Status | Flags |
---|---|---|---|---|---|---|
r-devel-linux-x86_64-debian-clang | 0.1.1 | 123.67 | 29.72 | 153.39 | NOTE | |
r-devel-linux-x86_64-debian-gcc | 0.1.1 | 97.94 | 23.80 | 121.74 | NOTE | |
r-devel-linux-x86_64-fedora-clang | 0.1.1 | 231.85 | NOTE | |||
r-devel-linux-x86_64-fedora-gcc | 0.1.1 | 138.14 | NOTE | |||
r-devel-windows-x86_64 | 0.1.1 | 108.00 | 78.00 | 186.00 | NOTE | |
r-patched-linux-x86_64 | 0.1.1 | 107.47 | 29.79 | 137.26 | OK | |
r-release-linux-x86_64 | 0.1.1 | 105.87 | 30.10 | 135.97 | OK | |
r-release-macos-arm64 | 0.1.1 | 57.00 | NOTE | |||
r-release-macos-x86_64 | 0.1.1 | 72.00 | NOTE | |||
r-release-windows-x86_64 | 0.1.1 | 116.00 | 88.00 | 204.00 | OK | |
r-oldrel-macos-arm64 | 0.1.1 | 57.00 | NOTE | |||
r-oldrel-macos-x86_64 | 0.1.1 | 72.00 | NOTE | |||
r-oldrel-windows-ix86+x86_64 | 0.1.1 | 277.00 | 95.00 | 372.00 | OK |
Version: 0.1.1
Check: C++ specification
Result: NOTE
Specified C++11: please update to current default of C++17
Flavors: r-devel-linux-x86_64-debian-clang, r-devel-linux-x86_64-debian-gcc, r-devel-linux-x86_64-fedora-clang, r-devel-windows-x86_64
Version: 0.1.1
Check: C++ specification
Result: NOTE
Specified C++11: please drop specification unless essential
Flavor: r-devel-linux-x86_64-fedora-gcc
Version: 0.1.1
Check: installed package size
Result: NOTE
installed size is 6.2Mb
sub-directories of 1Mb or more:
libs 5.2Mb
Flavors: r-release-macos-arm64, r-release-macos-x86_64, r-oldrel-macos-arm64, r-oldrel-macos-x86_64