CRAN Package Check Results for Package tolBasis

Last updated on 2019-03-23 16:48:28 CET.

Flavor Version Tinstall Tcheck Ttotal Status Flags
r-devel-linux-x86_64-debian-clang 1.0 5.47 37.13 42.60 OK
r-devel-linux-x86_64-debian-gcc 1.0 4.28 29.20 33.48 OK
r-devel-linux-x86_64-fedora-clang 1.0 52.19 OK
r-devel-linux-x86_64-fedora-gcc 1.0 48.47 OK
r-devel-windows-ix86+x86_64 1.0 13.00 63.00 76.00 OK
r-patched-linux-x86_64 1.0 3.87 34.72 38.59 OK
r-patched-solaris-x86 1.0 73.00 OK
r-release-linux-x86_64 1.0 0.31 2.18 2.49 ERROR
r-release-windows-ix86+x86_64 1.0 6.00 48.00 54.00 OK
r-release-osx-x86_64 1.0 OK
r-oldrel-windows-ix86+x86_64 1.0 9.00 66.00 75.00 OK
r-oldrel-osx-x86_64 1.0 OK

Check Details

Version: 1.0
Check: whether package can be installed
Result: ERROR
    Installation failed.
Flavor: r-release-linux-x86_64