CRAN Package Check Results for Package tolerance

Last updated on 2018-05-23 08:49:19 CEST.

Flavor Version Tinstall Tcheck Ttotal Status Flags
r-devel-linux-x86_64-debian-clang 1.3.0 8.29 84.92 93.21 OK
r-devel-linux-x86_64-debian-gcc 1.3.0 0.37 1.31 1.68 ERROR
r-devel-linux-x86_64-fedora-clang 1.3.0 115.05 OK
r-devel-linux-x86_64-fedora-gcc 1.3.0 106.13 OK
r-devel-windows-ix86+x86_64 1.3.0 12.00 126.00 138.00 OK
r-patched-linux-x86_64 1.3.0 6.95 80.19 87.14 OK
r-patched-solaris-x86 1.3.0 159.40 OK
r-release-linux-x86_64 1.3.0 6.78 78.78 85.56 OK
r-release-windows-ix86+x86_64 1.3.0 17.00 128.00 145.00 OK
r-release-osx-x86_64 1.3.0 OK
r-oldrel-windows-ix86+x86_64 1.3.0 13.00 113.00 126.00 OK
r-oldrel-osx-x86_64 1.3.0 OK

Check Details

Version: 1.3.0
Check: package dependencies
Result: ERROR
    Package required but not available: ‘rgl’
    
    See section ‘The DESCRIPTION file’ in the ‘Writing R Extensions’
    manual.
Flavor: r-devel-linux-x86_64-debian-gcc