CRAN Package Check Results for Package tomba

Last updated on 2022-05-20 19:51:08 CEST.

Flavor Version Tinstall Tcheck Ttotal Status Flags
r-devel-linux-x86_64-debian-clang 1.0.1 2.64 35.89 38.53 OK
r-devel-linux-x86_64-debian-gcc 1.0.1 2.12 28.58 30.70 OK
r-devel-linux-x86_64-fedora-clang 1.0.1 47.48 NOTE
r-devel-linux-x86_64-fedora-gcc 1.0.1 46.04 NOTE
r-devel-windows-x86_64 1.0.1 16.00 52.00 68.00 OK
r-patched-linux-x86_64 1.0.1 2.98 34.58 37.56 OK
r-release-linux-x86_64 1.0.1 1.73 35.41 37.14 OK
r-release-macos-arm64 1.0.1 18.00 NOTE
r-release-macos-x86_64 1.0.1 27.00 NOTE
r-release-windows-x86_64 1.0.1 18.00 55.00 73.00 OK
r-oldrel-macos-arm64 1.0.1 19.00 NOTE
r-oldrel-macos-x86_64 1.0.1 25.00 NOTE
r-oldrel-windows-ix86+x86_64 1.0.1 7.00 48.00 55.00 OK

Check Details

Version: 1.0.1
Check: dependencies in R code
Result: NOTE
    Namespace in Imports field not imported from: ‘testthat’
     All declared Imports should be used.
Flavors: r-devel-linux-x86_64-fedora-clang, r-devel-linux-x86_64-fedora-gcc, r-release-macos-arm64, r-release-macos-x86_64, r-oldrel-macos-arm64, r-oldrel-macos-x86_64