CRAN Package Check Results for Package topicmodels

Last updated on 2016-07-28 13:47:45.

Flavor Version Tinstall Tcheck Ttotal Status Flags
r-devel-linux-x86_64-debian-clang 0.2-4 6.27 163.14 169.40 NOTE
r-devel-linux-x86_64-debian-gcc 0.2-4 6.51 164.81 171.32 NOTE
r-devel-linux-x86_64-fedora-clang 0.2-4 168.26 NOTE
r-devel-linux-x86_64-fedora-gcc 0.2-4 164.09 NOTE
r-devel-osx-x86_64-clang 0.2-4 110.49 NOTE
r-devel-windows-ix86+x86_64 0.2-4 40.00 229.00 269.00 OK
r-patched-linux-x86_64 0.2-4 5.96 166.38 172.35 NOTE
r-patched-solaris-sparc 0.2-4 1342.40 OK
r-patched-solaris-x86 0.2-4 284.70 OK
r-release-linux-x86_64 0.2-4 5.27 162.59 167.86 NOTE
r-release-osx-x86_64-mavericks 0.2-4 NOTE
r-release-windows-ix86+x86_64 0.2-4 37.00 223.00 260.00 OK
r-oldrel-windows-ix86+x86_64 0.2-4 35.00 398.00 433.00 OK

Check Details

Version: 0.2-4
Check: package dependencies
Result: NOTE
    Package suggested but not available for checking: ‘corpus.JSS.papers’
Flavors: r-devel-linux-x86_64-debian-clang, r-devel-linux-x86_64-debian-gcc, r-devel-linux-x86_64-fedora-clang, r-devel-linux-x86_64-fedora-gcc, r-devel-osx-x86_64-clang, r-patched-linux-x86_64, r-release-linux-x86_64, r-release-osx-x86_64-mavericks