CRAN Package Check Results for Package topicmodels

Last updated on 2015-09-03 08:50:16.

Flavor Version Tinstall Tcheck Ttotal Status Flags
r-devel-linux-x86_64-debian-clang 0.2-2 3.78 136.49 140.26 NOTE
r-devel-linux-x86_64-debian-gcc 0.2-2 4.23 136.75 140.98 NOTE
r-devel-linux-x86_64-fedora-clang 0.2-2 261.48 NOTE
r-devel-linux-x86_64-fedora-gcc 0.2-2 256.22 NOTE
r-devel-osx-x86_64-clang 0.2-2 167.14 NOTE
r-devel-windows-ix86+x86_64 0.2-2 33.00 379.00 412.00 OK
r-patched-linux-x86_64 0.2-2 4.44 135.68 140.11 NOTE
r-patched-solaris-sparc 0.2-2 739.70 ERROR
r-patched-solaris-x86 0.2-2 135.50 ERROR
r-release-linux-x86_64 0.2-2 4.38 137.07 141.46 NOTE
r-release-osx-x86_64-mavericks 0.2-2 NOTE
r-release-windows-ix86+x86_64 0.2-2 32.00 396.00 428.00 OK
r-oldrel-windows-ix86+x86_64 0.2-2 47.00 376.00 423.00 OK

Check Details

Version: 0.2-2
Check: package dependencies
Result: NOTE
    Package suggested but not available for checking: ‘corpus.JSS.papers’
Flavors: r-devel-linux-x86_64-debian-clang, r-devel-linux-x86_64-debian-gcc, r-devel-linux-x86_64-fedora-clang, r-devel-linux-x86_64-fedora-gcc, r-devel-osx-x86_64-clang, r-patched-linux-x86_64, r-release-linux-x86_64, r-release-osx-x86_64-mavericks

Version: 0.2-2
Check: running R code from vignettes
Result: ERROR
    Errors in running code in vignettes:
    when running code in ‘topicmodels.Rnw’
     ...
     6: withVisible(eval(ei, envir))
     7: source(output, echo = TRUE)
     8: doTryCatch(return(expr), name, parentenv, handler)
     9: tryCatchOne(expr, names, parentenv, handlers[[1L]])
    10: tryCatchList(expr, classes, parentenv, handlers)
    11: tryCatch({ source(output, echo = TRUE)}, error = function(e) { cat("\n When sourcing ", sQuote(output), ":\n", sep = "") stop(conditionMessage(e), call. = FALSE, domain = NA)})
    12: tools:::.run_one_vignette("topicmodels.Rnw", "/home/ripley/R/packages/tests32/topicmodels/vignettes", encoding = "UTF-8", pkgdir = "/home/ripley/R/packages/tests32/topicmodels")
    aborting ...
    
    ... incomplete output. Crash?
Flavors: r-patched-solaris-sparc, r-patched-solaris-x86

Version: 0.2-2
Check: re-building of vignette outputs
Result: NOTE
    Error in re-building vignettes:
     ...
    
    Traceback:
     1: .Call("rGibbslda", as.integer(x$i), as.integer(x$j), as.integer(x$v), as.integer(x$nrow), as.integer(x$ncol), CONTROL_i, switch(control@initialize, beta = 1L, z = 2L, 0L), !is.null(seedwords), seedwords_matrix, as.integer(k), result_dir, if (is.null(model)) NULL else model@beta, if (is.null(model)) NULL else model@z, PACKAGE = "topicmodels")
     2: method(x, k, control, model, mycall, ...)
     3: LDA(JSS_dtm, k = k, method = "Gibbs", control = list(seed = SEED, burnin = 1000, thin = 100, iter = 1000))
     4: eval(expr, envir, enclos)
     5: eval(expr, .GlobalEnv)
     6: withVisible(eval(expr, .GlobalEnv))
     7: doTryCatch(return(expr), name, parentenv, handler)
     8: tryCatchOne(expr, names, parentenv, handlers[[1L]])
     9: tryCatchList(expr, classes, parentenv, handlers)
    10: tryCatch(expr, error = function(e) { call <- conditionCall(e) if (!is.null(call)) { if (identical(call[[1L]], quote(doTryCatch))) call <- sys.call(-4L) dcall <- deparse(call)[1L] prefix <- paste("Error in", dcall, ": ") LONG <- 75L msg <- conditionMessage(e) sm <- strsplit(msg, "\n")[[1L]] w <- 14L + nchar(dcall, type = "w") + nchar(sm[1L], type = "w") if (is.na(w)) w <- 14L + nchar(dcall, type = "b") + nchar(sm[1L], type = "b") if (w > LONG) prefix <- paste0(prefix, "\n ") } else prefix <- "Error : " msg <- paste0(prefix, conditionMessage(e), "\n") .Internal(seterrmessage(msg[1L])) if (!silent && identical(getOption("show.error.messages"), TRUE)) { cat(msg, file = stderr()) .Internal(printDeferredWarnings()) } invisible(structure(msg, class = "try-error", condition = e))})
    11: try(withVisible(eval(expr, .GlobalEnv)), silent = TRUE)
    12: evalFunc(ce, options)
    13: tryCatchList(expr, classes, parentenv, handlers)
    14: tryCatch(evalFunc(ce, options), finally = { cat("\n") sink()})
    15: driver$runcode(drobj, chunk, chunkopts)
    16: utils::Sweave(...)
    17: engine$weave(file, quiet = quiet, encoding = enc)
    18: doTryCatch(return(expr), name, parentenv, handler)
    19: tryCatchOne(expr, names, parentenv, handlers[[1L]])
    20: tryCatchList(expr, classes, parentenv, handlers)
    21: tryCatch({ engine$weave(file, quiet = quiet, encoding = enc) setwd(startdir) find_vignette_product(name, by = "weave", engine = engine)}, error = function(e) { stop(gettextf("processing vignette '%s' failed with diagnostics:\n%s", file, conditionMessage(e)), domain = NA, call. = FALSE)})
    22: buildVignettes(dir = "/home/ripley/R/packages/tests32/topicmodels.Rcheck/vign_test/topicmodels")
    aborting ...
Flavors: r-patched-solaris-sparc, r-patched-solaris-x86