CRAN Package Check Results for Package topicmodels

Last updated on 2016-09-28 11:50:27.

Flavor Version Tinstall Tcheck Ttotal Status Flags
r-devel-linux-x86_64-debian-clang 0.2-4 5.12 340.97 346.08 NOTE
r-devel-linux-x86_64-debian-gcc 0.2-4 4.90 153.35 158.25 NOTE
r-devel-linux-x86_64-fedora-clang 0.2-4 236.38 NOTE
r-devel-linux-x86_64-fedora-gcc 0.2-4 245.31 NOTE
r-devel-macos-x86_64-clang 0.2-4 108.83 NOTE
r-devel-windows-ix86+x86_64 0.2-4 20.00 235.00 255.00 OK
r-patched-linux-x86_64 0.2-4 4.44 152.44 156.88 NOTE
r-patched-solaris-sparc 0.2-4 1342.40 OK
r-patched-solaris-x86 0.2-4 284.90 OK
r-release-linux-x86_64 0.2-4 6.06 151.39 157.45 NOTE
r-release-osx-x86_64-mavericks 0.2-4 NOTE
r-release-windows-ix86+x86_64 0.2-4 32.00 186.00 218.00 OK
r-oldrel-windows-ix86+x86_64 0.2-4 40.00 362.00 402.00 OK

Check Details

Version: 0.2-4
Check: package dependencies
Result: NOTE
    Package suggested but not available for checking: ‘corpus.JSS.papers’
Flavors: r-devel-linux-x86_64-debian-clang, r-devel-linux-x86_64-debian-gcc, r-devel-linux-x86_64-fedora-clang, r-devel-linux-x86_64-fedora-gcc, r-devel-macos-x86_64-clang, r-patched-linux-x86_64, r-release-linux-x86_64, r-release-osx-x86_64-mavericks