CRAN Package Check Results for Package topicmodels

Last updated on 2017-10-17 19:48:17.

Flavor Version Tinstall Tcheck Ttotal Status Flags
r-devel-linux-x86_64-debian-clang 0.2-6 5.88 91.11 96.99 NOTE
r-devel-linux-x86_64-debian-gcc 0.2-6 6.99 92.64 99.63 NOTE
r-devel-linux-x86_64-fedora-clang 0.2-6 174.63 NOTE
r-devel-linux-x86_64-fedora-gcc 0.2-6 171.30 NOTE
r-devel-windows-ix86+x86_64 0.2-6 29.00 527.00 556.00 NOTE
r-patched-linux-x86_64 0.2-6 5.68 91.14 96.81 NOTE
r-patched-solaris-x86 0.2-6 317.50 OK
r-release-linux-x86_64 0.2-6 5.66 90.88 96.54 NOTE
r-release-windows-ix86+x86_64 0.2-6 42.00 193.00 235.00 OK
r-release-osx-x86_64 0.2-6 NOTE
r-oldrel-windows-ix86+x86_64 0.2-6 41.00 233.00 274.00 OK
r-oldrel-osx-x86_64 0.2-6 NOTE

Check Details

Version: 0.2-6
Check: package dependencies
Result: NOTE
    Package suggested but not available for checking: ‘corpus.JSS.papers’
Flavors: r-devel-linux-x86_64-debian-clang, r-devel-linux-x86_64-debian-gcc, r-devel-linux-x86_64-fedora-clang, r-devel-linux-x86_64-fedora-gcc, r-devel-windows-ix86+x86_64, r-patched-linux-x86_64, r-release-linux-x86_64, r-release-osx-x86_64, r-oldrel-osx-x86_64