CRAN Package Check Results for Package topicmodels

Last updated on 2017-05-25 06:48:20.

Flavor Version Tinstall Tcheck Ttotal Status Flags
r-devel-linux-x86_64-debian-clang 0.2-6 5.70 90.02 95.72 NOTE
r-devel-linux-x86_64-debian-gcc 0.2-6 5.62 90.97 96.59 NOTE
r-devel-linux-x86_64-fedora-clang 0.2-6 257.16 NOTE --no-stop-on-test-error
r-devel-linux-x86_64-fedora-gcc 0.2-6 247.99 NOTE --no-stop-on-test-error
r-devel-windows-ix86+x86_64 0.2-6 29.00 239.00 268.00 OK
r-patched-linux-x86_64 0.2-6 5.36 90.70 96.05 NOTE
r-patched-solaris-sparc 0.2-6 1365.80 OK
r-patched-solaris-x86 0.2-6 306.90 OK
r-release-linux-x86_64 0.2-6 5.05 90.61 95.67 NOTE
r-release-windows-ix86+x86_64 0.2-6 38.00 310.00 348.00 OK
r-release-osx-x86_64 0.2-6 NOTE
r-oldrel-windows-ix86+x86_64 0.2-6 41.00 227.00 268.00 OK
r-oldrel-osx-x86_64 0.2-6 NOTE

Check Details

Version: 0.2-6
Check: package dependencies
Result: NOTE
    Package suggested but not available for checking: ‘corpus.JSS.papers’
Flavors: r-devel-linux-x86_64-debian-clang, r-devel-linux-x86_64-debian-gcc, r-patched-linux-x86_64, r-release-linux-x86_64, r-release-osx-x86_64, r-oldrel-osx-x86_64

Version: 0.2-6
Flags: --no-stop-on-test-error
Check: package dependencies
Result: NOTE
    Package suggested but not available for checking: ‘corpus.JSS.papers’
Flavors: r-devel-linux-x86_64-fedora-clang, r-devel-linux-x86_64-fedora-gcc