CRAN Package Check Results for Package topicmodels

Last updated on 2014-11-01 01:48:11.

Flavor Version Tinstall Tcheck Ttotal Status Flags
r-devel-linux-x86_64-debian-clang 0.2-1 4.02 141.08 145.10 NOTE
r-devel-linux-x86_64-debian-gcc 0.2-1 4.45 140.43 144.88 NOTE
r-devel-linux-x86_64-fedora-clang 0.2-1 273.10 NOTE
r-devel-linux-x86_64-fedora-gcc 0.2-1 275.91 NOTE
r-devel-osx-x86_64-clang 0.2-1 186.49 NOTE
r-devel-windows-ix86+x86_64 0.2-1 24.00 274.00 298.00 OK
r-patched-linux-x86_64 0.2-1 4.61 141.14 145.75 NOTE
r-patched-solaris-sparc 0.2-1 526.70 ERROR
r-patched-solaris-x86 0.2-1 106.80 ERROR
r-release-linux-ix86 0.2-1 6.30 273.85 280.14 NOTE
r-release-linux-x86_64 0.2-1 4.70 142.66 147.36 NOTE
r-release-osx-x86_64-mavericks 0.2-1 ERROR
r-release-osx-x86_64-snowleopard 0.2-1 NOTE
r-release-windows-ix86+x86_64 0.2-1 24.00 265.00 289.00 OK
r-oldrel-windows-ix86+x86_64 0.2-1 22.00 1.00 23.00 ERROR

Check Details

Version: 0.2-1
Check: package dependencies
Result: NOTE
    Package suggested but not available for checking: ‘corpus.JSS.papers’
Flavors: r-devel-linux-x86_64-debian-clang, r-devel-linux-x86_64-debian-gcc, r-devel-linux-x86_64-fedora-clang, r-devel-linux-x86_64-fedora-gcc, r-devel-osx-x86_64-clang, r-patched-linux-x86_64, r-patched-solaris-sparc, r-patched-solaris-x86, r-release-linux-ix86, r-release-linux-x86_64, r-release-osx-x86_64-mavericks, r-release-osx-x86_64-snowleopard

Version: 0.2-1
Check: running R code from vignettes
Result: ERROR
    Errors in running code in vignettes:
    when running code in ‘topicmodels.Rnw’
     ...
     6: withVisible(eval(ei, envir))
     7: source(output, echo = TRUE)
     8: doTryCatch(return(expr), name, parentenv, handler)
     9: tryCatchOne(expr, names, parentenv, handlers[[1L]])
    10: tryCatchList(expr, classes, parentenv, handlers)
    11: tryCatch({ source(output, echo = TRUE)}, error = function(e) { cat("\n When sourcing ", sQuote(output), ":\n", sep = "") stop(conditionMessage(e), call. = FALSE, domain = NA)})
    12: tools:::.run_one_vignette("topicmodels.Rnw", "/home/ripley/R/packages/tests32/topicmodels/vignettes", pkgdir = "/home/ripley/R/packages/tests32/topicmodels")
    aborting ...
    
    ... incomplete output. Crash?
Flavors: r-patched-solaris-sparc, r-patched-solaris-x86

Version: 0.2-1
Check: whether package can be installed
Result: ERROR
    Installation failed.
Flavor: r-release-osx-x86_64-mavericks

Version: 0.2-1
Check: package dependencies
Result: ERROR
    Package required and available but unsuitable version: 'tm'
    
    See the information on DESCRIPTION files in the chapter 'Creating R
    packages' of the 'Writing R Extensions' manual.
Flavor: r-oldrel-windows-ix86+x86_64