CRAN Package Check Results for Package topicmodels

Last updated on 2016-08-27 21:47:03.

Flavor Version Tinstall Tcheck Ttotal Status Flags
r-devel-linux-x86_64-debian-clang 0.2-4 4.89 153.35 158.24 NOTE
r-devel-linux-x86_64-debian-gcc 0.2-4 4.86 153.25 158.11 NOTE
r-devel-linux-x86_64-fedora-clang 0.2-4 249.28 NOTE
r-devel-linux-x86_64-fedora-gcc 0.2-4 244.09 NOTE
r-devel-osx-x86_64-clang 0.2-4 110.30 NOTE
r-devel-windows-ix86+x86_64 0.2-4 102.00 184.00 286.00 OK
r-patched-linux-x86_64 0.2-4 4.22 153.43 157.66 NOTE
r-patched-solaris-sparc 0.2-4 1342.40 OK
r-patched-solaris-x86 0.2-4 287.50 OK
r-release-linux-x86_64 0.2-4 5.57 153.49 159.06 NOTE
r-release-osx-x86_64-mavericks 0.2-4 NOTE
r-release-windows-ix86+x86_64 0.2-4 28.00 286.00 314.00 OK
r-oldrel-windows-ix86+x86_64 0.2-4 24.00 289.00 313.00 OK

Check Details

Version: 0.2-4
Check: package dependencies
Result: NOTE
    Package suggested but not available for checking: ‘corpus.JSS.papers’
Flavors: r-devel-linux-x86_64-debian-clang, r-devel-linux-x86_64-debian-gcc, r-devel-linux-x86_64-fedora-clang, r-devel-linux-x86_64-fedora-gcc, r-devel-osx-x86_64-clang, r-patched-linux-x86_64, r-release-linux-x86_64, r-release-osx-x86_64-mavericks