CRAN Package Check Results for Package topicmodels

Last updated on 2017-03-28 15:48:41.

Flavor Version Tinstall Tcheck Ttotal Status Flags
r-devel-linux-x86_64-debian-clang 0.2-5 5.20 92.37 97.57 NOTE
r-devel-linux-x86_64-debian-gcc 0.2-5 4.69 92.18 96.87 NOTE
r-devel-linux-x86_64-fedora-clang 0.2-5 249.43 NOTE --no-stop-on-test-error
r-devel-linux-x86_64-fedora-gcc 0.2-5 246.31 NOTE --no-stop-on-test-error
r-devel-macos-x86_64-clang 0.2-5 113.99 NOTE --no-stop-on-test-error
r-devel-windows-ix86+x86_64 0.2-5 29.00 236.00 265.00 OK
r-patched-linux-x86_64 0.2-5 4.66 91.68 96.34 NOTE
r-patched-solaris-sparc 0.2-5 1400.00 OK
r-patched-solaris-x86 0.2-5 315.20 OK
r-release-linux-x86_64 0.2-5 4.89 86.30 91.18 NOTE
r-release-osx-x86_64-mavericks 0.2-5 NOTE
r-release-windows-ix86+x86_64 0.2-5 44.00 230.00 274.00 OK
r-oldrel-windows-ix86+x86_64 0.2-5 35.00 284.00 319.00 OK

Check Details

Version: 0.2-5
Check: package dependencies
Result: NOTE
    Package suggested but not available for checking: ‘corpus.JSS.papers’
Flavors: r-devel-linux-x86_64-debian-clang, r-devel-linux-x86_64-debian-gcc, r-patched-linux-x86_64, r-release-linux-x86_64, r-release-osx-x86_64-mavericks

Version: 0.2-5
Flags: --no-stop-on-test-error
Check: package dependencies
Result: NOTE
    Package suggested but not available for checking: ‘corpus.JSS.papers’
Flavors: r-devel-linux-x86_64-fedora-clang, r-devel-linux-x86_64-fedora-gcc, r-devel-macos-x86_64-clang