CRAN Package Check Results for Package topicmodels

Last updated on 2017-08-16 20:48:34.

Flavor Version Tinstall Tcheck Ttotal Status Flags
r-devel-linux-x86_64-debian-clang 0.2-6 5.83 91.60 97.43 NOTE
r-devel-linux-x86_64-debian-gcc 0.2-6 5.62 90.57 96.19 NOTE
r-devel-linux-x86_64-fedora-clang 0.2-6 251.89 NOTE
r-devel-linux-x86_64-fedora-gcc 0.2-6 244.70 NOTE
r-devel-windows-ix86+x86_64 0.2-6 30.00 200.00 230.00 OK
r-patched-linux-x86_64 0.2-6 5.51 93.52 99.03 NOTE
r-patched-solaris-x86 0.2-6 328.00 OK
r-release-linux-x86_64 0.2-6 5.42 90.74 96.16 NOTE
r-release-windows-ix86+x86_64 0.2-6 33.00 258.00 291.00 OK
r-release-osx-x86_64 0.2-6 NOTE
r-oldrel-windows-ix86+x86_64 0.2-6 46.00 184.00 230.00 OK
r-oldrel-osx-x86_64 0.2-6 NOTE

Check Details

Version: 0.2-6
Check: package dependencies
Result: NOTE
    Package suggested but not available for checking: ‘corpus.JSS.papers’
Flavors: r-devel-linux-x86_64-debian-clang, r-devel-linux-x86_64-debian-gcc, r-devel-linux-x86_64-fedora-clang, r-devel-linux-x86_64-fedora-gcc, r-patched-linux-x86_64, r-release-linux-x86_64, r-release-osx-x86_64, r-oldrel-osx-x86_64