CRAN Package Check Results for Package topicmodels

Last updated on 2017-02-24 11:48:44.

Flavor Version Tinstall Tcheck Ttotal Status Flags
r-devel-linux-x86_64-debian-clang 0.2-4 4.99 87.56 92.54 NOTE
r-devel-linux-x86_64-debian-gcc 0.2-4 4.94 87.22 92.16 NOTE
r-devel-linux-x86_64-fedora-clang 0.2-4 239.69 NOTE --no-stop-on-test-error
r-devel-linux-x86_64-fedora-gcc 0.2-4 235.65 NOTE --no-stop-on-test-error
r-devel-macos-x86_64-clang 0.2-4 108.82 NOTE --no-stop-on-test-error
r-devel-windows-ix86+x86_64 0.2-4 63.00 284.00 347.00 OK
r-patched-linux-x86_64 0.2-4 4.36 83.66 88.02 NOTE
r-patched-solaris-sparc 0.2-4 1282.10 OK
r-patched-solaris-x86 0.2-4 291.60 OK
r-release-linux-x86_64 0.2-4 4.35 82.32 86.67 NOTE
r-release-osx-x86_64-mavericks 0.2-4 NOTE
r-release-windows-ix86+x86_64 0.2-4 65.00 246.00 311.00 OK
r-oldrel-windows-ix86+x86_64 0.2-4 55.00 366.00 421.00 OK

Check Details

Version: 0.2-4
Check: package dependencies
Result: NOTE
    Package suggested but not available for checking: ‘corpus.JSS.papers’
Flavors: r-devel-linux-x86_64-debian-clang, r-devel-linux-x86_64-debian-gcc, r-patched-linux-x86_64, r-release-linux-x86_64, r-release-osx-x86_64-mavericks

Version: 0.2-4
Check: compiled code
Result: NOTE
    File ‘topicmodels/libs/topicmodels.so’:
     Found no calls to: ‘R_registerRoutines’, ‘R_useDynamicSymbols’
    
    It is good practice to register native routines and to disable symbol
    search.
    
    See ‘Writing portable packages’ in the ‘Writing R Extensions’ manual.
Flavors: r-devel-linux-x86_64-debian-clang, r-devel-linux-x86_64-debian-gcc

Version: 0.2-4
Flags: --no-stop-on-test-error
Check: package dependencies
Result: NOTE
    Package suggested but not available for checking: ‘corpus.JSS.papers’
Flavors: r-devel-linux-x86_64-fedora-clang, r-devel-linux-x86_64-fedora-gcc, r-devel-macos-x86_64-clang

Version: 0.2-4
Flags: --no-stop-on-test-error
Check: compiled code
Result: NOTE
    File ‘topicmodels/libs/topicmodels.so’:
     Found no calls to: ‘R_registerRoutines’, ‘R_useDynamicSymbols’
    
    It is good practice to register native routines and to disable symbol
    search.
    
    See ‘Writing portable packages’ in the ‘Writing R Extensions’ manual.
Flavors: r-devel-linux-x86_64-fedora-clang, r-devel-linux-x86_64-fedora-gcc, r-devel-macos-x86_64-clang