CRAN Package Check Results for Package topicmodels

Last updated on 2014-04-16 15:49:37.

Flavor Version Tinstall Tcheck Ttotal Status Flags
r-devel-linux-x86_64-debian-clang 0.1-12 4.17 140.67 144.84 NOTE
r-devel-linux-x86_64-debian-gcc 0.1-12 4.50 143.32 147.82 NOTE
r-devel-linux-x86_64-fedora-clang 0.1-12 277.95 NOTE
r-devel-linux-x86_64-fedora-gcc 0.1-12 280.69 NOTE
r-devel-macosx-x86_64-clang 0.1-12 197.44 NOTE
r-devel-macosx-x86_64-gcc 0.1-12 ERROR
r-devel-windows-ix86+x86_64 0.1-12 23.00 270.00 293.00 NOTE
r-patched-linux-x86_64 0.1-12 4.46 141.85 146.32 NOTE
r-patched-solaris-sparc 0.1-12 492.00 ERROR
r-patched-solaris-x86 0.1-12 106.20 ERROR
r-release-linux-ix86 0.1-12 10.00 369.00 379.00 NOTE
r-release-linux-x86_64 0.1-12 4.60 144.04 148.64 NOTE
r-release-macosx-x86_64 0.1-12 WARN
r-release-windows-ix86+x86_64 0.1-12 23.00 277.00 300.00 NOTE
r-oldrel-windows-ix86+x86_64 0.1-12 24.00 289.00 313.00 NOTE

Check Details

Version: 0.1-12
Check: for unstated dependencies in vignettes
Result: NOTE
    'data(package=)' call not declared from: ‘corpus.JSS.papers’
Flavors: r-devel-linux-x86_64-debian-clang, r-devel-linux-x86_64-debian-gcc, r-devel-linux-x86_64-fedora-clang, r-devel-linux-x86_64-fedora-gcc, r-devel-macosx-x86_64-clang, r-devel-windows-ix86+x86_64, r-patched-linux-x86_64, r-patched-solaris-sparc, r-patched-solaris-x86, r-release-linux-ix86, r-release-linux-x86_64, r-release-macosx-x86_64, r-release-windows-ix86+x86_64, r-oldrel-windows-ix86+x86_64

Version: 0.1-12
Check: package dependencies
Result: ERROR
    Package required but not available: ‘tm’
    
    Packages suggested but not available for checking: ‘OAIHarvester’ ‘XML’
    
    See the information on DESCRIPTION files in the chapter ‘Creating R
    packages’ of the ‘Writing R Extensions’ manual.
Flavor: r-devel-macosx-x86_64-gcc

Version: 0.1-12
Check: running R code from vignettes
Result: ERROR
    Errors in running code in vignettes:
    when running code in ‘topicmodels.Rnw’
     ...
     6: withVisible(eval(ei, envir))
     7: source(output, echo = TRUE)
     8: doTryCatch(return(expr), name, parentenv, handler)
     9: tryCatchOne(expr, names, parentenv, handlers[[1L]])
    10: tryCatchList(expr, classes, parentenv, handlers)
    11: tryCatch({ source(output, echo = TRUE)}, error = function(e) { cat("\n When sourcing ", sQuote(output), ":\n", sep = "") stop(conditionMessage(e), call. = FALSE, domain = NA)})
    12: tools:::.run_one_vignette("topicmodels.Rnw", "/home/ripley/R/packages/tests32/topicmodels/vignettes", pkgdir = "/home/ripley/R/packages/tests32/topicmodels")
    aborting ...
    
    ... incomplete output. Crash?
Flavors: r-patched-solaris-sparc, r-patched-solaris-x86

Version: 0.1-12
Check: examples
Result: WARNING
    checking a package with encoding 'UTF-8' in an ASCII locale
    
     OK
Flavor: r-release-macosx-x86_64