Last updated on 2023-11-30 16:49:40 CET.
Flavor | Version | Tinstall | Tcheck | Ttotal | Status | Flags |
---|---|---|---|---|---|---|
r-devel-linux-x86_64-debian-clang | 0.2-15 | 15.72 | 129.81 | 145.53 | NOTE | |
r-devel-linux-x86_64-debian-gcc | 0.2-15 | 12.30 | 96.57 | 108.87 | NOTE | |
r-devel-linux-x86_64-fedora-clang | 0.2-15 | 186.62 | NOTE | |||
r-devel-linux-x86_64-fedora-gcc | 0.2-15 | 202.66 | NOTE | |||
r-devel-windows-x86_64 | 0.2-15 | 20.00 | 166.00 | 186.00 | NOTE | |
r-patched-linux-x86_64 | 0.2-15 | 15.12 | 130.25 | 145.37 | NOTE | |
r-release-linux-x86_64 | 0.2-14 | 15.13 | 131.07 | 146.20 | NOTE | |
r-release-macos-arm64 | 0.2-15 | 127.00 | NOTE | |||
r-release-macos-x86_64 | 0.2-14 | 202.00 | NOTE | |||
r-release-windows-x86_64 | 0.2-15 | 22.00 | 165.00 | 187.00 | NOTE | |
r-oldrel-macos-arm64 | 0.2-15 | 122.00 | NOTE | |||
r-oldrel-macos-x86_64 | 0.2-14 | 137.00 | NOTE | |||
r-oldrel-windows-x86_64 | 0.2-15 | 23.00 | 168.00 | 191.00 | NOTE |
Version: 0.2-15
Check: package dependencies
Result: NOTE
Package suggested but not available for checking: ‘corpus.JSS.papers’
Flavors: r-devel-linux-x86_64-debian-clang, r-devel-linux-x86_64-debian-gcc, r-devel-linux-x86_64-fedora-clang, r-devel-linux-x86_64-fedora-gcc, r-devel-windows-x86_64, r-patched-linux-x86_64, r-release-macos-arm64, r-release-windows-x86_64, r-oldrel-macos-arm64, r-oldrel-windows-x86_64
Version: 0.2-14
Check: package dependencies
Result: NOTE
Package suggested but not available for checking: ‘corpus.JSS.papers’
Flavors: r-release-linux-x86_64, r-release-macos-x86_64, r-oldrel-macos-x86_64