CRAN Package Check Results for Package topicmodels

Last updated on 2015-03-28 16:47:27.

Flavor Version Tinstall Tcheck Ttotal Status Flags
r-devel-linux-x86_64-debian-clang 0.2-1 3.88 135.93 139.80 NOTE
r-devel-linux-x86_64-debian-gcc 0.2-1 4.68 136.04 140.72 NOTE
r-devel-linux-x86_64-fedora-clang 0.2-1 259.73 NOTE
r-devel-linux-x86_64-fedora-gcc 0.2-1 258.91 NOTE
r-devel-osx-x86_64-clang 0.2-1 230.41 NOTE
r-prerel-windows-ix86+x86_64 0.2-1 28.00 327.00 355.00 OK
r-prerel-linux-x86_64 0.2-1 4.21 136.55 140.76 NOTE
r-prerel-solaris-sparc 0.2-1 768.20 ERROR
r-prerel-solaris-x86 0.2-1 133.60 ERROR
r-release-linux-x86_64 0.2-1 4.61 141.19 145.80 NOTE
r-release-osx-x86_64-mavericks 0.2-1 NOTE
r-release-osx-x86_64-snowleopard 0.2-1 NOTE
r-release-windows-ix86+x86_64 0.2-1 26.00 268.00 294.00 OK
r-oldrel-windows-ix86+x86_64 0.2-1 24.00 2.00 26.00 ERROR

Check Details

Version: 0.2-1
Check: package dependencies
Result: NOTE
    Package suggested but not available for checking: ‘corpus.JSS.papers’
Flavors: r-devel-linux-x86_64-debian-clang, r-devel-linux-x86_64-debian-gcc, r-devel-linux-x86_64-fedora-clang, r-devel-linux-x86_64-fedora-gcc, r-devel-osx-x86_64-clang, r-prerel-linux-x86_64, r-prerel-solaris-sparc, r-release-linux-x86_64, r-release-osx-x86_64-mavericks, r-release-osx-x86_64-snowleopard

Version: 0.2-1
Check: running R code from vignettes
Result: ERROR
    Errors in running code in vignettes:
    when running code in ‘topicmodels.Rnw’
     ...
     6: withVisible(eval(ei, envir))
     7: source(output, echo = TRUE)
     8: doTryCatch(return(expr), name, parentenv, handler)
     9: tryCatchOne(expr, names, parentenv, handlers[[1L]])
    10: tryCatchList(expr, classes, parentenv, handlers)
    11: tryCatch({ source(output, echo = TRUE)}, error = function(e) { cat("\n When sourcing ", sQuote(output), ":\n", sep = "") stop(conditionMessage(e), call. = FALSE, domain = NA)})
    12: tools:::.run_one_vignette("topicmodels.Rnw", "/home/ripley/R/packages/tests32/topicmodels/vignettes", encoding = "UTF-8", pkgdir = "/home/ripley/R/packages/tests32/topicmodels")
    aborting ...
    
    ... incomplete output. Crash?
Flavors: r-prerel-solaris-sparc, r-prerel-solaris-x86

Version: 0.2-1
Check: re-building of vignette outputs
Result: NOTE
    Error in re-building vignettes:
     ...
    
    Traceback:
     1: .Call("rGibbslda", as.integer(x$i), as.integer(x$j), as.integer(x$v), as.integer(x$nrow), as.integer(x$ncol), CONTROL_i, switch(control@initialize, beta = 1L, z = 2L, 0L), !is.null(seedwords), seedwords_matrix, as.integer(k), result_dir, if (is.null(model)) NULL else model@beta, if (is.null(model)) NULL else model@z, PACKAGE = "topicmodels")
     2: method(x, k, control, model, mycall, ...)
     3: LDA(JSS_dtm, k = k, method = "Gibbs", control = list(seed = SEED, burnin = 1000, thin = 100, iter = 1000))
     4: eval(expr, envir, enclos)
     5: eval(expr, .GlobalEnv)
     6: withVisible(eval(expr, .GlobalEnv))
     7: doTryCatch(return(expr), name, parentenv, handler)
     8: tryCatchOne(expr, names, parentenv, handlers[[1L]])
     9: tryCatchList(expr, classes, parentenv, handlers)
    10: tryCatch(expr, error = function(e) { call <- conditionCall(e) if (!is.null(call)) { if (identical(call[[1L]], quote(doTryCatch))) call <- sys.call(-4L) dcall <- deparse(call)[1L] prefix <- paste("Error in", dcall, ": ") LONG <- 75L msg <- conditionMessage(e) sm <- strsplit(msg, "\n")[[1L]] w <- 14L + nchar(dcall, type = "w") + nchar(sm[1L], type = "w") if (is.na(w)) w <- 14L + nchar(dcall, type = "b") + nchar(sm[1L], type = "b") if (w > LONG) prefix <- paste0(prefix, "\n ") } else prefix <- "Error : " msg <- paste0(prefix, conditionMessage(e), "\n") .Internal(seterrmessage(msg[1L])) if (!silent && identical(getOption("show.error.messages"), TRUE)) { cat(msg, file = stderr()) .Internal(printDeferredWarnings()) } invisible(structure(msg, class = "try-error", condition = e))})
    11: try(withVisible(eval(expr, .GlobalEnv)), silent = TRUE)
    12: evalFunc(ce, options)
    13: tryCatchList(expr, classes, parentenv, handlers)
    14: tryCatch(evalFunc(ce, options), finally = { cat("\n") sink()})
    15: driver$runcode(drobj, chunk, chunkopts)
    16: utils::Sweave(...)
    17: engine$weave(file, quiet = quiet, encoding = enc)
    18: doTryCatch(return(expr), name, parentenv, handler)
    19: tryCatchOne(expr, names, parentenv, handlers[[1L]])
    20: tryCatchList(expr, classes, parentenv, handlers)
    21: tryCatch({ engine$weave(file, quiet = quiet, encoding = enc) setwd(startdir) find_vignette_product(name, by = "weave", engine = engine)}, error = function(e) { stop(gettextf("processing vignette '%s' failed with diagnostics:\n%s", file, conditionMessage(e)), domain = NA, call. = FALSE)})
    22: buildVignettes(dir = "/home/ripley/R/packages/tests32/topicmodels.Rcheck/vign_test/topicmodels")
    aborting ...
Flavors: r-prerel-solaris-sparc, r-prerel-solaris-x86

Version: 0.2-1
Check: package dependencies
Result: ERROR
    Package required and available but unsuitable version: 'tm'
    
    See the information on DESCRIPTION files in the chapter 'Creating R
    packages' of the 'Writing R Extensions' manual.
Flavor: r-oldrel-windows-ix86+x86_64