CRAN Package Check Results for Package topicmodels

Last updated on 2018-05-21 04:49:33 CEST.

Flavor Version Tinstall Tcheck Ttotal Status Flags
r-devel-linux-x86_64-debian-clang 0.2-7 10.54 117.38 127.92 NOTE
r-devel-linux-x86_64-debian-gcc 0.2-7 7.37 98.57 105.94 NOTE
r-devel-linux-x86_64-fedora-clang 0.2-7 173.28 NOTE
r-devel-linux-x86_64-fedora-gcc 0.2-7 169.41 NOTE
r-devel-windows-ix86+x86_64 0.2-7 44.00 249.00 293.00 NOTE
r-patched-linux-x86_64 0.2-7 8.48 129.32 137.80 NOTE
r-patched-solaris-x86 0.2-7 332.40 NOTE
r-release-linux-x86_64 0.2-7 10.19 127.47 137.66 NOTE
r-release-windows-ix86+x86_64 0.2-7 29.00 191.00 220.00 NOTE
r-release-osx-x86_64 0.2-7 NOTE
r-oldrel-windows-ix86+x86_64 0.2-7 30.00 173.00 203.00 OK
r-oldrel-osx-x86_64 0.2-7 NOTE

Check Details

Version: 0.2-7
Check: package dependencies
Result: NOTE
    Package suggested but not available for checking: ‘corpus.JSS.papers’
Flavors: r-devel-linux-x86_64-debian-clang, r-devel-linux-x86_64-debian-gcc, r-devel-linux-x86_64-fedora-clang, r-devel-linux-x86_64-fedora-gcc, r-devel-windows-ix86+x86_64, r-patched-linux-x86_64, r-patched-solaris-x86, r-release-linux-x86_64, r-release-windows-ix86+x86_64, r-release-osx-x86_64, r-oldrel-osx-x86_64