CRAN Package Check Results for Package topicmodels

Last updated on 2017-01-22 06:47:38.

Flavor Version Tinstall Tcheck Ttotal Status Flags
r-devel-linux-x86_64-debian-clang 0.2-4 4.78 430.91 435.69 NOTE
r-devel-linux-x86_64-debian-gcc 0.2-4 4.73 147.36 152.09 NOTE
r-devel-linux-x86_64-fedora-clang 0.2-4 238.60 NOTE --no-stop-on-test-error
r-devel-linux-x86_64-fedora-gcc 0.2-4 233.97 NOTE --no-stop-on-test-error
r-devel-macos-x86_64-clang 0.2-4 61.36 NOTE --no-stop-on-test-error
r-devel-windows-ix86+x86_64 0.2-4 47.00 229.00 276.00 OK
r-patched-linux-x86_64 0.2-4 4.28 144.91 149.19 NOTE
r-patched-solaris-sparc 0.2-4 1282.10 OK
r-patched-solaris-x86 0.2-4 288.30 OK
r-release-linux-x86_64 0.2-4 4.35 144.04 148.39 NOTE
r-release-osx-x86_64-mavericks 0.2-4 NOTE
r-release-windows-ix86+x86_64 0.2-4 58.00 217.00 275.00 OK
r-oldrel-windows-ix86+x86_64 0.2-4 60.00 523.00 583.00 OK

Check Details

Version: 0.2-4
Check: package dependencies
Result: NOTE
    Package suggested but not available for checking: ‘corpus.JSS.papers’
Flavors: r-devel-linux-x86_64-debian-clang, r-devel-linux-x86_64-debian-gcc, r-patched-linux-x86_64, r-release-linux-x86_64, r-release-osx-x86_64-mavericks

Version: 0.2-4
Flags: --no-stop-on-test-error
Check: package dependencies
Result: NOTE
    Package suggested but not available for checking: ‘corpus.JSS.papers’
Flavors: r-devel-linux-x86_64-fedora-clang, r-devel-linux-x86_64-fedora-gcc, r-devel-macos-x86_64-clang