CRAN Package Check Results for Package topicmodels

Last updated on 2017-12-17 18:46:47 CET.

Flavor Version Tinstall Tcheck Ttotal Status Flags
r-devel-linux-x86_64-debian-clang 0.2-7 7.83 132.35 140.18 NOTE
r-devel-linux-x86_64-debian-gcc 0.2-7 6.62 102.80 109.42 NOTE
r-devel-linux-x86_64-fedora-clang 0.2-7 166.02 NOTE
r-devel-linux-x86_64-fedora-gcc 0.2-7 164.26 NOTE
r-devel-windows-ix86+x86_64 0.2-7 27.00 180.00 207.00 OK
r-patched-linux-x86_64 0.2-7 7.66 132.36 140.02 NOTE
r-patched-solaris-x86 0.2-7 322.00 NOTE
r-release-linux-x86_64 0.2-7 7.69 133.26 140.95 NOTE
r-release-windows-ix86+x86_64 0.2-7 29.00 175.00 204.00 OK
r-release-osx-x86_64 0.2-7 NOTE
r-oldrel-windows-ix86+x86_64 0.2-7 40.00 206.00 246.00 OK
r-oldrel-osx-x86_64 0.2-7 NOTE

Check Details

Version: 0.2-7
Check: package dependencies
Result: NOTE
    Package suggested but not available for checking: ‘corpus.JSS.papers’
Flavors: r-devel-linux-x86_64-debian-clang, r-devel-linux-x86_64-debian-gcc, r-devel-linux-x86_64-fedora-clang, r-devel-linux-x86_64-fedora-gcc, r-patched-linux-x86_64, r-patched-solaris-x86, r-release-linux-x86_64, r-release-osx-x86_64, r-oldrel-osx-x86_64