Last updated on 2022-08-13 22:50:14 CEST.
Flavor | Version | Tinstall | Tcheck | Ttotal | Status | Flags |
---|---|---|---|---|---|---|
r-devel-linux-x86_64-debian-clang | 0.2-12 | 14.20 | 142.85 | 157.05 | NOTE | |
r-devel-linux-x86_64-debian-gcc | 0.2-12 | 10.86 | 105.87 | 116.73 | NOTE | |
r-devel-linux-x86_64-fedora-clang | 0.2-12 | 203.42 | NOTE | |||
r-devel-linux-x86_64-fedora-gcc | 0.2-12 | 202.89 | NOTE | |||
r-devel-windows-x86_64 | 0.2-12 | 64.00 | 244.00 | 308.00 | NOTE | |
r-patched-linux-x86_64 | 0.2-12 | 11.98 | 136.80 | 148.78 | NOTE | |
r-release-linux-x86_64 | 0.2-12 | 12.27 | 139.84 | 152.11 | NOTE | |
r-release-macos-arm64 | 0.2-12 | 110.00 | NOTE | |||
r-release-macos-x86_64 | 0.2-12 | 133.00 | NOTE | |||
r-release-windows-x86_64 | 0.2-12 | 71.00 | 483.00 | 554.00 | NOTE | |
r-oldrel-macos-arm64 | 0.2-12 | 117.00 | NOTE | |||
r-oldrel-macos-x86_64 | 0.2-12 | 187.00 | NOTE | |||
r-oldrel-windows-ix86+x86_64 | 0.2-12 | 45.00 | 237.00 | 282.00 | NOTE |
Version: 0.2-12
Check: package dependencies
Result: NOTE
Packages suggested but not available for checking:
'lasso2', 'corpus.JSS.papers'
Flavors: r-devel-linux-x86_64-debian-clang, r-devel-linux-x86_64-debian-gcc, r-devel-linux-x86_64-fedora-clang, r-devel-linux-x86_64-fedora-gcc, r-release-linux-x86_64
Version: 0.2-12
Check: package dependencies
Result: NOTE
Package suggested but not available for checking: 'corpus.JSS.papers'
Flavors: r-devel-windows-x86_64, r-patched-linux-x86_64, r-release-macos-arm64, r-release-macos-x86_64, r-release-windows-x86_64, r-oldrel-macos-arm64, r-oldrel-macos-x86_64, r-oldrel-windows-ix86+x86_64