CRAN Package Check Results for Package topicmodels

Last updated on 2017-06-22 15:48:59.

Flavor Version Tinstall Tcheck Ttotal Status Flags
r-devel-linux-x86_64-debian-clang 0.2-6 5.78 92.62 98.40 NOTE
r-devel-linux-x86_64-debian-gcc 0.2-6 5.97 91.15 97.12 NOTE
r-devel-linux-x86_64-fedora-clang 0.2-6 254.61 NOTE
r-devel-linux-x86_64-fedora-gcc 0.2-6 247.53 NOTE
r-devel-windows-ix86+x86_64 0.2-6 43.00 206.00 249.00 OK
r-patched-linux-x86_64 0.2-6 6.22 91.00 97.22 NOTE
r-patched-solaris-sparc 0.2-6 1365.80 OK
r-patched-solaris-x86 0.2-6 311.10 OK
r-release-linux-x86_64 0.2-6 5.24 91.73 96.97 NOTE
r-release-windows-ix86+x86_64 0.2-6 38.00 218.00 256.00 OK
r-release-osx-x86_64 0.2-6 NOTE
r-oldrel-windows-ix86+x86_64 0.2-6 43.00 194.00 237.00 OK
r-oldrel-osx-x86_64 0.2-6 NOTE

Check Details

Version: 0.2-6
Check: package dependencies
Result: NOTE
    Package suggested but not available for checking: ‘corpus.JSS.papers’
Flavors: r-devel-linux-x86_64-debian-clang, r-devel-linux-x86_64-debian-gcc, r-devel-linux-x86_64-fedora-clang, r-devel-linux-x86_64-fedora-gcc, r-patched-linux-x86_64, r-release-linux-x86_64, r-release-osx-x86_64, r-oldrel-osx-x86_64