CRAN Package Check Results for Package topmodel

Last updated on 2014-07-24 23:48:24.

Flavor Version Tinstall Tcheck Ttotal Status Flags
r-devel-linux-x86_64-debian-clang 0.7.2-2 1.96 9.72 11.68 OK
r-devel-linux-x86_64-debian-gcc 0.7.2-2 2.53 9.59 12.12 OK
r-devel-linux-x86_64-fedora-clang 0.7.2-2 23.39 NOTE
r-devel-linux-x86_64-fedora-gcc 0.7.2-2 22.40 NOTE
r-devel-osx-x86_64-clang 0.7.2-2 25.51 OK
r-devel-windows-ix86+x86_64 0.7.2-2 18.00 23.00 41.00 OK
r-patched-linux-x86_64 0.7.2-2 4.49 9.52 14.00 OK
r-patched-solaris-sparc 0.7.2-2 145.90 OK
r-patched-solaris-x86 0.7.2-2 36.40 OK
r-release-linux-ix86 0.7.2-2 3.47 16.00 19.47 OK
r-release-linux-x86_64 0.7.2-2 2.48 9.82 12.30 OK
r-release-osx-x86_64-mavericks 0.7.2-2 OK
r-release-windows-ix86+x86_64 0.7.2-2 25.00 29.00 54.00 OK
r-oldrel-windows-ix86+x86_64 0.7.2-2 20.00 23.00 43.00 OK

Check Details

Version: 0.7.2-2
Check: top-level files
Result: NOTE
    Non-standard file/directory found at top level:
     ‘doc’
Flavors: r-devel-linux-x86_64-fedora-clang, r-devel-linux-x86_64-fedora-gcc