CRAN Package Check Results for Package topmodel

Last updated on 2015-03-05 16:47:12.

Flavor Version Tinstall Tcheck Ttotal Status Flags
r-devel-linux-x86_64-debian-clang 0.7.2-2 2.07 9.86 11.94 NOTE
r-devel-linux-x86_64-debian-gcc 0.7.2-2 2.48 10.46 12.93 NOTE
r-devel-linux-x86_64-fedora-clang 0.7.2-2 22.56 NOTE
r-devel-linux-x86_64-fedora-gcc 0.7.2-2 21.57 NOTE
r-devel-osx-x86_64-clang 0.7.2-2 25.13 OK
r-devel-windows-ix86+x86_64 0.7.2-2 30.00 21.00 51.00 OK
r-patched-linux-x86_64 0.7.2-2 2.56 10.41 12.98 NOTE
r-patched-solaris-sparc 0.7.2-2 171.80 OK
r-patched-solaris-x86 0.7.2-2 39.70 OK
r-release-linux-ix86 0.7.2-2 3.36 16.14 19.50 NOTE
r-release-linux-x86_64 0.7.2-2 2.48 10.61 13.09 NOTE
r-release-osx-x86_64-mavericks 0.7.2-2 OK
r-release-windows-ix86+x86_64 0.7.2-2 20.00 29.00 49.00 OK
r-oldrel-windows-ix86+x86_64 0.7.2-2 20.00 23.00 43.00 OK

Check Details

Version: 0.7.2-2
Check: top-level files
Result: NOTE
    Non-standard file/directory found at top level:
     ‘doc’
Flavors: r-devel-linux-x86_64-debian-clang, r-devel-linux-x86_64-debian-gcc, r-devel-linux-x86_64-fedora-clang, r-devel-linux-x86_64-fedora-gcc, r-patched-linux-x86_64, r-release-linux-ix86, r-release-linux-x86_64