CRAN Package Check Results for Package topmodel

Last updated on 2014-08-29 09:48:11.

Flavor Version Tinstall Tcheck Ttotal Status Flags
r-devel-linux-x86_64-debian-clang 0.7.2-2 1.94 9.70 11.64 OK
r-devel-linux-x86_64-debian-gcc 0.7.2-2 2.49 9.42 11.92 OK
r-devel-linux-x86_64-fedora-clang 0.7.2-2 23.49 NOTE
r-devel-linux-x86_64-fedora-gcc 0.7.2-2 22.15 NOTE
r-devel-osx-x86_64-clang 0.7.2-2 24.85 OK
r-devel-windows-ix86+x86_64 0.7.2-2 21.00 21.00 42.00 OK
r-patched-linux-x86_64 0.7.2-2 2.48 9.97 12.46 OK
r-patched-solaris-sparc 0.7.2-2 138.40 OK
r-patched-solaris-x86 0.7.2-2 37.30 OK
r-release-linux-ix86 0.7.2-2 3.44 15.92 19.35 OK
r-release-linux-x86_64 0.7.2-2 2.53 10.10 12.63 OK
r-release-osx-x86_64-mavericks 0.7.2-2 OK
r-release-windows-ix86+x86_64 0.7.2-2 25.00 29.00 54.00 OK
r-oldrel-windows-ix86+x86_64 0.7.2-2 20.00 23.00 43.00 OK

Check Details

Version: 0.7.2-2
Check: top-level files
Result: NOTE
    Non-standard file/directory found at top level:
     ‘doc’
Flavors: r-devel-linux-x86_64-fedora-clang, r-devel-linux-x86_64-fedora-gcc