CRAN Package Check Results for Package topmodel

Last updated on 2014-09-23 23:47:15.

Flavor Version Tinstall Tcheck Ttotal Status Flags
r-devel-linux-x86_64-debian-clang 0.7.2-2 2.10 10.16 12.27 NOTE
r-devel-linux-x86_64-debian-gcc 0.7.2-2 2.45 9.86 12.30 NOTE
r-devel-linux-x86_64-fedora-clang 0.7.2-2 23.49 NOTE
r-devel-linux-x86_64-fedora-gcc 0.7.2-2 22.07 NOTE
r-devel-osx-x86_64-clang 0.7.2-2 28.50 OK
r-devel-windows-ix86+x86_64 0.7.2-2 18.00 22.00 40.00 OK
r-patched-linux-x86_64 0.7.2-2 2.45 10.13 12.58 NOTE
r-patched-solaris-sparc 0.7.2-2 138.40 OK
r-patched-solaris-x86 0.7.2-2 37.30 OK
r-release-linux-ix86 0.7.2-2 3.46 16.05 19.51 OK
r-release-linux-x86_64 0.7.2-2 2.56 10.47 13.04 NOTE
r-release-osx-x86_64-mavericks 0.7.2-2 OK
r-release-windows-ix86+x86_64 0.7.2-2 25.00 29.00 54.00 OK
r-oldrel-windows-ix86+x86_64 0.7.2-2 20.00 23.00 43.00 OK

Check Details

Version: 0.7.2-2
Check: top-level files
Result: NOTE
    Non-standard file/directory found at top level:
     ‘doc’
Flavors: r-devel-linux-x86_64-debian-clang, r-devel-linux-x86_64-debian-gcc, r-devel-linux-x86_64-fedora-clang, r-devel-linux-x86_64-fedora-gcc, r-patched-linux-x86_64, r-release-linux-x86_64