CRAN Package Check Results for Package topmodel

Last updated on 2016-12-05 02:47:22.

Flavor Version Tinstall Tcheck Ttotal Status Flags
r-devel-linux-x86_64-debian-clang 0.7.2-2 3.19 12.15 15.34 NOTE
r-devel-linux-x86_64-debian-gcc 0.7.2-2 2.89 11.49 14.38 NOTE
r-devel-linux-x86_64-fedora-clang 0.7.2-2 25.73 NOTE --no-stop-on-test-error
r-devel-linux-x86_64-fedora-gcc 0.7.2-2 24.31 NOTE --no-stop-on-test-error
r-devel-macos-x86_64-clang 0.7.2-2 21.51 NOTE
r-devel-windows-ix86+x86_64 0.7.2-2 33.00 29.00 62.00 NOTE
r-patched-linux-x86_64 0.7.2-2 2.72 10.23 12.95 NOTE
r-patched-solaris-sparc 0.7.2-2 131.90 NOTE
r-patched-solaris-x86 0.7.2-2 31.50 NOTE
r-release-linux-x86_64 0.7.2-2 2.84 10.17 13.01 NOTE
r-release-osx-x86_64-mavericks 0.7.2-2 NOTE
r-release-windows-ix86+x86_64 0.7.2-2 15.00 30.00 45.00 NOTE
r-oldrel-windows-ix86+x86_64 0.7.2-2 22.00 38.00 60.00 OK

Check Details

Version: 0.7.2-2
Check: top-level files
Result: NOTE
    Non-standard file/directory found at top level:
     ‘doc’
Flavors: r-devel-linux-x86_64-debian-clang, r-devel-linux-x86_64-debian-gcc, r-patched-linux-x86_64, r-release-linux-x86_64

Version: 0.7.2-2
Check: R code for possible problems
Result: NOTE
    flowlength: no visible global function definition for ‘is’
    river: no visible global function definition for ‘is’
    sinkfill: no visible global function definition for ‘is’
    subcatch: no visible global function definition for ‘is’
    topidx: no visible global function definition for ‘is’
    Undefined global functions or variables:
     is
    Consider adding
     importFrom("methods", "is")
    to your NAMESPACE file (and ensure that your DESCRIPTION Imports field
    contains 'methods').
Flavors: r-devel-linux-x86_64-debian-clang, r-devel-linux-x86_64-debian-gcc, r-devel-macos-x86_64-clang, r-devel-windows-ix86+x86_64, r-patched-linux-x86_64, r-patched-solaris-sparc, r-patched-solaris-x86, r-release-linux-x86_64, r-release-osx-x86_64-mavericks, r-release-windows-ix86+x86_64

Version: 0.7.2-2
Flags: --no-stop-on-test-error
Check: top-level files
Result: NOTE
    Non-standard file/directory found at top level:
     ‘doc’
Flavors: r-devel-linux-x86_64-fedora-clang, r-devel-linux-x86_64-fedora-gcc

Version: 0.7.2-2
Flags: --no-stop-on-test-error
Check: R code for possible problems
Result: NOTE
    flowlength: no visible global function definition for ‘is’
    river: no visible global function definition for ‘is’
    sinkfill: no visible global function definition for ‘is’
    subcatch: no visible global function definition for ‘is’
    topidx: no visible global function definition for ‘is’
    Undefined global functions or variables:
     is
    Consider adding
     importFrom("methods", "is")
    to your NAMESPACE file (and ensure that your DESCRIPTION Imports field
    contains 'methods').
Flavors: r-devel-linux-x86_64-fedora-clang, r-devel-linux-x86_64-fedora-gcc