CRAN Package Check Results for Package topmodel

Last updated on 2015-05-23 11:51:38.

Flavor Version Tinstall Tcheck Ttotal Status Flags
r-devel-linux-x86_64-debian-clang 0.7.2-2 2.09 10.05 12.14 NOTE
r-devel-linux-x86_64-debian-gcc 0.7.2-2 2.45 9.73 12.18 NOTE
r-devel-linux-x86_64-fedora-clang 0.7.2-2 22.66 NOTE
r-devel-linux-x86_64-fedora-gcc 0.7.2-2 21.62 NOTE
r-devel-osx-x86_64-clang 0.7.2-2 25.34 OK
r-devel-windows-ix86+x86_64 0.7.2-2 26.00 21.00 47.00 OK
r-patched-linux-x86_64 0.7.2-2 2.47 9.76 12.23 NOTE
r-patched-solaris-sparc 0.7.2-2 156.70 OK
r-patched-solaris-x86 0.7.2-2 35.20 OK
r-release-linux-x86_64 0.7.2-2 2.60 9.58 12.18 NOTE
r-release-osx-x86_64-mavericks 0.7.2-2 OK
r-release-osx-x86_64-snowleopard 0.7.2-2 OK
r-release-windows-ix86+x86_64 0.7.2-2 15.00 22.00 37.00 OK
r-oldrel-windows-ix86+x86_64 0.7.2-2 31.00 23.00 54.00 OK

Check Details

Version: 0.7.2-2
Check: top-level files
Result: NOTE
    Non-standard file/directory found at top level:
     ‘doc’
Flavors: r-devel-linux-x86_64-debian-clang, r-devel-linux-x86_64-debian-gcc, r-devel-linux-x86_64-fedora-clang, r-devel-linux-x86_64-fedora-gcc, r-patched-linux-x86_64, r-release-linux-x86_64