CRAN Package Check Results for Package topmodel

Last updated on 2016-02-09 10:48:14.

Flavor Version Tinstall Tcheck Ttotal Status Flags
r-devel-linux-x86_64-debian-gcc 0.7.2-2 2.82 9.49 12.31 NOTE
r-devel-linux-x86_64-fedora-clang 0.7.2-2 20.19 NOTE
r-devel-linux-x86_64-fedora-gcc 0.7.2-2 19.25 NOTE
r-devel-osx-x86_64-clang 0.7.2-2 22.95 NOTE
r-devel-windows-ix86+x86_64 0.7.2-2 32.00 28.00 60.00 NOTE
r-patched-linux-x86_64 0.7.2-2 3.01 9.45 12.45 NOTE
r-patched-solaris-sparc 0.7.2-2 131.00 OK
r-patched-solaris-x86 0.7.2-2 30.90 OK
r-release-linux-x86_64 0.7.2-2 2.84 9.79 12.63 NOTE
r-release-osx-x86_64-mavericks 0.7.2-2 OK
r-release-windows-ix86+x86_64 0.7.2-2 21.00 35.00 56.00 OK
r-oldrel-windows-ix86+x86_64 0.7.2-2 31.00 23.00 54.00 OK

Check Details

Version: 0.7.2-2
Check: top-level files
Result: NOTE
    Non-standard file/directory found at top level:
     ‘doc’
Flavors: r-devel-linux-x86_64-debian-gcc, r-devel-linux-x86_64-fedora-clang, r-devel-linux-x86_64-fedora-gcc, r-patched-linux-x86_64, r-release-linux-x86_64

Version: 0.7.2-2
Check: R code for possible problems
Result: NOTE
    flowlength: no visible global function definition for ‘is’
    river: no visible global function definition for ‘is’
    sinkfill: no visible global function definition for ‘is’
    subcatch: no visible global function definition for ‘is’
    topidx: no visible global function definition for ‘is’
    Undefined global functions or variables:
     is
    Consider adding
     importFrom("methods", "is")
    to your NAMESPACE file (and ensure that your DESCRIPTION Imports field
    contains 'methods').
Flavors: r-devel-linux-x86_64-debian-gcc, r-devel-linux-x86_64-fedora-clang, r-devel-linux-x86_64-fedora-gcc, r-devel-osx-x86_64-clang, r-devel-windows-ix86+x86_64