CRAN Package Check Results for Package topmodel

Last updated on 2015-01-31 08:49:58.

Flavor Version Tinstall Tcheck Ttotal Status Flags
r-devel-linux-x86_64-debian-clang 0.7.2-2 2.08 9.81 11.88 NOTE
r-devel-linux-x86_64-debian-gcc 0.7.2-2 2.50 9.52 12.02 NOTE
r-devel-linux-x86_64-fedora-clang 0.7.2-2 24.30 NOTE
r-devel-linux-x86_64-fedora-gcc 0.7.2-2 24.48 NOTE
r-devel-osx-x86_64-clang 0.7.2-2 26.89 OK
r-devel-windows-ix86+x86_64 0.7.2-2 20.00 23.00 43.00 OK
r-patched-linux-x86_64 0.7.2-2 2.60 10.26 12.86 NOTE
r-patched-solaris-sparc 0.7.2-2 145.60 OK
r-patched-solaris-x86 0.7.2-2 38.90 OK
r-release-linux-ix86 0.7.2-2 3.43 15.78 19.21 OK
r-release-linux-x86_64 0.7.2-2 2.61 10.48 13.09 NOTE
r-release-osx-x86_64-mavericks 0.7.2-2 OK
r-release-windows-ix86+x86_64 0.7.2-2 20.00 29.00 49.00 OK
r-oldrel-windows-ix86+x86_64 0.7.2-2 20.00 23.00 43.00 OK

Check Details

Version: 0.7.2-2
Check: top-level files
Result: NOTE
    Non-standard file/directory found at top level:
     ‘doc’
Flavors: r-devel-linux-x86_64-debian-clang, r-devel-linux-x86_64-debian-gcc, r-devel-linux-x86_64-fedora-clang, r-devel-linux-x86_64-fedora-gcc, r-patched-linux-x86_64, r-release-linux-x86_64