CRAN Package Check Results for Package topmodel

Last updated on 2015-07-31 04:48:23.

Flavor Version Tinstall Tcheck Ttotal Status Flags
r-devel-linux-x86_64-debian-clang 0.7.2-2 2.06 13.26 15.32 NOTE
r-devel-linux-x86_64-debian-gcc 0.7.2-2 3.21 9.33 12.54 NOTE
r-devel-linux-x86_64-fedora-clang 0.7.2-2 21.70 NOTE
r-devel-linux-x86_64-fedora-gcc 0.7.2-2 20.50 NOTE
r-devel-osx-x86_64-clang 0.7.2-2 20.19 OK
r-devel-windows-ix86+x86_64 0.7.2-2 24.00 22.00 46.00 NOTE
r-patched-linux-x86_64 0.7.2-2 2.49 9.50 11.99 NOTE
r-patched-solaris-sparc 0.7.2-2 145.60 OK
r-patched-solaris-x86 0.7.2-2 35.20 OK
r-release-linux-x86_64 0.7.2-2 2.52 9.68 12.20 NOTE
r-release-osx-x86_64-mavericks 0.7.2-2 OK
r-release-windows-ix86+x86_64 0.7.2-2 20.00 21.00 41.00 OK
r-oldrel-windows-ix86+x86_64 0.7.2-2 31.00 23.00 54.00 OK

Check Details

Version: 0.7.2-2
Check: top-level files
Result: NOTE
    Non-standard file/directory found at top level:
     ‘doc’
Flavors: r-devel-linux-x86_64-debian-clang, r-devel-linux-x86_64-debian-gcc, r-devel-linux-x86_64-fedora-clang, r-devel-linux-x86_64-fedora-gcc, r-patched-linux-x86_64, r-release-linux-x86_64

Version: 0.7.2-2
Check: R code for possible problems
Result: NOTE
    flowlength: no visible global function definition for ‘is’
    river: no visible global function definition for ‘is’
    sinkfill: no visible global function definition for ‘is’
    subcatch: no visible global function definition for ‘is’
    topidx: no visible global function definition for ‘is’
    Undefined global functions or variables:
     is
    Consider adding
     importFrom("methods", "is")
    to your NAMESPACE.
Flavors: r-devel-linux-x86_64-debian-clang, r-devel-linux-x86_64-debian-gcc, r-devel-linux-x86_64-fedora-clang, r-devel-linux-x86_64-fedora-gcc, r-devel-windows-ix86+x86_64