CRAN Package Check Results for Package topmodel

Last updated on 2014-04-23 12:48:30.

Flavor Version Tinstall Tcheck Ttotal Status Flags
r-devel-linux-x86_64-debian-clang 0.7.2-2 2.06 10.48 12.54 OK
r-devel-linux-x86_64-debian-gcc 0.7.2-2 2.35 10.15 12.50 OK
r-devel-linux-x86_64-fedora-clang 0.7.2-2 23.46 NOTE
r-devel-linux-x86_64-fedora-gcc 0.7.2-2 22.44 NOTE
r-devel-osx-x86_64-clang 0.7.2-2 26.26 OK
r-devel-osx-x86_64-gcc 0.7.2-2 OK
r-devel-windows-ix86+x86_64 0.7.2-2 18.00 22.00 40.00 OK
r-patched-linux-x86_64 0.7.2-2 2.37 10.31 12.68 OK
r-patched-solaris-sparc 0.7.2-2 145.90 OK
r-patched-solaris-x86 0.7.2-2 36.70 OK
r-release-linux-ix86 0.7.2-2 4.00 23.00 27.00 OK
r-release-linux-x86_64 0.7.2-2 2.36 10.54 12.90 OK
r-release-osx-x86_64-mavericks 0.7.2-2 OK
r-release-windows-ix86+x86_64 0.7.2-2 37.00 23.00 60.00 OK
r-oldrel-windows-ix86+x86_64 0.7.2-2 20.00 23.00 43.00 OK

Check Details

Version: 0.7.2-2
Check: top-level files
Result: NOTE
    Non-standard file/directory found at top level:
     ‘doc’
Flavors: r-devel-linux-x86_64-fedora-clang, r-devel-linux-x86_64-fedora-gcc