CRAN Package Check Results for Package topmodel

Last updated on 2016-06-28 06:47:24.

Flavor Version Tinstall Tcheck Ttotal Status Flags
r-devel-linux-x86_64-debian-gcc 0.7.2-2 2.92 9.93 12.85 NOTE
r-devel-linux-x86_64-fedora-clang 0.7.2-2 20.37 NOTE
r-devel-linux-x86_64-fedora-gcc 0.7.2-2 19.68 NOTE
r-devel-osx-x86_64-clang 0.7.2-2 18.83 NOTE
r-devel-windows-ix86+x86_64 0.7.2-2 22.00 29.00 51.00 NOTE
r-patched-linux-x86_64 0.7.2-2 3.04 10.61 13.66 NOTE
r-patched-solaris-sparc 0.7.2-2 131.90 NOTE
r-patched-solaris-x86 0.7.2-2 32.80 NOTE
r-release-linux-x86_64 0.7.2-2 2.88 9.87 12.75 NOTE
r-release-osx-x86_64-mavericks 0.7.2-2 NOTE
r-release-windows-ix86+x86_64 0.7.2-2 20.00 38.00 58.00 NOTE
r-oldrel-windows-ix86+x86_64 0.7.2-2 21.00 35.00 56.00 OK

Check Details

Version: 0.7.2-2
Check: top-level files
Result: NOTE
    Non-standard file/directory found at top level:
     ‘doc’
Flavors: r-devel-linux-x86_64-debian-gcc, r-devel-linux-x86_64-fedora-clang, r-devel-linux-x86_64-fedora-gcc, r-patched-linux-x86_64, r-release-linux-x86_64

Version: 0.7.2-2
Check: R code for possible problems
Result: NOTE
    flowlength: no visible global function definition for ‘is’
    river: no visible global function definition for ‘is’
    sinkfill: no visible global function definition for ‘is’
    subcatch: no visible global function definition for ‘is’
    topidx: no visible global function definition for ‘is’
    Undefined global functions or variables:
     is
    Consider adding
     importFrom("methods", "is")
    to your NAMESPACE file (and ensure that your DESCRIPTION Imports field
    contains 'methods').
Flavors: r-devel-linux-x86_64-debian-gcc, r-devel-linux-x86_64-fedora-clang, r-devel-linux-x86_64-fedora-gcc, r-devel-osx-x86_64-clang, r-devel-windows-ix86+x86_64, r-patched-linux-x86_64, r-patched-solaris-sparc, r-patched-solaris-x86, r-release-linux-x86_64, r-release-osx-x86_64-mavericks, r-release-windows-ix86+x86_64