CRAN Package Check Results for Package topmodel

Last updated on 2016-08-28 21:50:12.

Flavor Version Tinstall Tcheck Ttotal Status Flags
r-devel-linux-x86_64-debian-clang 0.7.2-2 3.09 10.79 13.88 NOTE
r-devel-linux-x86_64-debian-gcc 0.7.2-2 2.87 9.97 12.84 NOTE
r-devel-linux-x86_64-fedora-clang 0.7.2-2 21.51 NOTE
r-devel-linux-x86_64-fedora-gcc 0.7.2-2 20.79 NOTE
r-devel-osx-x86_64-clang 0.7.2-2 18.67 NOTE
r-devel-windows-ix86+x86_64 0.7.2-2 25.00 62.00 87.00 NOTE
r-patched-linux-x86_64 0.7.2-2 2.68 9.86 12.55 NOTE
r-patched-solaris-sparc 0.7.2-2 131.90 NOTE
r-patched-solaris-x86 0.7.2-2 31.50 NOTE
r-release-linux-x86_64 0.7.2-2 3.08 9.85 12.94 NOTE
r-release-osx-x86_64-mavericks 0.7.2-2 NOTE
r-release-windows-ix86+x86_64 0.7.2-2 20.00 38.00 58.00 NOTE
r-oldrel-windows-ix86+x86_64 0.7.2-2 21.00 35.00 56.00 OK

Check Details

Version: 0.7.2-2
Check: top-level files
Result: NOTE
    Non-standard file/directory found at top level:
     ‘doc’
Flavors: r-devel-linux-x86_64-debian-clang, r-devel-linux-x86_64-debian-gcc, r-devel-linux-x86_64-fedora-clang, r-devel-linux-x86_64-fedora-gcc, r-patched-linux-x86_64, r-release-linux-x86_64

Version: 0.7.2-2
Check: R code for possible problems
Result: NOTE
    flowlength: no visible global function definition for ‘is’
    river: no visible global function definition for ‘is’
    sinkfill: no visible global function definition for ‘is’
    subcatch: no visible global function definition for ‘is’
    topidx: no visible global function definition for ‘is’
    Undefined global functions or variables:
     is
    Consider adding
     importFrom("methods", "is")
    to your NAMESPACE file (and ensure that your DESCRIPTION Imports field
    contains 'methods').
Flavors: r-devel-linux-x86_64-debian-clang, r-devel-linux-x86_64-debian-gcc, r-devel-linux-x86_64-fedora-clang, r-devel-linux-x86_64-fedora-gcc, r-devel-osx-x86_64-clang, r-devel-windows-ix86+x86_64, r-patched-linux-x86_64, r-patched-solaris-sparc, r-patched-solaris-x86, r-release-linux-x86_64, r-release-osx-x86_64-mavericks, r-release-windows-ix86+x86_64