CRAN Package Check Results for Package topmodel

Last updated on 2014-10-02 09:53:15.

Flavor Version Tinstall Tcheck Ttotal Status Flags
r-devel-linux-x86_64-debian-clang 0.7.2-2 2.16 10.68 12.84 NOTE
r-devel-linux-x86_64-debian-gcc 0.7.2-2 2.55 10.35 12.90 NOTE
r-devel-linux-x86_64-fedora-clang 0.7.2-2 24.70 NOTE
r-devel-linux-x86_64-fedora-gcc 0.7.2-2 23.43 NOTE
r-devel-osx-x86_64-clang 0.7.2-2 25.75 OK
r-devel-windows-ix86+x86_64 0.7.2-2 17.00 21.00 38.00 OK
r-patched-linux-x86_64 0.7.2-2 2.63 10.73 13.36 NOTE
r-patched-solaris-sparc 0.7.2-2 138.40 OK
r-patched-solaris-x86 0.7.2-2 37.70 OK
r-release-linux-ix86 0.7.2-2 3.44 15.83 19.26 OK
r-release-linux-x86_64 0.7.2-2 2.54 10.34 12.88 NOTE
r-release-osx-x86_64-mavericks 0.7.2-2 OK
r-release-windows-ix86+x86_64 0.7.2-2 25.00 29.00 54.00 OK
r-oldrel-windows-ix86+x86_64 0.7.2-2 20.00 23.00 43.00 OK

Check Details

Version: 0.7.2-2
Check: top-level files
Result: NOTE
    Non-standard file/directory found at top level:
     ‘doc’
Flavors: r-devel-linux-x86_64-debian-clang, r-devel-linux-x86_64-debian-gcc, r-devel-linux-x86_64-fedora-clang, r-devel-linux-x86_64-fedora-gcc, r-patched-linux-x86_64, r-release-linux-x86_64