CRAN Package Check Results for Package topmodel

Last updated on 2015-08-30 09:47:47.

Flavor Version Tinstall Tcheck Ttotal Status Flags
r-devel-linux-x86_64-debian-clang 0.7.2-2 2.10 9.78 11.89 NOTE
r-devel-linux-x86_64-debian-gcc 0.7.2-2 2.34 9.12 11.46 NOTE
r-devel-linux-x86_64-fedora-clang 0.7.2-2 21.11 NOTE
r-devel-linux-x86_64-fedora-gcc 0.7.2-2 19.98 NOTE
r-devel-osx-x86_64-clang 0.7.2-2 19.33 OK
r-devel-windows-ix86+x86_64 0.7.2-2 27.00 28.00 55.00 NOTE
r-patched-linux-x86_64 0.7.2-2 2.47 9.48 11.94 NOTE
r-patched-solaris-sparc 0.7.2-2 145.60 OK
r-patched-solaris-x86 0.7.2-2 36.60 OK
r-release-linux-x86_64 0.7.2-2 2.59 9.70 12.29 NOTE
r-release-osx-x86_64-mavericks 0.7.2-2 OK
r-release-windows-ix86+x86_64 0.7.2-2 21.00 22.00 43.00 OK
r-oldrel-windows-ix86+x86_64 0.7.2-2 31.00 23.00 54.00 OK

Check Details

Version: 0.7.2-2
Check: top-level files
Result: NOTE
    Non-standard file/directory found at top level:
     ‘doc’
Flavors: r-devel-linux-x86_64-debian-clang, r-devel-linux-x86_64-debian-gcc, r-devel-linux-x86_64-fedora-clang, r-devel-linux-x86_64-fedora-gcc, r-patched-linux-x86_64, r-release-linux-x86_64

Version: 0.7.2-2
Check: R code for possible problems
Result: NOTE
    flowlength: no visible global function definition for ‘is’
    river: no visible global function definition for ‘is’
    sinkfill: no visible global function definition for ‘is’
    subcatch: no visible global function definition for ‘is’
    topidx: no visible global function definition for ‘is’
    Undefined global functions or variables:
     is
    Consider adding
     importFrom("methods", "is")
    to your NAMESPACE (and ensure that your DESCRIPTION Imports field
    contains 'methods').
Flavors: r-devel-linux-x86_64-debian-clang, r-devel-linux-x86_64-debian-gcc, r-devel-linux-x86_64-fedora-clang, r-devel-linux-x86_64-fedora-gcc, r-devel-windows-ix86+x86_64