CRAN Package Check Results for Package topmodel

Last updated on 2014-12-22 21:47:29.

Flavor Version Tinstall Tcheck Ttotal Status Flags
r-devel-linux-x86_64-debian-clang 0.7.2-2 2.13 10.86 12.99 NOTE
r-devel-linux-x86_64-debian-gcc 0.7.2-2 2.48 10.35 12.82 NOTE
r-devel-linux-x86_64-fedora-clang 0.7.2-2 25.04 NOTE
r-devel-linux-x86_64-fedora-gcc 0.7.2-2 23.50 NOTE
r-devel-osx-x86_64-clang 0.7.2-2 26.74 OK
r-devel-windows-ix86+x86_64 0.7.2-2 29.00 27.00 56.00 OK
r-patched-linux-x86_64 0.7.2-2 2.55 10.24 12.79 NOTE
r-patched-solaris-sparc 0.7.2-2 145.50 OK
r-patched-solaris-x86 0.7.2-2 38.70 OK
r-release-linux-ix86 0.7.2-2 3.37 15.44 18.81 OK
r-release-linux-x86_64 0.7.2-2 2.49 10.39 12.88 NOTE
r-release-osx-x86_64-mavericks 0.7.2-2 OK
r-release-windows-ix86+x86_64 0.7.2-2 20.00 29.00 49.00 OK
r-oldrel-windows-ix86+x86_64 0.7.2-2 20.00 23.00 43.00 OK

Check Details

Version: 0.7.2-2
Check: top-level files
Result: NOTE
    Non-standard file/directory found at top level:
     ‘doc’
Flavors: r-devel-linux-x86_64-debian-clang, r-devel-linux-x86_64-debian-gcc, r-devel-linux-x86_64-fedora-clang, r-devel-linux-x86_64-fedora-gcc, r-patched-linux-x86_64, r-release-linux-x86_64