CRAN Package Check Results for Package topmodel

Last updated on 2018-02-17 21:49:46 CET.

Flavor Version Tinstall Tcheck Ttotal Status Flags
r-devel-linux-x86_64-debian-clang 0.7.3 4.87 19.65 24.52 OK
r-devel-linux-x86_64-debian-gcc 0.7.3 3.50 15.56 19.06 OK
r-devel-linux-x86_64-fedora-clang 0.7.3 28.86 OK
r-devel-linux-x86_64-fedora-gcc 0.7.3 26.91 OK
r-devel-windows-ix86+x86_64 0.7.3 33.00 38.00 71.00 OK
r-patched-linux-x86_64 0.7.3 3.98 18.59 22.57 OK
r-patched-solaris-x86 0.7.3 39.10 OK
r-release-linux-x86_64 0.7.3 4.14 18.50 22.64 OK
r-release-windows-ix86+x86_64 0.7.3 29.00 44.00 73.00 OK
r-release-osx-x86_64 0.7.3 OK
r-oldrel-windows-ix86+x86_64 0.7.3 24.00 42.00 66.00 OK
r-oldrel-osx-x86_64 0.7.2-2 NOTE

Check Details

Version: 0.7.2-2
Check: R code for possible problems
Result: NOTE
    flowlength: no visible global function definition for ‘is’
    river: no visible global function definition for ‘is’
    sinkfill: no visible global function definition for ‘is’
    subcatch: no visible global function definition for ‘is’
    topidx: no visible global function definition for ‘is’
    Undefined global functions or variables:
     is
    Consider adding
     importFrom("methods", "is")
    to your NAMESPACE file (and ensure that your DESCRIPTION Imports field
    contains 'methods').
Flavor: r-oldrel-osx-x86_64