CRAN Package Check Results for Package topologyGSA

Last updated on 2016-07-30 03:49:27.

Flavor Version Tinstall Tcheck Ttotal Status Flags
r-devel-linux-x86_64-debian-clang 1.4.5 0.30 1.64 1.94 ERROR
r-devel-linux-x86_64-debian-gcc 1.4.5 14.79 157.43 172.22 OK
r-devel-linux-x86_64-fedora-clang 1.4.5 347.60 OK
r-devel-linux-x86_64-fedora-gcc 1.4.5 335.21 OK
r-devel-osx-x86_64-clang 1.4.5 272.69 OK
r-devel-windows-ix86+x86_64 1.4.5 34.00 251.00 285.00 OK
r-patched-linux-x86_64 1.4.5 16.06 167.88 183.93 OK
r-patched-solaris-sparc 1.4.5 1834.10 OK
r-patched-solaris-x86 1.4.5 411.10 OK
r-release-linux-x86_64 1.4.5 17.67 168.02 185.69 OK
r-release-osx-x86_64-mavericks 1.4.5 OK
r-release-windows-ix86+x86_64 1.4.5 44.00 297.00 341.00 OK
r-oldrel-windows-ix86+x86_64 1.4.5 54.00 350.00 404.00 OK

Check Details

Version: 1.4.5
Check: package dependencies
Result: ERROR
    Package required but not available: ‘gRbase’
    
    See section ‘The DESCRIPTION file’ in the ‘Writing R Extensions’
    manual.
Flavor: r-devel-linux-x86_64-debian-clang