CRAN Package Check Results for Package topologyGSA

Last updated on 2017-04-24 08:48:24.

Flavor Version Tinstall Tcheck Ttotal Status Flags
r-devel-linux-x86_64-debian-clang 1.4.6 15.44 665.73 681.17 OK
r-devel-linux-x86_64-debian-gcc 1.4.6 16.18 158.87 175.05 OK
r-devel-linux-x86_64-fedora-clang 1.4.6 405.86 OK --no-stop-on-test-error
r-devel-linux-x86_64-fedora-gcc 1.4.6 372.11 OK --no-stop-on-test-error
r-devel-windows-ix86+x86_64 1.4.6 50.00 260.00 310.00 OK
r-patched-linux-x86_64 1.4.6 16.02 159.10 175.12 OK
r-patched-solaris-sparc 1.4.6 2116.10 OK
r-patched-solaris-x86 1.4.6 485.40 OK
r-release-linux-x86_64 1.4.6 16.01 160.00 176.01 OK
r-release-windows-ix86+x86_64 1.4.6 41.00 240.00 281.00 OK
r-release-osx-x86_64 1.4.6 ERROR
r-oldrel-windows-ix86+x86_64 1.4.6 36.00 222.00 258.00 OK
r-oldrel-osx-x86_64 1.4.6 OK

Check Details

Version: 1.4.6
Check: package dependencies
Result: ERROR
    Packages required but not available: ‘graph’ ‘gRbase’ ‘qpgraph’
    
    Package suggested but not available for checking: ‘Rgraphviz’
    
    See section ‘The DESCRIPTION file’ in the ‘Writing R Extensions’
    manual.
Flavor: r-release-osx-x86_64