CRAN Package Check Results for Package topologyGSA

Last updated on 2015-08-04 21:47:25.

Flavor Version Tinstall Tcheck Ttotal Status Flags
r-devel-linux-x86_64-debian-clang 1.4.5 16.92 161.40 178.32 OK
r-devel-linux-x86_64-debian-gcc 1.4.5 17.35 152.90 170.24 OK
r-devel-linux-x86_64-fedora-clang 1.4.5 353.12 OK
r-devel-linux-x86_64-fedora-gcc 1.4.5 335.23 OK
r-devel-osx-x86_64-clang 1.4.5 271.84 OK
r-devel-windows-ix86+x86_64 1.4.5 52.00 256.00 308.00 OK
r-patched-linux-x86_64 1.4.5 15.05 154.45 169.50 OK
r-patched-solaris-sparc 1.4.5 2085.10 OK
r-patched-solaris-x86 1.4.5 455.80 OK
r-release-linux-x86_64 1.4.5 14.72 152.40 167.12 OK
r-release-osx-x86_64-mavericks 1.4.5 ERROR
r-release-windows-ix86+x86_64 1.4.5 45.00 248.00 293.00 OK
r-oldrel-windows-ix86+x86_64 1.4.5 61.00 329.00 390.00 OK

Check Details

Version: 1.4.5
Check: package dependencies
Result: ERROR
    Package required but not available: ‘qpgraph’
    
    See section ‘The DESCRIPTION file’ in the ‘Writing R Extensions’
    manual.
Flavor: r-release-osx-x86_64-mavericks