CRAN Package Check Results for Package topologyGSA

Last updated on 2014-09-01 11:49:08.

Flavor Version Tinstall Tcheck Ttotal Status Flags
r-devel-linux-x86_64-debian-clang 1.4.4 19.46 210.70 230.16 NOTE
r-devel-linux-x86_64-debian-gcc 1.4.4 20.28 206.52 226.80 NOTE
r-devel-linux-x86_64-fedora-clang 1.4.4 610.91 NOTE
r-devel-linux-x86_64-fedora-gcc 1.4.4 599.63 NOTE
r-devel-osx-x86_64-clang 1.4.4 425.67 NOTE
r-devel-windows-ix86+x86_64 1.4.4 56.00 300.00 356.00 NOTE
r-patched-linux-x86_64 1.4.4 12.00 130.72 142.72 OK
r-patched-solaris-sparc 1.4.4 1708.80 OK
r-patched-solaris-x86 1.4.4 448.40 OK
r-release-linux-ix86 1.4.4 14.97 151.79 166.76 OK
r-release-linux-x86_64 1.4.4 12.41 133.71 146.12 OK
r-release-osx-x86_64-mavericks 1.4.4 ERROR
r-release-osx-x86_64-snowleopard 1.4.4 OK
r-release-windows-ix86+x86_64 1.4.4 36.00 196.00 232.00 OK
r-oldrel-windows-ix86+x86_64 1.4.4 31.00 173.00 204.00 OK

Check Details

Version: 1.4.4
Check: R code for possible problems
Result: NOTE
    render.significant.cliques: no visible global function definition for
     ‘layoutGraph’
    render.significant.cliques: no visible global function definition for
     ‘renderGraph’
Flavors: r-devel-linux-x86_64-debian-clang, r-devel-linux-x86_64-debian-gcc, r-devel-linux-x86_64-fedora-clang, r-devel-linux-x86_64-fedora-gcc, r-devel-osx-x86_64-clang, r-devel-windows-ix86+x86_64

Version: 1.4.4
Check: package dependencies
Result: ERROR
    Package required but not available: ‘qpgraph’
    
    See the information on DESCRIPTION files in the chapter ‘Creating R
    packages’ of the ‘Writing R Extensions’ manual.
Flavor: r-release-osx-x86_64-mavericks