CRAN Package Check Results for Package topologyGSA

Last updated on 2018-05-21 04:49:33 CEST.

Flavor Version Tinstall Tcheck Ttotal Status Flags
r-devel-linux-x86_64-debian-clang 1.4.6 31.07 321.72 352.79 OK
r-devel-linux-x86_64-debian-gcc 1.4.6 27.22 280.84 308.06 OK
r-devel-linux-x86_64-fedora-clang 1.4.6 484.09 OK
r-devel-linux-x86_64-fedora-gcc 1.4.6 470.20 OK
r-devel-windows-ix86+x86_64 1.4.6 57.00 461.00 518.00 OK
r-patched-linux-x86_64 1.4.6 23.34 285.33 308.67 OK
r-patched-solaris-x86 1.4.6 588.30 OK
r-release-linux-x86_64 1.4.6 25.10 283.07 308.17 OK
r-release-windows-ix86+x86_64 1.4.6 41.00 291.00 332.00 OK
r-release-osx-x86_64 1.4.6 ERROR
r-oldrel-windows-ix86+x86_64 1.4.6 44.00 359.00 403.00 OK
r-oldrel-osx-x86_64 1.4.6 OK

Check Details

Version: 1.4.6
Check: package dependencies
Result: ERROR
    Package required but not available: ‘qpgraph’
    
    See section ‘The DESCRIPTION file’ in the ‘Writing R Extensions’
    manual.
Flavor: r-release-osx-x86_64