CRAN Package Check Results for Package topologyGSA

Last updated on 2017-12-17 04:47:26 CET.

Flavor Version Tinstall Tcheck Ttotal Status Flags
r-devel-linux-x86_64-debian-clang 1.4.6 19.18 245.27 264.45 OK
r-devel-linux-x86_64-debian-gcc 1.4.6 16.35 189.68 206.03 OK
r-devel-linux-x86_64-fedora-clang 1.4.6 318.07 OK
r-devel-linux-x86_64-fedora-gcc 1.4.6 326.29 OK
r-devel-windows-ix86+x86_64 1.4.6 36.00 251.00 287.00 OK
r-patched-linux-x86_64 1.4.6 19.91 278.84 298.75 OK
r-patched-solaris-x86 1.4.6 513.30 OK
r-release-linux-x86_64 1.4.6 21.82 278.44 300.26 OK
r-release-windows-ix86+x86_64 1.4.6 35.00 251.00 286.00 OK
r-release-osx-x86_64 1.4.6 ERROR
r-oldrel-windows-ix86+x86_64 1.4.6 36.00 300.00 336.00 OK
r-oldrel-osx-x86_64 1.4.6 OK

Check Details

Version: 1.4.6
Check: package dependencies
Result: ERROR
    Package required but not available: ‘qpgraph’
    
    See section ‘The DESCRIPTION file’ in the ‘Writing R Extensions’
    manual.
Flavor: r-release-osx-x86_64