CRAN Package Check Results for Package topologyGSA

Last updated on 2014-08-30 07:48:55.

Flavor Version Tinstall Tcheck Ttotal Status Flags
r-devel-linux-x86_64-debian-clang 1.4.4 19.42 215.08 234.50 NOTE
r-devel-linux-x86_64-debian-gcc 1.4.4 19.55 209.41 228.96 NOTE
r-devel-linux-x86_64-fedora-clang 1.4.4 610.91 NOTE
r-devel-linux-x86_64-fedora-gcc 1.4.4 601.41 NOTE
r-devel-osx-x86_64-clang 1.4.4 429.54 NOTE
r-devel-windows-ix86+x86_64 1.4.4 76.00 305.00 381.00 NOTE
r-patched-linux-x86_64 1.4.4 11.97 131.07 143.04 OK
r-patched-solaris-sparc 1.4.4 1708.80 OK
r-patched-solaris-x86 1.4.4 448.40 OK
r-release-linux-ix86 1.4.4 14.97 151.79 166.76 OK
r-release-linux-x86_64 1.4.4 12.13 133.30 145.43 OK
r-release-osx-x86_64-mavericks 1.4.4 ERROR
r-release-osx-x86_64-snowleopard 1.4.4 OK
r-release-windows-ix86+x86_64 1.4.4 30.00 193.00 223.00 OK
r-oldrel-windows-ix86+x86_64 1.4.4 30.00 176.00 206.00 OK

Check Details

Version: 1.4.4
Check: R code for possible problems
Result: NOTE
    render.significant.cliques: no visible global function definition for
     ‘layoutGraph’
    render.significant.cliques: no visible global function definition for
     ‘renderGraph’
Flavors: r-devel-linux-x86_64-debian-clang, r-devel-linux-x86_64-debian-gcc, r-devel-linux-x86_64-fedora-clang, r-devel-linux-x86_64-fedora-gcc, r-devel-osx-x86_64-clang, r-devel-windows-ix86+x86_64

Version: 1.4.4
Check: package dependencies
Result: ERROR
    Package required but not available: ‘qpgraph’
    
    See the information on DESCRIPTION files in the chapter ‘Creating R
    packages’ of the ‘Writing R Extensions’ manual.
Flavor: r-release-osx-x86_64-mavericks