CRAN Package Check Results for Package topologyGSA

Last updated on 2014-07-23 08:49:57.

Flavor Version Tinstall Tcheck Ttotal Status Flags
r-devel-linux-x86_64-debian-clang 1.4.3 16.33 143.63 159.96 OK
r-devel-linux-x86_64-debian-gcc 1.4.3 13.47 140.95 154.42 OK
r-devel-linux-x86_64-fedora-clang 1.4.3 414.31 OK
r-devel-linux-x86_64-fedora-gcc 1.4.3 392.37 OK
r-devel-osx-x86_64-clang 1.4.3 285.41 OK
r-devel-windows-ix86+x86_64 1.4.3 34.00 204.00 238.00 OK
r-patched-linux-x86_64 1.4.3 11.87 129.98 141.85 OK
r-patched-solaris-sparc 1.4.3 1733.20 OK
r-patched-solaris-x86 1.4.3 446.00 OK
r-release-linux-ix86 1.4.3 14.89 152.31 167.20 OK
r-release-linux-x86_64 1.4.3 12.48 132.64 145.12 OK
r-release-osx-x86_64-mavericks 1.4.3 ERROR
r-release-osx-x86_64-snowleopard 1.4.3 OK
r-release-windows-ix86+x86_64 1.4.3 33.00 196.00 229.00 OK
r-oldrel-windows-ix86+x86_64 1.4.3 31.00 168.00 199.00 OK

Check Details

Version: 1.4.3
Check: package dependencies
Result: ERROR
    Package required but not available: ‘qpgraph’
    
    See the information on DESCRIPTION files in the chapter ‘Creating R
    packages’ of the ‘Writing R Extensions’ manual.
Flavor: r-release-osx-x86_64-mavericks