CRAN Package Check Results for Package topologyGSA

Last updated on 2016-09-25 10:47:12.

Flavor Version Tinstall Tcheck Ttotal Status Flags
r-devel-linux-x86_64-debian-clang 1.4.6 0.29 1.58 1.87 ERROR
r-devel-linux-x86_64-debian-gcc 1.4.6 12.64 135.74 148.38 OK
r-devel-linux-x86_64-fedora-clang 1.4.6 314.10 OK
r-devel-linux-x86_64-fedora-gcc 1.4.6 309.84 OK
r-devel-macos-x86_64-clang 1.4.6 134.54 OK
r-devel-windows-ix86+x86_64 1.4.6 34.00 388.00 422.00 WARN
r-patched-linux-x86_64 1.4.6 16.13 142.40 158.53 OK
r-patched-solaris-sparc 1.4.6 1773.80 OK
r-patched-solaris-x86 1.4.6 406.10 OK
r-release-linux-x86_64 1.4.6 14.44 141.65 156.09 OK
r-release-osx-x86_64-mavericks 1.4.6 OK
r-release-windows-ix86+x86_64 1.4.6 34.00 182.00 216.00 OK
r-oldrel-windows-ix86+x86_64 1.4.6 50.00 283.00 333.00 OK

Check Details

Version: 1.4.6
Check: package dependencies
Result: ERROR
    Package required but not available: ‘gRbase’
    
    See section ‘The DESCRIPTION file’ in the ‘Writing R Extensions’
    manual.
Flavor: r-devel-linux-x86_64-debian-clang

Version: 1.4.6
Check: whether package can be installed
Result: WARN
    Found the following significant warnings:
     Warning: multiple methods tables found for 'which.max'
     Warning: multiple methods tables found for 'which.min'
     Warning: multiple methods tables found for 'which'
Flavor: r-devel-windows-ix86+x86_64