CRAN Package Check Results for Package topologyGSA

Last updated on 2016-08-27 05:49:02.

Flavor Version Tinstall Tcheck Ttotal Status Flags
r-devel-linux-x86_64-debian-clang 1.4.5 0.30 1.62 1.92 ERROR
r-devel-linux-x86_64-debian-gcc 1.4.5 21.16 194.92 216.09 OK
r-devel-linux-x86_64-fedora-clang 1.4.5 350.81 OK
r-devel-linux-x86_64-fedora-gcc 1.4.5 332.33 OK
r-devel-osx-x86_64-clang 1.4.5 272.70 OK
r-devel-windows-ix86+x86_64 1.4.5 46.00 233.00 279.00 WARN
r-patched-linux-x86_64 1.4.5 14.67 146.21 160.88 OK
r-patched-solaris-sparc 1.4.5 1834.10 OK
r-patched-solaris-x86 1.4.5 410.30 OK
r-release-linux-x86_64 1.4.5 15.83 148.75 164.58 OK
r-release-osx-x86_64-mavericks 1.4.5 OK
r-release-windows-ix86+x86_64 1.4.5 45.00 236.00 281.00 OK
r-oldrel-windows-ix86+x86_64 1.4.5 38.00 267.00 305.00 OK

Check Details

Version: 1.4.5
Check: package dependencies
Result: ERROR
    Package required but not available: ‘gRbase’
    
    See section ‘The DESCRIPTION file’ in the ‘Writing R Extensions’
    manual.
Flavor: r-devel-linux-x86_64-debian-clang

Version: 1.4.5
Check: whether package can be installed
Result: WARN
    Found the following significant warnings:
     Warning: multiple methods tables found for 'which.max'
     Warning: multiple methods tables found for 'which.min'
     Warning: multiple methods tables found for 'which'
Flavor: r-devel-windows-ix86+x86_64