CRAN Package Check Results for Package topologyGSA

Last updated on 2015-09-02 19:47:57.

Flavor Version Tinstall Tcheck Ttotal Status Flags
r-devel-linux-x86_64-debian-clang 1.4.5 13.86 145.68 159.54 OK
r-devel-linux-x86_64-debian-gcc 1.4.5 14.38 140.81 155.19 OK
r-devel-linux-x86_64-fedora-clang 1.4.5 324.61 OK
r-devel-linux-x86_64-fedora-gcc 1.4.5 305.07 OK
r-devel-osx-x86_64-clang 1.4.5 229.93 OK
r-devel-windows-ix86+x86_64 1.4.5 48.00 318.00 366.00 OK
r-patched-linux-x86_64 1.4.5 14.38 155.16 169.54 OK
r-patched-solaris-sparc 1.4.5 2085.10 OK
r-patched-solaris-x86 1.4.5 460.00 OK
r-release-linux-x86_64 1.4.5 14.35 157.45 171.80 OK
r-release-osx-x86_64-mavericks 1.4.5 ERROR
r-release-windows-ix86+x86_64 1.4.5 44.00 252.00 296.00 OK
r-oldrel-windows-ix86+x86_64 1.4.5 81.00 386.00 467.00 OK

Check Details

Version: 1.4.5
Check: package dependencies
Result: ERROR
    Package required but not available: ‘qpgraph’
    
    See section ‘The DESCRIPTION file’ in the ‘Writing R Extensions’
    manual.
Flavor: r-release-osx-x86_64-mavericks