CRAN Package Check Results for Package topologyGSA

Last updated on 2014-04-25 05:47:27.

Flavor Version Tinstall Tcheck Ttotal Status Flags
r-devel-linux-x86_64-debian-clang 1.4.3 13.02 139.50 152.52 OK
r-devel-linux-x86_64-debian-gcc 1.4.3 12.49 137.33 149.82 OK
r-devel-linux-x86_64-fedora-clang 1.4.3 379.30 OK
r-devel-linux-x86_64-fedora-gcc 1.4.3 366.23 OK
r-devel-osx-x86_64-clang 1.4.3 285.99 OK
r-devel-osx-x86_64-gcc 1.4.3 ERROR
r-devel-windows-ix86+x86_64 1.4.3 33.00 235.00 268.00 OK
r-patched-linux-x86_64 1.4.3 11.98 136.46 148.44 OK
r-patched-solaris-sparc 1.4.3 1733.20 OK
r-patched-solaris-x86 1.4.3 445.70 OK
r-release-linux-ix86 1.4.3 19.00 193.00 212.00 OK
r-release-linux-x86_64 1.4.3 12.16 137.62 149.78 OK
r-release-osx-x86_64-mavericks 1.4.3 ERROR
r-release-osx-x86_64-snowleopard 1.4.3 OK
r-release-windows-ix86+x86_64 1.4.3 32.00 192.00 224.00 OK
r-oldrel-windows-ix86+x86_64 1.4.3 33.00 171.00 204.00 OK

Check Details

Version: 1.4.3
Check: package dependencies
Result: ERROR
    Packages required but not available: ‘graph’ ‘gRbase’ ‘qpgraph’ ‘fields’
    
    Package suggested but not available for checking: ‘Rgraphviz’
    
    See the information on DESCRIPTION files in the chapter ‘Creating R
    packages’ of the ‘Writing R Extensions’ manual.
Flavor: r-devel-osx-x86_64-gcc

Version: 1.4.3
Check: package dependencies
Result: ERROR
    Packages required but not available: ‘graph’ ‘gRbase’ ‘qpgraph’
    
    Package suggested but not available for checking: ‘Rgraphviz’
    
    See the information on DESCRIPTION files in the chapter ‘Creating R
    packages’ of the ‘Writing R Extensions’ manual.
Flavor: r-release-osx-x86_64-mavericks