CRAN Package Check Results for Package topologyGSA

Last updated on 2015-04-26 19:47:36.

Flavor Version Tinstall Tcheck Ttotal Status Flags
r-devel-linux-x86_64-debian-clang 1.4.4 15.69 156.83 172.52 NOTE
r-devel-linux-x86_64-debian-gcc 1.4.4 14.64 150.74 165.38 NOTE
r-devel-linux-x86_64-fedora-clang 1.4.4 355.89 NOTE
r-devel-linux-x86_64-fedora-gcc 1.4.4 333.06 NOTE
r-devel-osx-x86_64-clang 1.4.4 272.86 NOTE
r-devel-windows-ix86+x86_64 1.4.4 33.00 220.00 253.00 NOTE
r-patched-linux-x86_64 1.4.4 15.65 153.50 169.16 NOTE
r-patched-solaris-sparc 1.4.4 1907.10 NOTE
r-patched-solaris-x86 1.4.4 451.80 NOTE
r-release-linux-x86_64 1.4.4 14.86 150.48 165.34 NOTE
r-release-osx-x86_64-mavericks 1.4.4 ERROR
r-release-osx-x86_64-snowleopard 1.4.4 ERROR
r-release-windows-ix86+x86_64 1.4.4 33.00 220.00 253.00 NOTE
r-oldrel-windows-ix86+x86_64 1.4.4 51.00 294.00 345.00 NOTE

Check Details

Version: 1.4.4
Check: dependencies in R code
Result: NOTE
    'library' or 'require' call to ‘Rgraphviz’ in package code.
     Please use :: or requireNamespace() instead.
     See section 'Suggested packages' in the 'Writing R Extensions' manual.
Flavors: r-devel-linux-x86_64-debian-clang, r-devel-linux-x86_64-fedora-clang, r-devel-linux-x86_64-fedora-gcc, r-devel-osx-x86_64-clang, r-devel-windows-ix86+x86_64, r-patched-solaris-sparc, r-patched-solaris-x86, r-release-windows-ix86+x86_64, r-oldrel-windows-ix86+x86_64

Version: 1.4.4
Check: S3 generic/method consistency
Result: NOTE
    Found the following apparent S3 methods exported but not registered:
     print.clique.mean.test print.clique.var.test print.pathway.mean.test
     print.pathway.var.test
    See section ‘Registering S3 methods’ in the ‘Writing R Extensions’
    manual.
Flavors: r-devel-linux-x86_64-debian-clang, r-devel-linux-x86_64-fedora-clang, r-devel-linux-x86_64-fedora-gcc, r-devel-osx-x86_64-clang, r-patched-solaris-x86

Version: 1.4.4
Check: R code for possible problems
Result: NOTE
    render.significant.cliques: no visible global function definition for
     ‘layoutGraph’
    render.significant.cliques: no visible global function definition for
     ‘renderGraph’
Flavors: r-devel-linux-x86_64-debian-clang, r-devel-linux-x86_64-fedora-clang, r-devel-linux-x86_64-fedora-gcc, r-devel-osx-x86_64-clang, r-devel-windows-ix86+x86_64, r-patched-solaris-sparc, r-patched-solaris-x86, r-release-windows-ix86+x86_64, r-oldrel-windows-ix86+x86_64

Version: 1.4.4
Check: package dependencies
Result: ERROR
    Package required but not available: ‘qpgraph’
    
    See section ‘The DESCRIPTION file’ in the ‘Writing R Extensions’
    manual.
Flavor: r-release-osx-x86_64-mavericks

Version: 1.4.4
Check: package dependencies
Result: ERROR
    Packages required but not available: ‘graph’ ‘gRbase’ ‘qpgraph’ ‘fields’
    
    Package suggested but not available for checking: ‘Rgraphviz’
    
    See section ‘The DESCRIPTION file’ in the ‘Writing R Extensions’
    manual.
Flavor: r-release-osx-x86_64-snowleopard