CRAN Package Check Results for Package topologyGSA

Last updated on 2015-03-29 09:49:49.

Flavor Version Tinstall Tcheck Ttotal Status Flags
r-devel-linux-x86_64-debian-clang 1.4.4 15.62 152.74 168.35 NOTE
r-devel-linux-x86_64-debian-gcc 1.4.4 14.98 150.76 165.74 NOTE
r-devel-linux-x86_64-fedora-clang 1.4.4 356.80 NOTE
r-devel-linux-x86_64-fedora-gcc 1.4.4 333.01 NOTE
r-devel-osx-x86_64-clang 1.4.4 288.93 NOTE
r-prerel-windows-ix86+x86_64 1.4.4 45.00 213.00 258.00 WARN
r-prerel-linux-x86_64 1.4.4 15.30 149.46 164.75 NOTE
r-prerel-solaris-sparc 1.4.4 1907.10 NOTE
r-prerel-solaris-x86 1.4.4 430.60 NOTE
r-release-linux-x86_64 1.4.4 23.40 213.50 236.90 NOTE
r-release-osx-x86_64-mavericks 1.4.4 ERROR
r-release-osx-x86_64-snowleopard 1.4.4 OK
r-release-windows-ix86+x86_64 1.4.4 54.00 301.00 355.00 NOTE
r-oldrel-windows-ix86+x86_64 1.4.4 32.00 280.00 312.00 OK

Check Details

Version: 1.4.4
Check: dependencies in R code
Result: NOTE
    'library' or 'require' call to ‘Rgraphviz’ in package code.
     Please use :: or requireNamespace() instead.
     See section 'Suggested packages' in the 'Writing R Extensions' manual.
Flavors: r-devel-linux-x86_64-debian-clang, r-devel-linux-x86_64-debian-gcc, r-devel-linux-x86_64-fedora-clang, r-devel-linux-x86_64-fedora-gcc, r-devel-osx-x86_64-clang, r-prerel-windows-ix86+x86_64, r-prerel-linux-x86_64, r-prerel-solaris-sparc, r-prerel-solaris-x86, r-release-linux-x86_64, r-release-windows-ix86+x86_64

Version: 1.4.4
Check: S3 generic/method consistency
Result: NOTE
    Found the following apparent S3 methods exported but not registered:
     print.clique.mean.test print.clique.var.test print.pathway.mean.test
     print.pathway.var.test
    See section ‘Registering S3 methods’ in the ‘Writing R Extensions’
    manual.
Flavors: r-devel-linux-x86_64-debian-clang, r-devel-linux-x86_64-debian-gcc, r-devel-linux-x86_64-fedora-clang, r-devel-linux-x86_64-fedora-gcc, r-devel-osx-x86_64-clang, r-prerel-linux-x86_64

Version: 1.4.4
Check: R code for possible problems
Result: NOTE
    render.significant.cliques: no visible global function definition for
     ‘layoutGraph’
    render.significant.cliques: no visible global function definition for
     ‘renderGraph’
Flavors: r-devel-linux-x86_64-debian-clang, r-devel-linux-x86_64-debian-gcc, r-devel-linux-x86_64-fedora-clang, r-devel-linux-x86_64-fedora-gcc, r-devel-osx-x86_64-clang, r-prerel-windows-ix86+x86_64, r-prerel-linux-x86_64, r-prerel-solaris-sparc, r-prerel-solaris-x86, r-release-linux-x86_64, r-release-windows-ix86+x86_64

Version: 1.4.4
Check: whether package can be installed
Result: WARN
    Found the following significant warnings:
     Warning: multiple methods tables found for 'score'
Flavor: r-prerel-windows-ix86+x86_64

Version: 1.4.4
Check: package dependencies
Result: ERROR
    Package required but not available: ‘qpgraph’
    
    See section ‘The DESCRIPTION file’ in the ‘Writing R Extensions’
    manual.
Flavor: r-release-osx-x86_64-mavericks