CRAN Package Check Results for Package topologyGSA

Last updated on 2015-01-31 16:47:09.

Flavor Version Tinstall Tcheck Ttotal Status Flags
r-devel-linux-x86_64-debian-clang 1.4.4 0.24 1.49 1.74 ERROR
r-devel-linux-x86_64-debian-gcc 1.4.4 0.24 1.51 1.76 ERROR
r-devel-linux-x86_64-fedora-clang 1.4.4 506.75 NOTE
r-devel-linux-x86_64-fedora-gcc 1.4.4 492.78 NOTE
r-devel-osx-x86_64-clang 1.4.4 429.86 NOTE
r-devel-windows-ix86+x86_64 1.4.4 50.00 203.00 253.00 NOTE
r-patched-linux-x86_64 1.4.4 21.24 210.20 231.44 NOTE
r-patched-solaris-sparc 1.4.4 2876.00 NOTE
r-patched-solaris-x86 1.4.4 699.40 NOTE
r-release-linux-ix86 1.4.4 23.44 236.64 260.08 NOTE
r-release-linux-x86_64 1.4.4 21.76 212.06 233.82 NOTE
r-release-osx-x86_64-mavericks 1.4.4 ERROR
r-release-osx-x86_64-snowleopard 1.4.4 OK
r-release-windows-ix86+x86_64 1.4.4 60.00 307.00 367.00 NOTE
r-oldrel-windows-ix86+x86_64 1.4.4 36.00 271.00 307.00 OK

Check Details

Version: 1.4.4
Check: package dependencies
Result: ERROR
    Packages required but not available: ‘graph’ ‘gRbase’ ‘qpgraph’
    
    Package suggested but not available for checking: ‘Rgraphviz’
    
    See section ‘The DESCRIPTION file’ in the ‘Writing R Extensions’
    manual.
Flavors: r-devel-linux-x86_64-debian-clang, r-devel-linux-x86_64-debian-gcc

Version: 1.4.4
Check: dependencies in R code
Result: NOTE
    'library' or 'require' call to ‘Rgraphviz’ in package code.
     Please use :: or requireNamespace() instead.
     See section 'Suggested packages' in the 'Writing R Extensions' manual.
Flavors: r-devel-linux-x86_64-fedora-clang, r-devel-linux-x86_64-fedora-gcc, r-devel-osx-x86_64-clang, r-devel-windows-ix86+x86_64

Version: 1.4.4
Check: S3 generic/method consistency
Result: NOTE
    Found the following apparent S3 methods exported but not registered:
     print.clique.mean.test print.clique.var.test print.pathway.mean.test
     print.pathway.var.test
    See section ‘Registering S3 methods’ in the ‘Writing R Extensions’
    manual.
Flavors: r-devel-linux-x86_64-fedora-clang, r-devel-linux-x86_64-fedora-gcc, r-devel-osx-x86_64-clang

Version: 1.4.4
Check: R code for possible problems
Result: NOTE
    render.significant.cliques: no visible global function definition for
     ‘layoutGraph’
    render.significant.cliques: no visible global function definition for
     ‘renderGraph’
Flavors: r-devel-linux-x86_64-fedora-clang, r-devel-linux-x86_64-fedora-gcc, r-devel-osx-x86_64-clang, r-devel-windows-ix86+x86_64, r-patched-linux-x86_64, r-patched-solaris-sparc, r-patched-solaris-x86, r-release-linux-ix86, r-release-linux-x86_64, r-release-windows-ix86+x86_64

Version: 1.4.4
Check: package dependencies
Result: ERROR
    Package required but not available: ‘qpgraph’
    
    See the information on DESCRIPTION files in the chapter ‘Creating R
    packages’ of the ‘Writing R Extensions’ manual.
Flavor: r-release-osx-x86_64-mavericks