CRAN Package Check Results for Package topologyGSA

Last updated on 2017-05-25 07:49:00.

Flavor Version Tinstall Tcheck Ttotal Status Flags
r-devel-linux-x86_64-debian-clang 1.4.6 15.65 152.29 167.93 OK
r-devel-linux-x86_64-debian-gcc 1.4.6 14.59 150.58 165.17 OK
r-devel-linux-x86_64-fedora-clang 1.4.6 377.00 OK --no-stop-on-test-error
r-devel-linux-x86_64-fedora-gcc 1.4.6 352.35 OK --no-stop-on-test-error
r-devel-windows-ix86+x86_64 1.4.6 38.00 292.00 330.00 OK
r-patched-linux-x86_64 1.4.6 15.27 156.45 171.72 OK
r-patched-solaris-sparc 1.4.6 2116.10 OK
r-patched-solaris-x86 1.4.6 471.30 OK
r-release-linux-x86_64 1.4.6 15.03 155.45 170.47 OK
r-release-windows-ix86+x86_64 1.4.6 54.00 363.00 417.00 OK
r-release-osx-x86_64 1.4.6 ERROR
r-oldrel-windows-ix86+x86_64 1.4.6 45.00 305.00 350.00 OK
r-oldrel-osx-x86_64 1.4.6 OK

Check Details

Version: 1.4.6
Check: package dependencies
Result: ERROR
    Packages required but not available: ‘graph’ ‘gRbase’ ‘qpgraph’
    
    Package suggested but not available for checking: ‘Rgraphviz’
    
    See section ‘The DESCRIPTION file’ in the ‘Writing R Extensions’
    manual.
Flavor: r-release-osx-x86_64