CRAN Package Check Results for Package topologyGSA

Last updated on 2016-02-11 23:47:47.

Flavor Version Tinstall Tcheck Ttotal Status Flags
r-devel-linux-x86_64-debian-gcc 1.4.5 0.27 1.05 1.32 ERROR
r-devel-linux-x86_64-fedora-clang 1.4.5 331.20 OK
r-devel-linux-x86_64-fedora-gcc 1.4.5 318.89 OK
r-devel-osx-x86_64-clang 1.4.5 341.33 OK
r-devel-windows-ix86+x86_64 1.4.5 45.00 231.00 276.00 WARN
r-patched-linux-x86_64 1.4.5 16.89 170.66 187.56 OK
r-patched-solaris-sparc 1.4.5 2170.90 OK
r-patched-solaris-x86 1.4.5 466.30 OK
r-release-linux-x86_64 1.4.5 17.13 168.42 185.55 OK
r-release-osx-x86_64-mavericks 1.4.5 ERROR
r-release-windows-ix86+x86_64 1.4.5 49.00 239.00 288.00 OK
r-oldrel-windows-ix86+x86_64 1.4.5 85.00 336.00 421.00 OK

Check Details

Version: 1.4.5
Check: package dependencies
Result: ERROR
    Package required but not available: ‘qpgraph’
    
    See section ‘The DESCRIPTION file’ in the ‘Writing R Extensions’
    manual.
Flavors: r-devel-linux-x86_64-debian-gcc, r-release-osx-x86_64-mavericks

Version: 1.4.5
Check: whether package can be installed
Result: WARN
    Found the following significant warnings:
     Warning: multiple methods tables found for 'as.vector'
     Warning: multiple methods tables found for 'relistToClass'
Flavor: r-devel-windows-ix86+x86_64