CRAN Package Check Results for Package topologyGSA

Last updated on 2017-06-22 15:48:59.

Flavor Version Tinstall Tcheck Ttotal Status Flags
r-devel-linux-x86_64-debian-clang 1.4.6 16.82 523.01 539.83 OK
r-devel-linux-x86_64-debian-gcc 1.4.6 15.42 155.01 170.43 OK
r-devel-linux-x86_64-fedora-clang 1.4.6 385.24 OK
r-devel-linux-x86_64-fedora-gcc 1.4.6 365.81 OK
r-devel-windows-ix86+x86_64 1.4.6 51.00 261.00 312.00 OK
r-patched-linux-x86_64 1.4.6 15.31 156.75 172.05 OK
r-patched-solaris-sparc 1.4.6 2116.10 OK
r-patched-solaris-x86 1.4.6 492.90 OK
r-release-linux-x86_64 1.4.6 15.84 157.45 173.29 OK
r-release-windows-ix86+x86_64 1.4.6 51.00 354.00 405.00 OK
r-release-osx-x86_64 1.4.6 ERROR
r-oldrel-windows-ix86+x86_64 1.4.6 46.00 243.00 289.00 OK
r-oldrel-osx-x86_64 1.4.6 OK

Check Details

Version: 1.4.6
Check: package dependencies
Result: ERROR
    Packages required but not available: ‘graph’ ‘gRbase’ ‘qpgraph’
    
    Package suggested but not available for checking: ‘Rgraphviz’
    
    See section ‘The DESCRIPTION file’ in the ‘Writing R Extensions’
    manual.
Flavor: r-release-osx-x86_64