CRAN Package Check Results for Package topologyGSA

Last updated on 2022-05-17 08:52:32 CEST.

Flavor Version Tinstall Tcheck Ttotal Status Flags
r-devel-linux-x86_64-debian-clang 1.4.7 59.72 502.31 562.03 OK
r-devel-linux-x86_64-debian-gcc 1.4.7 52.33 378.86 431.19 OK
r-devel-linux-x86_64-fedora-clang 1.4.7 735.02 OK
r-devel-linux-x86_64-fedora-gcc 1.4.7 716.01 OK
r-devel-windows-x86_64 1.4.7 61.00 476.00 537.00 OK
r-patched-linux-x86_64 1.4.7 49.93 470.12 520.05 OK
r-release-linux-x86_64 1.4.7 43.56 465.83 509.39 OK
r-release-macos-arm64 1.4.7 6.00 ERROR
r-release-macos-x86_64 1.4.7 7.00 ERROR
r-release-windows-x86_64 1.4.7 59.00 457.00 516.00 OK
r-oldrel-macos-arm64 1.4.7 226.00 OK
r-oldrel-macos-x86_64 1.4.7 9.00 ERROR
r-oldrel-windows-ix86+x86_64 1.4.7 120.00 461.00 581.00 OK

Check Details

Version: 1.4.7
Check: package dependencies
Result: ERROR
    Package required but not available: ‘qpgraph’
    
    See section ‘The DESCRIPTION file’ in the ‘Writing R Extensions’
    manual.
Flavors: r-release-macos-arm64, r-release-macos-x86_64, r-oldrel-macos-x86_64