CRAN Package Check Results for Package topologyGSA

Last updated on 2017-10-17 01:48:21.

Flavor Version Tinstall Tcheck Ttotal Status Flags
r-devel-linux-x86_64-debian-clang 1.4.6 15.09 158.86 173.95 OK
r-devel-linux-x86_64-debian-gcc 1.4.6 13.36 164.34 177.70 OK
r-devel-linux-x86_64-fedora-clang 1.4.6 382.52 OK
r-devel-linux-x86_64-fedora-gcc 1.4.6 370.06 OK
r-devel-windows-ix86+x86_64 1.4.6 37.00 374.00 411.00 OK
r-patched-linux-x86_64 1.4.6 16.53 164.33 180.86 OK
r-patched-solaris-x86 1.4.6 525.80 OK
r-release-linux-x86_64 1.4.6 15.39 165.54 180.93 OK
r-release-windows-ix86+x86_64 1.4.6 52.00 237.00 289.00 OK
r-release-osx-x86_64 1.4.6 ERROR
r-oldrel-windows-ix86+x86_64 1.4.6 52.00 296.00 348.00 OK
r-oldrel-osx-x86_64 1.4.6 OK

Check Details

Version: 1.4.6
Check: package dependencies
Result: ERROR
    Packages required but not available: ‘graph’ ‘gRbase’ ‘qpgraph’
    
    Package suggested but not available for checking: ‘Rgraphviz’
    
    See section ‘The DESCRIPTION file’ in the ‘Writing R Extensions’
    manual.
Flavor: r-release-osx-x86_64