CRAN Package Check Results for Package topologyGSA

Last updated on 2017-08-18 11:48:22.

Flavor Version Tinstall Tcheck Ttotal Status Flags
r-devel-linux-x86_64-debian-clang 1.4.6 15.73 156.27 172.00 OK
r-devel-linux-x86_64-debian-gcc 1.4.6 15.91 153.66 169.57 OK
r-devel-linux-x86_64-fedora-clang 1.4.6 365.78 OK
r-devel-linux-x86_64-fedora-gcc 1.4.6 365.11 OK
r-devel-windows-ix86+x86_64 1.4.6 37.00 244.00 281.00 OK
r-patched-linux-x86_64 1.4.6 15.24 164.48 179.72 OK
r-patched-solaris-x86 1.4.6 500.00 OK
r-release-linux-x86_64 1.4.6 15.24 163.65 178.89 OK
r-release-windows-ix86+x86_64 1.4.6 51.00 243.00 294.00 OK
r-release-osx-x86_64 1.4.6 ERROR
r-oldrel-windows-ix86+x86_64 1.4.6 36.00 313.00 349.00 OK
r-oldrel-osx-x86_64 1.4.6 OK

Check Details

Version: 1.4.6
Check: package dependencies
Result: ERROR
    Packages required but not available: ‘graph’ ‘gRbase’ ‘qpgraph’
    
    Package suggested but not available for checking: ‘Rgraphviz’
    
    See section ‘The DESCRIPTION file’ in the ‘Writing R Extensions’
    manual.
Flavor: r-release-osx-x86_64