CRAN Package Check Results for Package topologyGSA

Last updated on 2014-12-21 19:48:52.

Flavor Version Tinstall Tcheck Ttotal Status Flags
r-devel-linux-x86_64-debian-clang 1.4.4 21.08 204.38 225.46 NOTE
r-devel-linux-x86_64-debian-gcc 1.4.4 18.90 194.92 213.82 NOTE
r-devel-linux-x86_64-fedora-clang 1.4.4 568.67 NOTE
r-devel-linux-x86_64-fedora-gcc 1.4.4 529.56 NOTE
r-devel-osx-x86_64-clang 1.4.4 439.24 NOTE
r-devel-windows-ix86+x86_64 1.4.4 53.00 272.00 325.00 NOTE
r-patched-linux-x86_64 1.4.4 20.96 211.39 232.34 NOTE
r-patched-solaris-sparc 1.4.4 3003.50 NOTE
r-patched-solaris-x86 1.4.4 697.40 NOTE
r-release-linux-ix86 1.4.4 23.37 235.86 259.22 NOTE
r-release-linux-x86_64 1.4.4 25.09 210.72 235.81 NOTE
r-release-osx-x86_64-mavericks 1.4.4 ERROR
r-release-osx-x86_64-snowleopard 1.4.4 OK
r-release-windows-ix86+x86_64 1.4.4 55.00 309.00 364.00 NOTE
r-oldrel-windows-ix86+x86_64 1.4.4 36.00 183.00 219.00 OK

Check Details

Version: 1.4.4
Check: R code for possible problems
Result: NOTE
    render.significant.cliques: no visible global function definition for
     ‘layoutGraph’
    render.significant.cliques: no visible global function definition for
     ‘renderGraph’
Flavors: r-devel-linux-x86_64-debian-clang, r-devel-linux-x86_64-debian-gcc, r-devel-linux-x86_64-fedora-clang, r-devel-linux-x86_64-fedora-gcc, r-devel-osx-x86_64-clang, r-devel-windows-ix86+x86_64, r-patched-linux-x86_64, r-patched-solaris-sparc, r-patched-solaris-x86, r-release-linux-ix86, r-release-linux-x86_64, r-release-windows-ix86+x86_64

Version: 1.4.4
Check: package dependencies
Result: ERROR
    Package required but not available: ‘qpgraph’
    
    See the information on DESCRIPTION files in the chapter ‘Creating R
    packages’ of the ‘Writing R Extensions’ manual.
Flavor: r-release-osx-x86_64-mavericks