CRAN Package Check Results for Package topologyGSA

Last updated on 2014-11-01 03:48:59.

Flavor Version Tinstall Tcheck Ttotal Status Flags
r-devel-linux-x86_64-debian-clang 1.4.4 17.67 201.97 219.64 NOTE
r-devel-linux-x86_64-debian-gcc 1.4.4 18.04 199.02 217.05 NOTE
r-devel-linux-x86_64-fedora-clang 1.4.4 580.56 NOTE
r-devel-linux-x86_64-fedora-gcc 1.4.4 548.45 NOTE
r-devel-osx-x86_64-clang 1.4.4 419.51 NOTE
r-devel-windows-ix86+x86_64 1.4.4 45.00 277.00 322.00 NOTE
r-patched-linux-x86_64 1.4.4 18.76 212.21 230.97 NOTE
r-patched-solaris-sparc 1.4.4 3003.50 NOTE
r-patched-solaris-x86 1.4.4 707.60 NOTE
r-release-linux-ix86 1.4.4 15.92 160.41 176.33 OK
r-release-linux-x86_64 1.4.4 13.44 138.55 151.98 OK
r-release-osx-x86_64-mavericks 1.4.4 ERROR
r-release-osx-x86_64-snowleopard 1.4.4 OK
r-release-windows-ix86+x86_64 1.4.4 30.00 200.00 230.00 OK
r-oldrel-windows-ix86+x86_64 1.4.4 30.00 175.00 205.00 OK

Check Details

Version: 1.4.4
Check: R code for possible problems
Result: NOTE
    render.significant.cliques: no visible global function definition for
     ‘layoutGraph’
    render.significant.cliques: no visible global function definition for
     ‘renderGraph’
Flavors: r-devel-linux-x86_64-debian-clang, r-devel-linux-x86_64-debian-gcc, r-devel-linux-x86_64-fedora-clang, r-devel-linux-x86_64-fedora-gcc, r-devel-osx-x86_64-clang, r-devel-windows-ix86+x86_64, r-patched-linux-x86_64, r-patched-solaris-sparc, r-patched-solaris-x86

Version: 1.4.4
Check: package dependencies
Result: ERROR
    Package required but not available: ‘qpgraph’
    
    See the information on DESCRIPTION files in the chapter ‘Creating R
    packages’ of the ‘Writing R Extensions’ manual.
Flavor: r-release-osx-x86_64-mavericks