CRAN Package Check Results for Package topologyGSA

Last updated on 2014-10-02 03:47:59.

Flavor Version Tinstall Tcheck Ttotal Status Flags
r-devel-linux-x86_64-debian-clang 1.4.4 19.87 216.02 235.89 NOTE
r-devel-linux-x86_64-debian-gcc 1.4.4 18.76 213.37 232.12 NOTE
r-devel-linux-x86_64-fedora-clang 1.4.4 634.34 NOTE
r-devel-linux-x86_64-fedora-gcc 1.4.4 610.94 NOTE
r-devel-osx-x86_64-clang 1.4.4 432.25 NOTE
r-devel-windows-ix86+x86_64 1.4.4 54.00 301.00 355.00 NOTE
r-patched-linux-x86_64 1.4.4 16.84 136.71 153.54 OK
r-patched-solaris-sparc 1.4.4 1708.80 OK
r-patched-solaris-x86 1.4.4 473.10 OK
r-release-linux-ix86 1.4.4 15.90 160.34 176.24 OK
r-release-linux-x86_64 1.4.4 15.38 139.04 154.42 OK
r-release-osx-x86_64-mavericks 1.4.4 ERROR
r-release-osx-x86_64-snowleopard 1.4.4 OK
r-release-windows-ix86+x86_64 1.4.4 34.00 198.00 232.00 OK
r-oldrel-windows-ix86+x86_64 1.4.4 37.00 188.00 225.00 OK

Check Details

Version: 1.4.4
Check: R code for possible problems
Result: NOTE
    Warning: replacing previous import by ‘GenomicRanges::.__C__GRanges’ when loading ‘qpgraph’
    Warning: replacing previous import by ‘IRanges::as.vector’ when loading ‘qpgraph’
    render.significant.cliques: no visible global function definition for
     ‘layoutGraph’
    render.significant.cliques: no visible global function definition for
     ‘renderGraph’
Flavors: r-devel-linux-x86_64-debian-clang, r-devel-linux-x86_64-debian-gcc, r-devel-linux-x86_64-fedora-clang, r-devel-linux-x86_64-fedora-gcc, r-devel-osx-x86_64-clang

Version: 1.4.4
Check: R code for possible problems
Result: NOTE
    render.significant.cliques: no visible global function definition for
     'layoutGraph'
    render.significant.cliques: no visible global function definition for
     'renderGraph'
Flavor: r-devel-windows-ix86+x86_64

Version: 1.4.4
Check: package dependencies
Result: ERROR
    Package required but not available: ‘qpgraph’
    
    See the information on DESCRIPTION files in the chapter ‘Creating R
    packages’ of the ‘Writing R Extensions’ manual.
Flavor: r-release-osx-x86_64-mavericks