CRAN Package Check Results for Package topologyGSA

Last updated on 2015-05-23 06:47:02.

Flavor Version Tinstall Tcheck Ttotal Status Flags
r-devel-linux-x86_64-debian-clang 1.4.4 20.05 157.80 177.85 NOTE
r-devel-linux-x86_64-debian-gcc 1.4.4 15.25 151.10 166.34 NOTE
r-devel-linux-x86_64-fedora-clang 1.4.4 356.69 NOTE
r-devel-linux-x86_64-fedora-gcc 1.4.4 336.20 NOTE
r-devel-osx-x86_64-clang 1.4.4 275.69 NOTE
r-devel-windows-ix86+x86_64 1.4.4 35.00 229.00 264.00 NOTE
r-patched-linux-x86_64 1.4.4 15.45 150.00 165.46 NOTE
r-patched-solaris-sparc 1.4.4 2041.00 NOTE
r-patched-solaris-x86 1.4.4 452.60 NOTE
r-release-linux-x86_64 1.4.4 14.54 152.45 166.99 NOTE
r-release-osx-x86_64-mavericks 1.4.4 ERROR
r-release-osx-x86_64-snowleopard 1.4.4 ERROR
r-release-windows-ix86+x86_64 1.4.4 39.00 218.00 257.00 NOTE
r-oldrel-windows-ix86+x86_64 1.4.4 60.00 304.00 364.00 NOTE

Check Details

Version: 1.4.4
Check: dependencies in R code
Result: NOTE
    'library' or 'require' call to ‘Rgraphviz’ in package code.
     Please use :: or requireNamespace() instead.
     See section 'Suggested packages' in the 'Writing R Extensions' manual.
Flavors: r-devel-linux-x86_64-debian-clang, r-devel-linux-x86_64-debian-gcc, r-devel-linux-x86_64-fedora-clang, r-devel-linux-x86_64-fedora-gcc, r-devel-osx-x86_64-clang, r-devel-windows-ix86+x86_64, r-patched-linux-x86_64, r-patched-solaris-sparc, r-patched-solaris-x86, r-release-linux-x86_64, r-release-windows-ix86+x86_64, r-oldrel-windows-ix86+x86_64

Version: 1.4.4
Check: S3 generic/method consistency
Result: NOTE
    Found the following apparent S3 methods exported but not registered:
     print.clique.mean.test print.clique.var.test print.pathway.mean.test
     print.pathway.var.test
    See section ‘Registering S3 methods’ in the ‘Writing R Extensions’
    manual.
Flavors: r-devel-linux-x86_64-debian-clang, r-devel-linux-x86_64-debian-gcc, r-devel-linux-x86_64-fedora-clang, r-devel-linux-x86_64-fedora-gcc, r-devel-osx-x86_64-clang, r-patched-linux-x86_64, r-patched-solaris-sparc, r-patched-solaris-x86, r-release-linux-x86_64

Version: 1.4.4
Check: R code for possible problems
Result: NOTE
    render.significant.cliques: no visible global function definition for
     ‘layoutGraph’
    render.significant.cliques: no visible global function definition for
     ‘renderGraph’
Flavors: r-devel-linux-x86_64-debian-clang, r-devel-linux-x86_64-debian-gcc, r-devel-linux-x86_64-fedora-clang, r-devel-linux-x86_64-fedora-gcc, r-devel-osx-x86_64-clang, r-devel-windows-ix86+x86_64, r-patched-linux-x86_64, r-patched-solaris-sparc, r-patched-solaris-x86, r-release-linux-x86_64, r-release-windows-ix86+x86_64, r-oldrel-windows-ix86+x86_64

Version: 1.4.4
Check: package dependencies
Result: ERROR
    Package required but not available: ‘qpgraph’
    
    See section ‘The DESCRIPTION file’ in the ‘Writing R Extensions’
    manual.
Flavor: r-release-osx-x86_64-mavericks

Version: 1.4.4
Check: package dependencies
Result: ERROR
    Packages required but not available: ‘graph’ ‘gRbase’ ‘qpgraph’
    
    Package suggested but not available for checking: ‘Rgraphviz’
    
    See section ‘The DESCRIPTION file’ in the ‘Writing R Extensions’
    manual.
Flavor: r-release-osx-x86_64-snowleopard