CRAN Package Check Results for Package torchdatasets

Last updated on 2021-12-01 10:53:37 CET.

Flavor Version Tinstall Tcheck Ttotal Status Flags
r-devel-linux-x86_64-debian-clang 0.1.0 3.33 29.39 32.72 OK
r-devel-linux-x86_64-debian-gcc 0.1.0 2.55 23.70 26.25 OK
r-devel-linux-x86_64-fedora-clang 0.1.0 54.77 NOTE
r-devel-linux-x86_64-fedora-gcc 0.1.0 41.70 NOTE
r-devel-windows-x86_64-new-UL 0.1.0 10.00 65.00 75.00 OK
r-devel-windows-x86_64-new-TK 0.1.0 NOTE
r-devel-windows-x86_64-old 0.1.0 7.00 36.00 43.00 OK
r-patched-linux-x86_64 0.1.0 3.26 28.39 31.65 OK
r-patched-solaris-x86 0.1.0 62.60 NOTE
r-release-linux-x86_64 0.1.0 2.95 28.72 31.67 OK
r-release-macos-arm64 0.1.0 NOTE
r-release-macos-x86_64 0.1.0 NOTE
r-release-windows-ix86+x86_64 0.1.0 8.00 36.00 44.00 OK
r-oldrel-macos-x86_64 0.1.0 NOTE
r-oldrel-windows-ix86+x86_64 0.1.0 7.00 37.00 44.00 OK

Check Details

Version: 0.1.0
Check: dependencies in R code
Result: NOTE
    Namespaces in Imports field not imported from:
     ‘stringr’ ‘torch’ ‘torchvision’ ‘zip’
     All declared Imports should be used.
Flavors: r-devel-linux-x86_64-fedora-clang, r-devel-linux-x86_64-fedora-gcc, r-devel-windows-x86_64-new-TK, r-patched-solaris-x86, r-release-macos-arm64, r-release-macos-x86_64, r-oldrel-macos-x86_64