CRAN Package Check Results for Package torchvision

Last updated on 2021-10-27 18:51:20 CEST.

Flavor Version Tinstall Tcheck Ttotal Status Flags
r-devel-linux-x86_64-debian-clang 0.4.0 5.82 47.84 53.66 OK
r-devel-linux-x86_64-debian-gcc 0.4.0 5.17 36.62 41.79 OK
r-devel-linux-x86_64-fedora-clang 0.4.0 74.50 NOTE
r-devel-linux-x86_64-fedora-gcc 0.4.0 64.27 NOTE
r-devel-windows-x86_64 0.4.0 10.00 58.00 68.00 OK
r-devel-windows-x86_64-gcc10-UCRT 0.4.0 NOTE
r-patched-linux-x86_64 0.4.0 9.45 45.79 55.24 OK
r-patched-solaris-x86 0.4.0 97.20 NOTE
r-release-linux-x86_64 0.4.0 6.07 45.46 51.53 OK
r-release-macos-arm64 0.4.0 NOTE
r-release-macos-x86_64 0.4.0 NOTE
r-release-windows-ix86+x86_64 0.4.0 9.00 75.00 84.00 OK
r-oldrel-macos-x86_64 0.4.0 NOTE
r-oldrel-windows-ix86+x86_64 0.4.0 10.00 64.00 74.00 OK

Check Details

Version: 0.4.0
Check: dependencies in R code
Result: NOTE
    Namespace in Imports field not imported from: ‘zip’
     All declared Imports should be used.
Flavors: r-devel-linux-x86_64-fedora-clang, r-devel-linux-x86_64-fedora-gcc, r-devel-windows-x86_64-gcc10-UCRT, r-patched-solaris-x86, r-release-macos-arm64, r-release-macos-x86_64, r-oldrel-macos-x86_64