CRAN Package Check Results for Package touch

Last updated on 2024-02-26 19:50:24 CET.

Flavor Version Tinstall Tcheck Ttotal Status Flags
r-devel-linux-x86_64-debian-clang 0.1-6 34.55 42.85 77.40 NOTE
r-devel-linux-x86_64-debian-gcc 0.1-6 29.78 34.59 64.37 NOTE
r-devel-linux-x86_64-fedora-clang 0.1-6 109.94 NOTE
r-devel-linux-x86_64-fedora-gcc 0.1-6 107.36 NOTE
r-devel-windows-x86_64 0.1-6 31.00 76.00 107.00 NOTE
r-patched-linux-x86_64 0.1-6 37.87 42.90 80.77 NOTE
r-release-linux-x86_64 0.1-6 35.59 42.68 78.27 NOTE
r-release-macos-arm64 0.1-6 36.00 NOTE
r-release-macos-x86_64 0.1-6 54.00 NOTE
r-release-windows-x86_64 0.1-6 26.00 85.00 111.00 NOTE
r-oldrel-macos-arm64 0.1-6 35.00 OK
r-oldrel-windows-x86_64 0.1-6 38.00 83.00 121.00 OK

Check Details

Version: 0.1-6
Check: C++ specification
Result: NOTE Specified C++11: please drop specification unless essential Flavors: r-devel-linux-x86_64-debian-clang, r-devel-linux-x86_64-debian-gcc, r-devel-linux-x86_64-fedora-clang, r-devel-linux-x86_64-fedora-gcc, r-devel-windows-x86_64, r-patched-linux-x86_64, r-release-linux-x86_64, r-release-macos-arm64, r-release-macos-x86_64, r-release-windows-x86_64