CRAN Package Check Results for Package tourr

Last updated on 2015-01-31 22:47:27.

Flavor Version Tinstall Tcheck Ttotal Status Flags
r-devel-linux-x86_64-debian-clang 0.5.4 1.10 29.51 30.61 NOTE
r-devel-linux-x86_64-debian-gcc 0.5.4 1.08 27.92 29.00 NOTE
r-devel-linux-x86_64-fedora-clang 0.5.4 55.18 NOTE
r-devel-linux-x86_64-fedora-gcc 0.5.4 53.53 NOTE
r-devel-osx-x86_64-clang 0.5.4 56.26 NOTE
r-devel-windows-ix86+x86_64 0.5.4 8.00 49.00 57.00 NOTE
r-patched-linux-x86_64 0.5.4 1.22 31.02 32.24 OK
r-patched-solaris-sparc 0.5.4 328.30 OK
r-patched-solaris-x86 0.5.4 70.70 OK
r-release-linux-ix86 0.5.4 1.60 39.83 41.43 OK
r-release-linux-x86_64 0.5.4 1.22 30.69 31.91 OK
r-release-osx-x86_64-mavericks 0.5.4 OK
r-release-osx-x86_64-snowleopard 0.5.4 OK
r-release-windows-ix86+x86_64 0.5.4 4.00 52.00 56.00 OK
r-oldrel-windows-ix86+x86_64 0.5.4 4.00 52.00 56.00 OK

Check Details

Version: 0.5.4
Check: dependencies in R code
Result: NOTE
    'library' or 'require' calls in package code:
     ‘TeachingDemos’ ‘ash’
     Please use :: or requireNamespace() instead.
     See section 'Suggested packages' in the 'Writing R Extensions' manual.
Flavors: r-devel-linux-x86_64-debian-clang, r-devel-linux-x86_64-debian-gcc, r-devel-linux-x86_64-fedora-clang, r-devel-linux-x86_64-fedora-gcc, r-devel-osx-x86_64-clang, r-devel-windows-ix86+x86_64