CRAN Package Check Results for Package tourr

Last updated on 2014-07-23 19:49:24.

Flavor Version Tinstall Tcheck Ttotal Status Flags
r-devel-linux-x86_64-debian-clang 0.5.3 1.20 30.72 31.92 NOTE
r-devel-linux-x86_64-debian-gcc 0.5.3 1.18 30.75 31.93 NOTE
r-devel-linux-x86_64-fedora-clang 0.5.3 59.42 NOTE
r-devel-linux-x86_64-fedora-gcc 0.5.3 55.73 NOTE
r-devel-osx-x86_64-clang 0.5.3 54.65 NOTE
r-devel-windows-ix86+x86_64 0.5.3 4.00 51.00 55.00 NOTE
r-patched-linux-x86_64 0.5.3 1.17 30.50 31.67 NOTE
r-patched-solaris-sparc 0.5.3 315.80 NOTE
r-patched-solaris-x86 0.5.3 69.20 NOTE
r-release-linux-ix86 0.5.3 1.56 39.54 41.10 NOTE
r-release-linux-x86_64 0.5.3 1.69 31.28 32.97 NOTE
r-release-osx-x86_64-mavericks 0.5.3 NOTE
r-release-osx-x86_64-snowleopard 0.5.3 NOTE
r-release-windows-ix86+x86_64 0.5.3 3.00 51.00 54.00 NOTE
r-oldrel-windows-ix86+x86_64 0.5.3 4.00 53.00 57.00 NOTE

Check Details

Version: 0.5.3
Check: R code for possible problems
Result: NOTE
    display_trails : render_data: no visible binding for '<<-' assignment
     to ‘past_x’
Flavors: r-devel-linux-x86_64-debian-clang, r-devel-linux-x86_64-debian-gcc, r-devel-linux-x86_64-fedora-clang, r-devel-linux-x86_64-fedora-gcc, r-devel-osx-x86_64-clang, r-devel-windows-ix86+x86_64, r-patched-linux-x86_64, r-patched-solaris-sparc, r-patched-solaris-x86, r-release-linux-ix86, r-release-linux-x86_64, r-release-osx-x86_64-mavericks, r-release-osx-x86_64-snowleopard, r-release-windows-ix86+x86_64, r-oldrel-windows-ix86+x86_64