CRAN Package Check Results for Package tourr

Last updated on 2015-02-27 16:48:05.

Flavor Version Tinstall Tcheck Ttotal Status Flags
r-devel-linux-x86_64-debian-clang 0.5.4 1.11 28.83 29.94 NOTE
r-devel-linux-x86_64-debian-gcc 0.5.4 1.09 28.74 29.82 NOTE
r-devel-linux-x86_64-fedora-clang 0.5.4 52.39 NOTE
r-devel-linux-x86_64-fedora-gcc 0.5.4 49.33 NOTE
r-devel-osx-x86_64-clang 0.5.4 54.12 NOTE
r-devel-windows-ix86+x86_64 0.5.4 5.00 49.00 54.00 NOTE
r-patched-linux-x86_64 0.5.4 1.34 31.38 32.72 NOTE
r-patched-solaris-sparc 0.5.4 366.20 NOTE
r-release-linux-ix86 0.5.4 1.74 50.26 52.00 OK
r-release-linux-x86_64 0.5.4 1.29 31.90 33.18 OK
r-release-osx-x86_64-mavericks 0.5.4 OK
r-release-osx-x86_64-snowleopard 0.5.4 OK
r-release-windows-ix86+x86_64 0.5.4 5.00 53.00 58.00 OK
r-oldrel-windows-ix86+x86_64 0.5.4 4.00 51.00 55.00 OK

Check Details

Version: 0.5.4
Check: dependencies in R code
Result: NOTE
    'library' or 'require' calls in package code:
     ‘TeachingDemos’ ‘ash’
     Please use :: or requireNamespace() instead.
     See section 'Suggested packages' in the 'Writing R Extensions' manual.
Flavors: r-devel-linux-x86_64-debian-clang, r-devel-linux-x86_64-debian-gcc, r-devel-linux-x86_64-fedora-clang, r-devel-linux-x86_64-fedora-gcc, r-devel-osx-x86_64-clang, r-devel-windows-ix86+x86_64, r-patched-linux-x86_64, r-patched-solaris-sparc