CRAN Package Check Results for Package tourr

Last updated on 2015-07-04 08:50:45.

Flavor Version Tinstall Tcheck Ttotal Status Flags
r-devel-linux-x86_64-debian-clang 0.5.4 1.06 26.49 27.55 NOTE
r-devel-linux-x86_64-debian-gcc 0.5.4 1.41 32.10 33.51 NOTE
r-devel-linux-x86_64-fedora-clang 0.5.4 50.16 NOTE
r-devel-linux-x86_64-fedora-gcc 0.5.4 45.07 NOTE
r-devel-osx-x86_64-clang 0.5.4 44.75 NOTE
r-devel-windows-ix86+x86_64 0.5.4 10.00 46.00 56.00 NOTE
r-patched-linux-x86_64 0.5.4 1.07 31.24 32.31 NOTE
r-patched-solaris-sparc 0.5.4 325.80 NOTE
r-patched-solaris-x86 0.5.4 64.80 NOTE
r-release-linux-x86_64 0.5.4 1.08 29.96 31.04 NOTE
r-release-osx-x86_64-mavericks 0.5.4 NOTE
r-release-windows-ix86+x86_64 0.5.4 9.00 64.00 73.00 NOTE
r-oldrel-windows-ix86+x86_64 0.5.4 6.00 46.00 52.00 NOTE

Check Details

Version: 0.5.4
Check: dependencies in R code
Result: NOTE
    'library' or 'require' calls in package code:
     ‘TeachingDemos’ ‘ash’
     Please use :: or requireNamespace() instead.
     See section 'Suggested packages' in the 'Writing R Extensions' manual.
Flavors: r-devel-linux-x86_64-debian-clang, r-devel-linux-x86_64-debian-gcc, r-devel-linux-x86_64-fedora-clang, r-devel-linux-x86_64-fedora-gcc, r-devel-osx-x86_64-clang, r-devel-windows-ix86+x86_64, r-patched-linux-x86_64, r-patched-solaris-sparc, r-patched-solaris-x86, r-release-linux-x86_64, r-release-osx-x86_64-mavericks, r-release-windows-ix86+x86_64, r-oldrel-windows-ix86+x86_64

Version: 0.5.4
Check: R code for possible problems
Result: NOTE
    animate: no visible global function definition for ‘dev.hold’
    animate: no visible global function definition for ‘dev.flush’
    animate : <anonymous>: no visible global function definition for
     ‘dev.flush’
    animate_stereo: no visible global function definition for ‘rgb’
    bases_little: no visible global function definition for ‘combn’
    basis_random: no visible global function definition for ‘rnorm’
    blank_plot: no visible global function definition for ‘par’
    blank_plot: no visible global function definition for ‘plot’
    display_andrews : render_data: no visible global function definition
     for ‘segments’
    display_andrews : render_data: no visible global function definition
     for ‘lines’
    display_depth: no visible global function definition for ‘hcl’
    display_depth : render_frame: no visible global function definition for
     ‘par’
    display_depth : render_transition: no visible global function
     definition for ‘rect’
    display_depth : render_data: no visible global function definition for
     ‘points’
    display_dist : render_frame: no visible global function definition for
     ‘par’
    display_dist : render_frame: no visible global function definition for
     ‘plot’
    display_dist : render_frame: no visible global function definition for
     ‘axis’
    display_dist : render_transition: no visible global function definition
     for ‘rect’
    display_dist : render_data: no visible global function definition for
     ‘abline’
    display_dist : render_data: no visible global function definition for
     ‘lines’
    display_dist : render_data: no visible global function definition for
     ‘hist’
    display_dist : render_data: no visible global function definition for
     ‘polygon’
    display_dist : render_data: no visible global function definition for
     ‘density’
    display_dist : render_data: no visible global function definition for
     ‘capture.output’
    display_dist : render_data: no visible global function definition for
     ‘box’
    display_dist : render_data: no visible global function definition for
     ‘segments’
    display_dist : render_data: no visible global function definition for
     ‘text’
    display_image : render_data: no visible global function definition for
     ‘image’
    display_pcp : render_transition: no visible global function definition
     for ‘rect’
    display_pcp : render_data: no visible global function definition for
     ‘segments’
    display_pcp : render_data: no visible global function definition for
     ‘lines’
    display_scatmat : render_data: no visible global function definition
     for ‘pairs’
    display_stars : render_data: no visible global function definition for
     ‘stars’
    display_stereo : render_frame: no visible global function definition
     for ‘par’
    display_trails : render_data: no visible global function definition for
     ‘segments’
    display_trails : render_data: no visible global function definition for
     ‘points’
    display_xy : render_frame: no visible global function definition for
     ‘par’
    display_xy : render_transition: no visible global function definition
     for ‘rect’
    display_xy : render_data: no visible global function definition for
     ‘points’
    display_xy : render_data: no visible global function definition for
     ‘lines’
    draw_tour_axes: no visible global function definition for ‘segments’
    draw_tour_axes: no visible global function definition for ‘lines’
    draw_tour_axes: no visible global function definition for ‘text’
    find_frozen_path_peak: no visible global function definition for
     ‘optimize’
    find_path_peak: no visible global function definition for ‘optimize’
    interpolate: no visible binding for global variable ‘data’
    lda_pp : <anonymous>: no visible global function definition for
     ‘manova’
    lda_pp : <anonymous>: no visible global function definition for ‘aov’
    local_tour : generator: no visible global function definition for
     ‘runif’
    path_dist: no visible global function definition for ‘as.dist’
    plot.path_curve: no visible binding for global variable ‘step’
    project3d: no visible global function definition for ‘par’
    render: no visible global function definition for ‘dev.off’
    rstudio_gd: no visible global function definition for ‘dev.cur’
    sphere: no visible global function definition for ‘predict’
    sphere: no visible global function definition for ‘prcomp’
    str.history_array: no visible global function definition for ‘str’
    Undefined global functions or variables:
     abline aov as.dist axis box capture.output combn data density dev.cur
     dev.flush dev.hold dev.off hcl hist image lines manova optimize pairs
     par plot points polygon prcomp predict rect rgb rnorm runif segments
     stars step str text
Flavors: r-devel-linux-x86_64-debian-clang, r-devel-linux-x86_64-debian-gcc, r-devel-linux-x86_64-fedora-clang, r-devel-linux-x86_64-fedora-gcc, r-devel-windows-ix86+x86_64