CRAN Package Check Results for Package tourr

Last updated on 2014-08-23 13:48:10.

Flavor Version Tinstall Tcheck Ttotal Status Flags
r-devel-linux-x86_64-debian-clang 0.5.3 1.18 28.96 30.13 NOTE
r-devel-linux-x86_64-debian-gcc 0.5.3 1.22 28.43 29.66 NOTE
r-devel-linux-x86_64-fedora-clang 0.5.3 54.82 NOTE
r-devel-linux-x86_64-fedora-gcc 0.5.3 52.73 NOTE
r-devel-osx-x86_64-clang 0.5.3 50.62 NOTE
r-devel-windows-ix86+x86_64 0.5.3 4.00 48.00 52.00 NOTE
r-patched-linux-x86_64 0.5.3 1.14 29.49 30.63 NOTE
r-patched-solaris-sparc 0.5.3 328.70 NOTE
r-patched-solaris-x86 0.5.3 69.80 NOTE
r-release-linux-ix86 0.5.3 1.57 42.26 43.83 NOTE
r-release-linux-x86_64 0.5.3 1.16 31.25 32.41 NOTE
r-release-osx-x86_64-mavericks 0.5.3 NOTE
r-release-osx-x86_64-snowleopard 0.5.3 NOTE
r-release-windows-ix86+x86_64 0.5.3 4.00 50.00 54.00 NOTE
r-oldrel-windows-ix86+x86_64 0.5.3 4.00 52.00 56.00 NOTE

Check Details

Version: 0.5.3
Check: R code for possible problems
Result: NOTE
    display_dist : render_data: no visible global function definition for
     ‘ash1’
    display_dist : render_data: no visible global function definition for
     ‘bin1’
    display_faces : render_data: no visible global function definition for
     ‘faces2’
    display_trails : render_data: no visible binding for '<<-' assignment
     to ‘past_x’
    plot.path_curve: no visible global function definition for ‘qplot’
    plot.path_curve: no visible global function definition for ‘facet_grid’
    plot.path_index: no visible global function definition for ‘qplot’
    plot.path_index: no visible global function definition for ‘labs’
Flavors: r-devel-linux-x86_64-debian-clang, r-devel-linux-x86_64-debian-gcc, r-devel-linux-x86_64-fedora-clang, r-devel-linux-x86_64-fedora-gcc, r-devel-osx-x86_64-clang

Version: 0.5.3
Check: R code for possible problems
Result: NOTE
    display_trails : render_data: no visible binding for '<<-' assignment
     to 'past_x'
Flavors: r-devel-windows-ix86+x86_64, r-patched-linux-x86_64, r-patched-solaris-sparc, r-patched-solaris-x86, r-release-linux-ix86, r-release-linux-x86_64, r-release-osx-x86_64-mavericks, r-release-osx-x86_64-snowleopard, r-release-windows-ix86+x86_64, r-oldrel-windows-ix86+x86_64