CRAN Package Check Results for Package tourr

Last updated on 2015-05-30 17:46:59.

Flavor Version Tinstall Tcheck Ttotal Status Flags
r-devel-linux-x86_64-debian-clang 0.5.4 1.10 30.44 31.54 NOTE
r-devel-linux-x86_64-debian-gcc 0.5.4 1.54 28.74 30.28 NOTE
r-devel-linux-x86_64-fedora-clang 0.5.4 50.79 NOTE
r-devel-linux-x86_64-fedora-gcc 0.5.4 48.43 NOTE
r-devel-osx-x86_64-clang 0.5.4 52.15 NOTE
r-devel-windows-ix86+x86_64 0.5.4 5.00 44.00 49.00 NOTE
r-patched-linux-x86_64 0.5.4 1.07 32.66 33.73 NOTE
r-patched-solaris-sparc 0.5.4 325.80 NOTE
r-patched-solaris-x86 0.5.4 67.30 NOTE
r-release-linux-x86_64 0.5.4 1.08 30.22 31.30 NOTE
r-release-osx-x86_64-mavericks 0.5.4 NOTE
r-release-osx-x86_64-snowleopard 0.5.4 ERROR
r-release-windows-ix86+x86_64 0.5.4 6.00 52.00 58.00 NOTE
r-oldrel-windows-ix86+x86_64 0.5.4 5.00 44.00 49.00 NOTE

Check Details

Version: 0.5.4
Check: dependencies in R code
Result: NOTE
    'library' or 'require' calls in package code:
     ‘TeachingDemos’ ‘ash’
     Please use :: or requireNamespace() instead.
     See section 'Suggested packages' in the 'Writing R Extensions' manual.
Flavors: r-devel-linux-x86_64-debian-clang, r-devel-linux-x86_64-debian-gcc, r-devel-linux-x86_64-fedora-clang, r-devel-linux-x86_64-fedora-gcc, r-devel-osx-x86_64-clang, r-devel-windows-ix86+x86_64, r-patched-linux-x86_64, r-patched-solaris-sparc, r-patched-solaris-x86, r-release-linux-x86_64, r-release-osx-x86_64-mavericks, r-release-osx-x86_64-snowleopard, r-release-windows-ix86+x86_64, r-oldrel-windows-ix86+x86_64

Version: 0.5.4
Check: package dependencies
Result: NOTE
    Package suggested but not available for checking: ‘ggplot2’
Flavor: r-release-osx-x86_64-snowleopard

Version: 0.5.4
Check: examples
Result: ERROR
    Running examples in ‘tourr-Ex.R’ failed
    The error most likely occurred in:
    
    > ### Name: path_index
    > ### Title: Compute index values for a tour history.
    > ### Aliases: path_index
    > ### Keywords: hplot
    >
    > ### ** Examples
    >
    > fl_holes <- save_history(flea[, 1:6], guided_tour(holes), sphere = TRUE)
    Value 0.894 0.9% better (0.265 away) - NEW BASIS
    Value 0.889 0.3% better (0.112 away) - NEW BASIS
    Value 0.903 1.6% better (0.297 away) - NEW BASIS
    Value 0.914 1.2% better (0.269 away) - NEW BASIS
    Value 0.921 0.8% better (0.319 away) - NEW BASIS
    Value 0.922 0.1% better (0.062 away)
    Value 0.930 0.9% better (0.207 away) - NEW BASIS
    Value 0.932 0.2% better (0.108 away) - NEW BASIS
    Value 0.933 0.1% better (0.064 away) - NEW BASIS
    Value 0.933 0.1% better (0.064 away)
    Value 0.933 0.0% better (0.043 away)
    Value 0.934 0.2% better (0.090 away) - NEW BASIS
    Value 0.935 0.1% better (0.054 away)
    Value 0.934 0.0% better (0.028 away)
    Value 0.934 0.0% better (0.035 away)
    Value 0.934 0.0% better (0.041 away)
    Value 0.935 0.0% better (0.038 away)
    Value 0.935 0.0% better (0.042 away)
    Value 0.935 0.0% better (0.046 away)
    Value 0.935 0.1% better (0.051 away)
    Value 0.934 0.0% better (0.037 away)
    Value 0.935 0.1% better (0.051 away)
    Value 0.935 0.0% better (0.048 away)
    Value 0.935 0.1% better (0.071 away)
    Value 0.934 0.0% better (0.034 away)
    Value 0.935 0.1% better (0.058 away)
    Value 0.935 0.0% better (0.044 away)
    Value 0.934 0.0% better (0.039 away)
    Value 0.934 0.0% better (0.016 away)
    Value 0.935 0.1% better (0.061 away)
    Value 0.934 0.0% better (0.044 away)
    Value 0.934 0.0% better (0.029 away)
    Value 0.935 0.0% better (0.052 away)
    Value 0.935 0.0% better (0.043 away)
    Value 0.935 0.1% better (0.067 away) - NEW BASIS
    Value 0.935 0.0% better (0.023 away)
    Value 0.935 0.0% better (0.017 away)
    Value 0.935 0.0% better (0.020 away)
    Value 0.935 0.0% better (0.019 away)
    Value 0.935 0.0% better (0.019 away)
    Value 0.935 0.0% better (0.014 away)
    Value 0.935 0.0% better (0.020 away)
    Value 0.935 0.0% better (0.019 away)
    Value 0.935 0.0% better (0.015 away)
    Value 0.935 0.0% better (0.013 away)
    Value 0.935 0.0% better (0.019 away)
    Value 0.935 0.0% better (0.021 away)
    Value 0.935 0.0% better (0.024 away)
    Value 0.935 0.0% better (0.022 away)
    Value 0.935 0.0% better (0.022 away)
    Value 0.935 0.0% better (0.025 away)
    Value 0.935 0.0% better (0.022 away)
    Value 0.935 0.0% better (0.018 away)
    Value 0.935 0.0% better (0.023 away)
    Value 0.935 0.0% better (0.019 away)
    Value 0.935 0.0% better (0.013 away)
    Value 0.935 0.0% better (0.016 away)
    Value 0.935 0.0% better (0.025 away)
    Value 0.935 0.0% better (0.017 away)
    No better bases found after 25 tries. Giving up.
    Final projection:
    0.951 -0.067
    -0.038 0.846
    0.229 0.443
    -0.084 -0.223
    -0.009 -0.127
    0.188 -0.136
    > path_index(fl_holes, holes)
    [1] 0.8888866 0.9034753 0.9144009 0.9212867 0.9295719 0.9315650 0.9326219
    [8] 0.9341583 0.9350965
    attr(,"class")
    [1] "path_index"
    > path_index(fl_holes, cmass)
    [1] 0.11111341 0.09652468 0.08559911 0.07871328 0.07042810 0.06843499 0.06737811
    [8] 0.06584170 0.06490351
    attr(,"class")
    [1] "path_index"
    >
    > plot(path_index(fl_holes, holes), type = "l")
    Error in loadNamespace(name) : there is no package called ‘ggplot2’
    Calls: plot ... tryCatch -> tryCatchList -> tryCatchOne -> <Anonymous>
    Execution halted
Flavor: r-release-osx-x86_64-snowleopard