CRAN Package Check Results for Package tourr

Last updated on 2014-04-24 11:48:57.

Flavor Version Tinstall Tcheck Ttotal Status Flags
r-devel-linux-x86_64-debian-clang 0.5.2 1.27 32.36 33.62 NOTE
r-devel-linux-x86_64-debian-gcc 0.5.3 1.29 31.52 32.81 NOTE
r-devel-linux-x86_64-fedora-clang 0.5.3 49.44 NOTE
r-devel-linux-x86_64-fedora-gcc 0.5.3 48.51 NOTE
r-devel-osx-x86_64-clang 0.5.3 45.23 NOTE
r-devel-osx-x86_64-gcc 0.5.2 ERROR
r-devel-windows-ix86+x86_64 0.5.2 4.00 47.00 51.00 NOTE
r-patched-linux-x86_64 0.5.3 1.19 32.31 33.50 NOTE
r-patched-solaris-sparc 0.5.3 315.80 NOTE
r-patched-solaris-x86 0.5.3 64.40 NOTE
r-release-linux-ix86 0.5.2 2.00 51.00 53.00 NOTE
r-release-linux-x86_64 0.5.2 1.26 33.27 34.52 NOTE
r-release-osx-x86_64-mavericks 0.5.2 WARN
r-release-windows-ix86+x86_64 0.5.3 3.00 41.00 44.00 NOTE
r-oldrel-windows-ix86+x86_64 0.5.3 3.00 49.00 52.00 NOTE

Check Details

Version: 0.5.2
Check: DESCRIPTION meta-information
Result: NOTE
    License components which are templates and need '+ file LICENSE':
     MIT
Flavors: r-devel-linux-x86_64-debian-clang, r-devel-osx-x86_64-gcc, r-release-linux-ix86, r-release-linux-x86_64, r-release-osx-x86_64-mavericks

Version: 0.5.2
Check: dependencies in R code
Result: NOTE
    Namespace in Imports field not imported from: ‘methods’
     All declared Imports should be used.
    See the information on DESCRIPTION files in the chapter ‘Creating R
    packages’ of the ‘Writing R Extensions’ manual.
Flavors: r-devel-linux-x86_64-debian-clang, r-devel-osx-x86_64-gcc, r-devel-windows-ix86+x86_64, r-release-linux-ix86, r-release-linux-x86_64, r-release-osx-x86_64-mavericks

Version: 0.5.2
Check: R code for possible problems
Result: NOTE
    display_pcp : render_data: no visible binding for global variable ‘y’
    display_trails : render_data: no visible binding for global variable
     ‘past_x’
    display_trails : render_data: no visible binding for '<<-' assignment
     to ‘past_x’
    plot.path_curve: no visible binding for global variable ‘value’
    plot.path_curve: no visible binding for global variable ‘obs’
    range_dist: no visible global function definition for ‘xy_limits’
Flavors: r-devel-linux-x86_64-debian-clang, r-devel-windows-ix86+x86_64, r-release-linux-ix86, r-release-linux-x86_64

Version: 0.5.3
Check: R code for possible problems
Result: NOTE
    display_trails : render_data: no visible binding for '<<-' assignment
     to ‘past_x’
Flavors: r-devel-linux-x86_64-debian-gcc, r-devel-linux-x86_64-fedora-clang, r-devel-linux-x86_64-fedora-gcc, r-devel-osx-x86_64-clang, r-patched-linux-x86_64, r-patched-solaris-sparc, r-patched-solaris-x86, r-release-windows-ix86+x86_64, r-oldrel-windows-ix86+x86_64

Version: 0.5.2
Check: package dependencies
Result: NOTE
    Packages suggested but not available for checking: ‘rggobi’ ‘ggplot2’
Flavor: r-devel-osx-x86_64-gcc

Version: 0.5.2
Check: R code for possible problems
Result: NOTE
    display_ggobi : init: no visible global function definition for ‘ggobi’
    display_ggobi : init: no visible global function definition for
     ‘displays’
    display_ggobi : init: no visible global function definition for
     ‘pmode<-’
    display_ggobi : render_data: no visible global function definition for
     ‘ggobi_display_set_tour_projection’
    display_pcp : render_data: no visible binding for global variable ‘y’
    display_trails : render_data: no visible binding for global variable
     ‘past_x’
    display_trails : render_data: no visible binding for '<<-' assignment
     to ‘past_x’
    plot.path_curve: no visible global function definition for ‘qplot’
    plot.path_curve: no visible binding for global variable ‘value’
    plot.path_curve: no visible binding for global variable ‘obs’
    plot.path_curve: no visible global function definition for ‘facet_grid’
    plot.path_index: no visible global function definition for ‘qplot’
    plot.path_index: no visible global function definition for ‘labs’
    range_dist: no visible global function definition for ‘xy_limits’
Flavor: r-devel-osx-x86_64-gcc

Version: 0.5.2
Check: examples
Result: ERROR
    Running examples in ‘tourr-Ex.R’ failed
    The error most likely occurred in:
    
    > ### Name: path_index
    > ### Title: Compute index values for a tour history.
    > ### Aliases: path_index
    > ### Keywords: hplot
    >
    > ### ** Examples
    >
    > fl_holes <- save_history(flea[, 1:6], guided_tour(holes), sphere = TRUE)
    Value 0.894 0.9% better (0.265 away) - NEW BASIS
    Value 0.889 0.3% better (0.112 away) - NEW BASIS
    Value 0.903 1.6% better (0.297 away) - NEW BASIS
    Value 0.914 1.2% better (0.269 away) - NEW BASIS
    Value 0.921 0.8% better (0.319 away) - NEW BASIS
    Value 0.922 0.1% better (0.062 away)
    Value 0.930 0.9% better (0.207 away) - NEW BASIS
    Value 0.932 0.2% better (0.108 away) - NEW BASIS
    Value 0.933 0.1% better (0.064 away) - NEW BASIS
    Value 0.933 0.1% better (0.064 away)
    Value 0.933 0.0% better (0.043 away)
    Value 0.934 0.2% better (0.090 away) - NEW BASIS
    Value 0.935 0.1% better (0.054 away)
    Value 0.934 0.0% better (0.028 away)
    Value 0.934 0.0% better (0.035 away)
    Value 0.934 0.0% better (0.041 away)
    Value 0.935 0.0% better (0.038 away)
    Value 0.935 0.0% better (0.042 away)
    Value 0.935 0.0% better (0.046 away)
    Value 0.935 0.1% better (0.051 away)
    Value 0.934 0.0% better (0.037 away)
    Value 0.935 0.1% better (0.051 away)
    Value 0.935 0.0% better (0.048 away)
    Value 0.935 0.1% better (0.071 away)
    Value 0.934 0.0% better (0.034 away)
    Value 0.935 0.1% better (0.058 away)
    Value 0.935 0.0% better (0.044 away)
    Value 0.934 0.0% better (0.039 away)
    Value 0.934 0.0% better (0.016 away)
    Value 0.935 0.1% better (0.061 away)
    Value 0.934 0.0% better (0.044 away)
    Value 0.934 0.0% better (0.029 away)
    Value 0.935 0.0% better (0.052 away)
    Value 0.935 0.0% better (0.043 away)
    Value 0.935 0.1% better (0.067 away) - NEW BASIS
    Value 0.935 0.0% better (0.023 away)
    Value 0.935 0.0% better (0.017 away)
    Value 0.935 0.0% better (0.020 away)
    Value 0.935 0.0% better (0.019 away)
    Value 0.935 0.0% better (0.019 away)
    Value 0.935 0.0% better (0.014 away)
    Value 0.935 0.0% better (0.020 away)
    Value 0.935 0.0% better (0.019 away)
    Value 0.935 0.0% better (0.015 away)
    Value 0.935 0.0% better (0.013 away)
    Value 0.935 0.0% better (0.019 away)
    Value 0.935 0.0% better (0.021 away)
    Value 0.935 0.0% better (0.024 away)
    Value 0.935 0.0% better (0.022 away)
    Value 0.935 0.0% better (0.022 away)
    Value 0.935 0.0% better (0.025 away)
    Value 0.935 0.0% better (0.022 away)
    Value 0.935 0.0% better (0.018 away)
    Value 0.935 0.0% better (0.023 away)
    Value 0.935 0.0% better (0.019 away)
    Value 0.935 0.0% better (0.013 away)
    Value 0.935 0.0% better (0.016 away)
    Value 0.935 0.0% better (0.025 away)
    Value 0.935 0.0% better (0.017 away)
    No better bases found after 25 tries. Giving up.
    Final projection:
    0.951 -0.067
    -0.038 0.846
    0.229 0.443
    -0.084 -0.223
    -0.009 -0.127
    0.188 -0.136
    > path_index(fl_holes, holes)
    [1] 0.8888866 0.9034753 0.9144009 0.9212867 0.9295719 0.9315650 0.9326219
    [8] 0.9341583 0.9350965
    attr(,"class")
    [1] "path_index"
    > path_index(fl_holes, cmass)
    [1] 0.11111341 0.09652468 0.08559911 0.07871328 0.07042810 0.06843499 0.06737811
    [8] 0.06584170 0.06490351
    attr(,"class")
    [1] "path_index"
    >
    > plot(path_index(fl_holes, holes), type = "l")
    Loading required package: ggplot2
    Warning in library(package, lib.loc = lib.loc, character.only = TRUE, logical.return = TRUE, :
     there is no package called ‘ggplot2’
    Error in plot.path_index(path_index(fl_holes, holes), type = "l") :
     could not find function "qplot"
    Calls: plot -> plot.path_index
    Execution halted
Flavor: r-devel-osx-x86_64-gcc

Version: 0.5.2
Check: package dependencies
Result: NOTE
    Package suggested but not available for checking: ‘rggobi’
Flavor: r-release-osx-x86_64-mavericks

Version: 0.5.2
Check: R code for possible problems
Result: NOTE
    display_ggobi : init: no visible global function definition for ‘ggobi’
    display_ggobi : init: no visible global function definition for
     ‘displays’
    display_ggobi : init: no visible global function definition for
     ‘pmode<-’
    display_ggobi : render_data: no visible global function definition for
     ‘ggobi_display_set_tour_projection’
    display_pcp : render_data: no visible binding for global variable ‘y’
    display_trails : render_data: no visible binding for global variable
     ‘past_x’
    display_trails : render_data: no visible binding for '<<-' assignment
     to ‘past_x’
    plot.path_curve: no visible binding for global variable ‘value’
    plot.path_curve: no visible binding for global variable ‘obs’
    range_dist: no visible global function definition for ‘xy_limits’
Flavor: r-release-osx-x86_64-mavericks

Version: 0.5.2
Check: PDF version of manual
Result: WARNING
    LaTeX errors when creating PDF version.
    This typically indicates Rd problems.
    LaTeX errors found:
    ! LaTeX Error: File `upquote.sty' not found.
    
    Type X to quit or <RETURN> to proceed,
    or enter new name. (Default extension: sty)
    
    da9e403/Rd2.tex:8: ==> Fatal error occurred, no output PDF file produced!
Flavor: r-release-osx-x86_64-mavericks