CRAN Package Check Results for Package tourr

Last updated on 2015-03-27 17:50:36.

Flavor Version Tinstall Tcheck Ttotal Status Flags
r-devel-linux-x86_64-debian-clang 0.5.4 1.09 29.30 30.39 NOTE
r-devel-linux-x86_64-debian-gcc 0.5.4 1.08 28.51 29.58 NOTE
r-devel-linux-x86_64-fedora-clang 0.5.4 52.18 NOTE
r-devel-linux-x86_64-fedora-gcc 0.5.4 53.70 NOTE
r-devel-osx-x86_64-clang 0.5.4 56.70 NOTE
r-prerel-windows-ix86+x86_64 0.5.4 6.00 48.00 54.00 NOTE
r-prerel-linux-x86_64 0.5.4 1.06 28.92 29.98 NOTE
r-prerel-solaris-sparc 0.5.4 333.80 NOTE
r-prerel-solaris-x86 0.5.4 64.50 NOTE
r-release-linux-x86_64 0.5.4 1.30 31.00 32.30 NOTE
r-release-osx-x86_64-mavericks 0.5.4 OK
r-release-osx-x86_64-snowleopard 0.5.4 OK
r-release-windows-ix86+x86_64 0.5.4 5.00 53.00 58.00 NOTE
r-oldrel-windows-ix86+x86_64 0.5.4 4.00 48.00 52.00 OK

Check Details

Version: 0.5.4
Check: dependencies in R code
Result: NOTE
    'library' or 'require' calls in package code:
     ‘TeachingDemos’ ‘ash’
     Please use :: or requireNamespace() instead.
     See section 'Suggested packages' in the 'Writing R Extensions' manual.
Flavors: r-devel-linux-x86_64-debian-clang, r-devel-linux-x86_64-debian-gcc, r-devel-linux-x86_64-fedora-clang, r-devel-linux-x86_64-fedora-gcc, r-devel-osx-x86_64-clang, r-prerel-windows-ix86+x86_64, r-prerel-linux-x86_64, r-prerel-solaris-sparc, r-prerel-solaris-x86, r-release-linux-x86_64, r-release-windows-ix86+x86_64